NOAA-Style Climate Reports

Select a Year or Month report
2021: Jan | Feb | Mar | Apr | May | Jun | Jul | Aug | Sep | Oct | Nov | Dec |
2020: Jan | Feb | Mar | Apr | May | Jun | Jul | Aug | Sep | Oct | Nov | Dec |
2019: Jan | Feb | Mar | Apr | May | Jun | Jul | Aug | Sep | Oct | Nov | Dec |
2018: Jan | Feb | Mar | Apr | May | Jun | Jul | Aug | Sep | Oct | Nov | Dec |
2017: Jan | Feb | Mar | Apr | May | Jun | Jul | Aug | Sep | Oct | Nov | Dec |
2016: Jan | Feb | Mar | Apr | May | Jun | Jul | Aug | Sep | Oct | Nov | Dec |
2015: Jan | Feb | Mar | Apr | May | Jun | Jul | Aug | Sep | Oct | Nov | Dec |
2014: Jan | Feb | Mar | Apr | May | Jun | Jul | Aug | Sep | Oct | Nov | Dec |
2013: Jan | Feb | Mar | Apr | May | Jun | Jul | Aug | Sep | Oct | Nov | Dec |
2012: Jan | Feb | Mar | Apr | May | Jun | Jul | Aug | Sep | Oct | Nov | Dec |
2011: Jan | Feb | Mar | Apr | May | Jun | Jul | Aug | Sep | Oct | Nov | Dec |
2010: Jan | Feb | Mar | Apr | May | Jun | Jul | Aug | Sep | Oct | Nov | Dec |
2009: Jan | Feb | Mar | Apr | May | Jun | Jul | Aug | Sep | Oct | Nov | Dec |
2008: Jan | Feb | Mar | Apr | May | Jun | Jul | Aug | Sep | Oct | Nov | Dec |
2007: Jan | Feb | Mar | Apr | May | Jun | Jul | Aug | Sep | Oct | Nov | Dec |
2006: Jan | Feb | Mar | Apr | May | Jun | Jul | Aug | Sep | Oct | Nov | Dec |
2005: Jan | Feb | Mar | Apr | May | Jun | Jul | Aug | Sep | Oct | Nov | Dec |
2004: Jan | Feb | Mar | Apr | May | Jun | Jul | Aug | Sep | Oct | Nov | Dec |
2003: Jan | Feb | Mar | Apr | May | Jun | Jul | Aug | Sep | Oct | Nov | Dec |

Report for 2017 October
                   MONTHLY CLIMATOLOGICAL SUMMARY for OCT. 2017

NAME: Patrick Nijs   CITY: Heist-op-den-Berg   STATE: Belgium 
ELEV:    15 m  LAT:  51° 04' 15" N  LONG:   4° 42' 13" E

                   TEMPERATURE (°C), RAIN  (mm), WIND SPEED (km/hr)

                                      HEAT  COOL        AVG
    MEAN                              DEG   DEG         WIND                 DOM
DAY TEMP  HIGH   TIME   LOW    TIME   DAYS  DAYS  RAIN  SPEED HIGH   TIME    DIR
------------------------------------------------------------------------------------
 1  14.0  17.2   16:30  10.4    7:45   4.3   0.0   0.2   1.6  24.1   22:30   SSE
 2  16.4  19.6   14:45  13.1   00:00   2.0   0.1   1.8   4.5  33.8   13:00     W
 3  13.0  16.5   16:00  10.7   23:15   5.3   0.0   1.4   2.1  27.4   12:30   WNW
 4  12.7  15.2   15:00  10.1    8:00   5.6   0.0   0.0   2.3  35.4   16:15     W
 5  13.2  15.4   15:30   9.4   00:00   5.1   0.0   2.6   5.3  38.6   12:00     W
 6  11.2  14.8   16:30   9.3    7:45   7.1   0.0   4.2   1.1  22.5   15:45   WNW
 7  11.1  12.9   15:45   9.3    4:15   7.3   0.0   6.2   2.1  25.7   17:45   WSW
 8  12.6  14.9   13:15  11.1   00:00   5.7   0.0   3.2   0.8  19.3   12:00   WSW
 9  13.0  15.9   16:30  10.4    7:45   5.3   0.0   0.0   0.6  16.1   11:30     W
10  14.6  17.3   16:45  13.1    2:30   3.7   0.0   1.0   1.8  22.5   11:45     W
11  14.7  16.5   14:15  12.2    6:45   3.6   0.0   0.0   1.8  25.7   12:00    SW
12  14.7  17.9   17:00  10.8   23:30   3.6   0.0   0.0   2.6  29.0    5:15     W
13  15.4  20.4   15:45  10.2    1:30   3.2   0.3   0.0   0.8  20.9   11:30    SW
14  16.2  22.2   15:45  11.4    8:45   2.9   0.8   0.0   0.3  16.1   13:15     W
15  16.4  24.7   16:45   9.8    6:30   3.3   1.4   0.2   0.3  14.5   13:30   SSE
16  19.7  25.9   15:30  15.7    8:00   0.9   2.2   0.2   0.5  16.1   14:15   SSE
17  15.5  17.9   16:30  13.1    9:30   2.8   0.0   0.0   0.2  11.3   12:30     W
18  15.4  22.5   16:45  11.4   10:15   3.5   0.6   0.0   0.0  11.3    7:45   ESE
19  16.4  21.7   17:15  11.1    8:15   2.8   0.9   0.0   0.5  20.9   14:00   SSE
20  14.5  18.4    0:15  11.2   00:00   3.8   0.0   3.0   2.3  35.4   11:00    SW
21  13.9  17.9   14:30  11.2    0:15   4.3   0.0   1.2   1.3  27.4   14:45   SSE
22  10.9  13.1   14:15   9.7    4:15   7.4   0.0   6.0   4.0  30.6   12:30     W
23  11.9  14.7   14:15   9.7    2:15   6.3   0.0   0.4   1.3  20.9   12:00     W
24  15.1  17.2   20:00  12.6    0:15   3.2   0.0   0.6   1.6  19.3   15:15    SW
25  15.6  16.8    0:15  12.8   22:15   2.7   0.0   0.0   1.4  25.7    6:45    SW
26  14.1  17.3   14:30  12.0    1:30   4.2   0.0   1.2   0.2  14.5   13:30     W
27  12.3  15.8   15:45   9.4   00:00   6.0   0.0   0.8   0.3  17.7   11:15   WNW
28  10.6  14.1   00:00   7.9    8:15   7.7   0.0   0.0   3.9  29.0   19:30     W
29  11.2  14.3    2:15   5.5   00:00   7.1   0.0   3.4   3.7  41.8    6:00   WNW
30   7.9  12.3   15:00   5.1    2:30  10.4   0.0   0.2   0.0  12.9   13:15   WNW
31   9.1  11.2   16:00   6.7    0:15   9.2   0.0   0.0   0.3  16.1   23:00    SW
-------------------------------------------------------------------------------------
    13.7  25.9    16     5.1    30   150.3   6.3  37.8   1.6  41.8    29       W

Max >=  32.0:  0
Max <=   0.0:  0
Min <=   0.0:  0
Min <= -18.0:  0
Max Rain: 6.20 ON 07/10/17
Days of Rain: 19 (> .2 mm) 7 (> 2 mm) 0 (> 20 mm)
Heat Base:  18.3  Cool Base:  18.3  Method: Integration
Benelux Weer Netwerk cwop awekas hwa wcloud pwsweather wow wow