-->

NOAA-Style Climate Reports

Select a Year or Month report
2021: Jan | Feb | Mar | Apr | May | Jun | Jul | Aug | Sep | Oct | Nov | Dec |
2020: Jan | Feb | Mar | Apr | May | Jun | Jul | Aug | Sep | Oct | Nov | Dec |
2019: Jan | Feb | Mar | Apr | May | Jun | Jul | Aug | Sep | Oct | Nov | Dec |
2018: Jan | Feb | Mar | Apr | May | Jun | Jul | Aug | Sep | Oct | Nov | Dec |
2017: Jan | Feb | Mar | Apr | May | Jun | Jul | Aug | Sep | Oct | Nov | Dec |
2016: Jan | Feb | Mar | Apr | May | Jun | Jul | Aug | Sep | Oct | Nov | Dec |
2015: Jan | Feb | Mar | Apr | May | Jun | Jul | Aug | Sep | Oct | Nov | Dec |
2014: Jan | Feb | Mar | Apr | May | Jun | Jul | Aug | Sep | Oct | Nov | Dec |
2013: Jan | Feb | Mar | Apr | May | Jun | Jul | Aug | Sep | Oct | Nov | Dec |
2012: Jan | Feb | Mar | Apr | May | Jun | Jul | Aug | Sep | Oct | Nov | Dec |
2011: Jan | Feb | Mar | Apr | May | Jun | Jul | Aug | Sep | Oct | Nov | Dec |
2010: Jan | Feb | Mar | Apr | May | Jun | Jul | Aug | Sep | Oct | Nov | Dec |
2009: Jan | Feb | Mar | Apr | May | Jun | Jul | Aug | Sep | Oct | Nov | Dec |
2008: Jan | Feb | Mar | Apr | May | Jun | Jul | Aug | Sep | Oct | Nov | Dec |
2007: Jan | Feb | Mar | Apr | May | Jun | Jul | Aug | Sep | Oct | Nov | Dec |
2006: Jan | Feb | Mar | Apr | May | Jun | Jul | Aug | Sep | Oct | Nov | Dec |
2005: Jan | Feb | Mar | Apr | May | Jun | Jul | Aug | Sep | Oct | Nov | Dec |
2004: Jan | Feb | Mar | Apr | May | Jun | Jul | Aug | Sep | Oct | Nov | Dec |
2003: Jan | Feb | Mar | Apr | May | Jun | Jul | Aug | Sep | Oct | Nov | Dec |

Report for 2017 November
                   MONTHLY CLIMATOLOGICAL SUMMARY for NOV. 2017

NAME: Patrick Nijs   CITY: Heist-op-den-Berg   STATE: Belgium 
ELEV:    15 m  LAT:  51° 04' 15" N  LONG:   4° 42' 13" E

                   TEMPERATURE (°C), RAIN  (mm), WIND SPEED (km/hr)

                                      HEAT  COOL        AVG
    MEAN                              DEG   DEG         WIND                 DOM
DAY TEMP  HIGH   TIME   LOW    TIME   DAYS  DAYS  RAIN  SPEED HIGH   TIME    DIR
------------------------------------------------------------------------------------
 1  10.7  14.6   15:15   8.3    8:30   7.6   0.0   0.0   0.6  16.1   12:00    SW
 2   9.8  13.4   15:15   5.8    3:30   8.5   0.0   0.0   0.5  14.5   10:15     S
 3   9.6  13.8   14:15   6.3   00:00   8.8   0.0   0.0   0.0   9.7   10:45   SSW
 4  10.4  14.9   12:30   5.9    1:00   7.9   0.0   1.4   1.3  33.8   13:30   SSE
 5   7.7  11.3    0:15   4.8   23:30  10.6   0.0   3.8   1.0  22.5   12:00     W
 6   6.2  11.3   15:00   1.3   00:00  12.1   0.0   0.2   0.2  11.3   11:00   WSW
 7   3.4   9.8   14:45  -1.2    8:15  14.9   0.0   0.2   0.0   6.4   13:45     E
 8   5.0   6.7   23:00   2.3    0:15  13.3   0.0   0.8   0.0   4.8   12:15     E
 9   8.0  10.4   15:00   6.4    6:00  10.3   0.0   0.4   0.6  17.7   16:00    SW
10   8.9  11.2   14:00   6.2   23:15   9.4   0.0   1.6   2.3  38.6   10:00     W
11   6.7   8.3   14:45   4.8   22:15  11.6   0.0   1.8   0.0  19.3    3:30   WSW
12   5.2   7.4   13:15   4.4   21:15  13.1   0.0   6.6   1.3  27.4   15:45   WNW
13   6.1  10.8   13:45   2.3   23:45  12.2   0.0   0.8   0.3  22.5   17:00   WNW
14   6.4   9.5   14:30   1.7    2:30  11.9   0.0   0.2   0.6  19.3   12:00    SW
15   8.7  10.1   14:30   7.6    4:15   9.7   0.0   1.6   0.0  11.3    5:00   SSW
16   9.1  10.2   16:00   7.8    7:30   9.2   0.0   0.2   0.2  14.5   17:45    SW
17   6.6  10.3   13:45   1.7   00:00  11.7   0.0   0.2   0.0  12.9    0:15     W
18   5.7   8.8   15:30   1.4    1:30  12.6   0.0   0.2   2.3  25.7   14:15     W
19   5.8   8.9   14:45   3.2   23:45  12.5   0.0   1.4   2.1  25.7   14:45     W
20   6.4  10.7   00:00   3.2    0:15  11.9   0.0   5.2   2.6  25.7   19:00    SW
21  10.7  11.3    6:30  10.3   18:30   7.6   0.0   3.8   1.6  24.1   13:00    SW
22  11.7  14.0   15:00  10.6    0:15   6.6   0.0   0.0   2.6  22.5    5:15   SSE
23  12.4  15.9   13:45   8.5   21:45   5.9   0.0   1.8   4.7  40.2    9:15   SSE
24   7.8   9.4   14:15   4.4   23:45  10.5   0.0  16.4   0.0  12.9   12:30   WSW
25   4.3   6.9   14:15   2.7    8:45  14.0   0.0   1.0   0.2  24.1   21:00     W
26   4.2   7.1   14:45   2.3    7:00  14.1   0.0   0.6   2.3  24.1   13:30    SW
27   6.3   8.3   19:00   3.4    3:45  12.0   0.0   7.8   3.7  32.2   12:45    SW
28   4.9   7.9   12:45   1.6   00:00  13.4   0.0   0.8   0.5  20.9   15:15   WSW
29   2.7   5.1   15:00   0.6    3:15  15.6   0.0   0.6   0.0   6.4    7:30   SSW
30   2.2   3.6   12:45   0.9   20:45  16.2   0.0   0.4   1.1  20.9   14:45   WNW
-------------------------------------------------------------------------------------
     7.1  15.9    23    -1.2     7   335.4   0.0  59.8   1.1  40.2    23       W

Max >=  32.0:  0
Max <=   0.0:  0
Min <=   0.0:  1
Min <= -18.0:  0
Max Rain: 16.41 ON 24/11/17
Days of Rain: 26 (> .2 mm) 6 (> 2 mm) 0 (> 20 mm)
Heat Base:  18.3  Cool Base:  18.3  Method: Integration
Benelux Weer Netwerk cwop awekas hwa wcloud pwsweather wow wow