NOAA-Style Climate Reports

Select a Year or Month report
2021: Jan | Feb | Mar | Apr | May | Jun | Jul | Aug | Sep | Oct | Nov | Dec |
2020: Jan | Feb | Mar | Apr | May | Jun | Jul | Aug | Sep | Oct | Nov | Dec |
2019: Jan | Feb | Mar | Apr | May | Jun | Jul | Aug | Sep | Oct | Nov | Dec |
2018: Jan | Feb | Mar | Apr | May | Jun | Jul | Aug | Sep | Oct | Nov | Dec |
2017: Jan | Feb | Mar | Apr | May | Jun | Jul | Aug | Sep | Oct | Nov | Dec |
2016: Jan | Feb | Mar | Apr | May | Jun | Jul | Aug | Sep | Oct | Nov | Dec |
2015: Jan | Feb | Mar | Apr | May | Jun | Jul | Aug | Sep | Oct | Nov | Dec |
2014: Jan | Feb | Mar | Apr | May | Jun | Jul | Aug | Sep | Oct | Nov | Dec |
2013: Jan | Feb | Mar | Apr | May | Jun | Jul | Aug | Sep | Oct | Nov | Dec |
2012: Jan | Feb | Mar | Apr | May | Jun | Jul | Aug | Sep | Oct | Nov | Dec |
2011: Jan | Feb | Mar | Apr | May | Jun | Jul | Aug | Sep | Oct | Nov | Dec |
2010: Jan | Feb | Mar | Apr | May | Jun | Jul | Aug | Sep | Oct | Nov | Dec |
2009: Jan | Feb | Mar | Apr | May | Jun | Jul | Aug | Sep | Oct | Nov | Dec |
2008: Jan | Feb | Mar | Apr | May | Jun | Jul | Aug | Sep | Oct | Nov | Dec |
2007: Jan | Feb | Mar | Apr | May | Jun | Jul | Aug | Sep | Oct | Nov | Dec |
2006: Jan | Feb | Mar | Apr | May | Jun | Jul | Aug | Sep | Oct | Nov | Dec |
2005: Jan | Feb | Mar | Apr | May | Jun | Jul | Aug | Sep | Oct | Nov | Dec |
2004: Jan | Feb | Mar | Apr | May | Jun | Jul | Aug | Sep | Oct | Nov | Dec |
2003: Jan | Feb | Mar | Apr | May | Jun | Jul | Aug | Sep | Oct | Nov | Dec |

Report for 2017 December
                   MONTHLY CLIMATOLOGICAL SUMMARY for DEC. 2017

NAME: Patrick Nijs   CITY: Heist-op-den-Berg   STATE: Belgium 
ELEV:    15 m  LAT:  51° 04' 15" N  LONG:   4° 42' 13" E

                   TEMPERATURE (°C), RAIN  (mm), WIND SPEED (km/hr)

                                      HEAT  COOL        AVG
    MEAN                              DEG   DEG         WIND                 DOM
DAY TEMP  HIGH   TIME   LOW    TIME   DAYS  DAYS  RAIN  SPEED HIGH   TIME    DIR
------------------------------------------------------------------------------------
 1   1.1   2.9   15:00  -1.2   20:30  17.2   0.0   0.2   0.0   8.0   12:45   ENE
 2  -0.6  -0.1    0:15  -1.4   21:45  18.9   0.0   0.2   0.0  11.3   12:30   SSE
 3   1.3   3.4   00:00  -1.1    0:15  17.0   0.0   4.2   0.8  14.5    9:00   SSE
 4   5.6   8.3   14:15   3.0   00:00  12.7   0.0   0.2   1.0  19.3   11:30   WSW
 5   5.8   7.1   14:30   2.9    0:15  12.5   0.0   0.0   0.8  12.9    6:15    SW
 6   7.3   8.1   13:45   6.6    0:15  11.0   0.0   0.2   2.3  22.5   21:15   SSW
 7   5.7   7.3   20:00   3.4    7:15  12.6   0.0   5.6   5.1  33.8    9:00   SSW
 8   3.2   5.8    0:15   1.2   00:00  15.1   0.0   0.8   4.3  30.6   14:30     W
 9   1.5   3.4   13:45   0.2    4:45  16.8   0.0   0.4   4.3  27.4   20:30     W
10   3.1   7.9   18:00   0.3   11:45  15.2   0.0   8.8   5.5  46.7   17:15     W
11   0.8   2.9    0:15  -0.2    3:30  17.5   0.0   3.2   2.7  25.7   14:45     E
12   1.1   2.1   14:00  -0.1   22:45  17.2   0.0   3.4   1.3  20.9    5:30     W
13   4.6   7.9   20:45   0.7    0:15  13.7   0.0  10.6   3.2  41.8   20:45   SSE
14   3.9   5.2   12:30   1.6   22:00  14.4   0.0   5.8   5.0  43.5    3:45     W
15   3.3   4.9   15:15   1.4    1:45  15.0   0.0   2.4   0.0  14.5    0:15    SE
16   3.1   4.9   13:45   1.3   00:00  15.3   0.0   1.4   1.3  17.7   14:15   WNW
17   2.6   5.2   14:15   0.4    9:00  15.8   0.0   1.0   1.1  29.0   22:00     W
18   6.4   8.3   13:45   3.4    0:15  11.9   0.0   0.8   1.3  22.5    0:45    NW
19   4.7   5.9   21:15   2.6    6:30  13.6   0.0   0.4   1.0  16.1   12:30    SW
20   7.3   8.2   15:30   5.9    0:15  11.0   0.0   0.4   1.4  14.5   12:15   WSW
21   8.9   9.9   23:45   7.7    2:30   9.4   0.0   0.0   0.8  12.9   10:30   WSW
22   9.6  10.1    1:45   9.1   00:00   8.8   0.0   0.2   1.9  16.1    5:45     W
23   9.2  10.1   16:15   8.4    9:30   9.1   0.0   0.2   2.4  32.2   13:45     W
24   9.4  10.1   14:45   8.6   23:30   8.9   0.0   0.4   3.4  24.1   19:30   WSW
25   7.2   8.9    7:00   4.9   00:00  11.1   0.0   0.0   2.9  27.4   23:00   SSE
26   6.1   7.6    5:15   4.3    1:30  12.2   0.0   0.0   3.7  32.2    1:00   SSE
27   5.6   8.0   14:00   3.1   00:00  12.7   0.0   0.0   3.4  30.6    2:45   SSE
28   3.2   4.8   16:00   1.7    9:45  15.1   0.0   0.2   3.4  25.7    1:15     W
29   2.7   6.4   22:15  -0.3    5:00  15.6   0.0   5.0   2.3  32.2   12:30   SSE
30   9.8  13.3   18:30   3.8    2:30   8.5   0.0   3.0   5.6  46.7   11:30     W
31  11.9  14.4   13:00   8.8   00:00   6.4   0.0   1.2   5.1  40.2   12:30   WSW
-------------------------------------------------------------------------------------
     5.0  14.4    31    -1.4     2   412.2   0.0  60.1   2.5  46.7    10     WSW

Max >=  32.0:  0
Max <=   0.0:  1
Min <=   0.0:  6
Min <= -18.0:  0
Max Rain: 10.59 ON 13/12/17
Days of Rain: 26 (> .2 mm) 10 (> 2 mm) 0 (> 20 mm)
Heat Base:  18.3  Cool Base:  18.3  Method: Integration
Benelux Weer Netwerk cwop awekas hwa wcloud pwsweather wow wow