-->

NOAA-Style Climate Reports

Select a Year or Month report
2021: Jan | Feb | Mar | Apr | May | Jun | Jul | Aug | Sep | Oct | Nov | Dec |
2020: Jan | Feb | Mar | Apr | May | Jun | Jul | Aug | Sep | Oct | Nov | Dec |
2019: Jan | Feb | Mar | Apr | May | Jun | Jul | Aug | Sep | Oct | Nov | Dec |
2018: Jan | Feb | Mar | Apr | May | Jun | Jul | Aug | Sep | Oct | Nov | Dec |
2017: Jan | Feb | Mar | Apr | May | Jun | Jul | Aug | Sep | Oct | Nov | Dec |
2016: Jan | Feb | Mar | Apr | May | Jun | Jul | Aug | Sep | Oct | Nov | Dec |
2015: Jan | Feb | Mar | Apr | May | Jun | Jul | Aug | Sep | Oct | Nov | Dec |
2014: Jan | Feb | Mar | Apr | May | Jun | Jul | Aug | Sep | Oct | Nov | Dec |
2013: Jan | Feb | Mar | Apr | May | Jun | Jul | Aug | Sep | Oct | Nov | Dec |
2012: Jan | Feb | Mar | Apr | May | Jun | Jul | Aug | Sep | Oct | Nov | Dec |
2011: Jan | Feb | Mar | Apr | May | Jun | Jul | Aug | Sep | Oct | Nov | Dec |
2010: Jan | Feb | Mar | Apr | May | Jun | Jul | Aug | Sep | Oct | Nov | Dec |
2009: Jan | Feb | Mar | Apr | May | Jun | Jul | Aug | Sep | Oct | Nov | Dec |
2008: Jan | Feb | Mar | Apr | May | Jun | Jul | Aug | Sep | Oct | Nov | Dec |
2007: Jan | Feb | Mar | Apr | May | Jun | Jul | Aug | Sep | Oct | Nov | Dec |
2006: Jan | Feb | Mar | Apr | May | Jun | Jul | Aug | Sep | Oct | Nov | Dec |
2005: Jan | Feb | Mar | Apr | May | Jun | Jul | Aug | Sep | Oct | Nov | Dec |
2004: Jan | Feb | Mar | Apr | May | Jun | Jul | Aug | Sep | Oct | Nov | Dec |
2003: Jan | Feb | Mar | Apr | May | Jun | Jul | Aug | Sep | Oct | Nov | Dec |

Report for 2018 February
                   MONTHLY CLIMATOLOGICAL SUMMARY for FEB. 2018

NAME: Patrick Nijs   CITY: Heist-op-den-Berg   STATE: Belgium 
ELEV:    15 m  LAT:  51° 04' 15" N  LONG:   4° 42' 13" E

                   TEMPERATURE (°C), RAIN  (mm), WIND SPEED (km/hr)

                                      HEAT  COOL        AVG
    MEAN                              DEG   DEG         WIND                 DOM
DAY TEMP  HIGH   TIME   LOW    TIME   DAYS  DAYS  RAIN  SPEED HIGH   TIME    DIR
------------------------------------------------------------------------------------
 1   3.4   6.5   15:30   1.2    7:15  14.8   0.0   0.8   2.1  25.7   14:45    SW
 2   3.8   4.9   16:15   2.6   12:15  14.5   0.0   9.4   2.3  29.0    6:00     W
 3   2.8   4.3   16:00   1.9    1:15  15.5   0.0   2.8   0.0  12.9   17:45   SSW
 4   1.1   3.4   13:45  -0.7    6:30  17.3   0.0   0.2   1.1  24.1   15:30   ENE
 5   0.6   4.1   15:30  -1.5    5:45  17.7   0.0   0.0   3.1  20.9   10:45   ENE
 6  -0.9   1.8   15:30  -2.6    8:15  19.2   0.0   0.2   2.4  16.1   11:30   ENE
 7  -1.3   3.1   16:00  -4.4    8:30  19.6   0.0   0.0   0.2  14.5   12:15   ENE
 8  -0.6   4.7   15:45  -4.9    4:30  18.9   0.0   0.0   0.0   6.4   14:45    SE
 9   0.1   2.4   14:00  -1.6    1:15  18.2   0.0   0.6   2.4  29.0   11:45   SSE
10   3.6   6.7   15:45   1.4    0:45  14.7   0.0   1.4   1.3  22.5   22:00   WNW
11   4.3   7.3   15:00   1.5   23:00  14.0   0.0   3.8   5.8  38.6   14:45     W
12   2.6   5.6   17:00  -0.3   00:00  15.7   0.0   0.0   2.3  27.4   12:30     W
13   2.2   6.7   14:15  -0.6    7:00  16.1   0.0   0.0   1.9  30.6   13:30   SSE
14   2.2   6.3   15:15  -2.2    7:45  16.1   0.0   0.0   4.0  29.0   13:45   SSE
15   5.4  11.2   16:15   2.6    2:30  12.9   0.0   3.4   1.8  22.5    1:15   SSE
16   3.8   9.3   16:30  -0.3   23:45  14.5   0.0   0.0   0.6  14.5   10:30   SSW
17   2.5   8.1   15:45  -1.8   00:00  15.8   0.0   0.0   0.5  11.3   10:30   ENE
18   1.3   8.3   15:15  -3.2    5:15  17.0   0.0   0.2   0.2  16.1   11:00    SE
19   1.7   4.3   17:00  -1.5    2:15  16.6   0.0   0.2   0.0   9.7   10:30    SE
20   2.3   5.3   15:00  -0.5    7:15  16.0   0.0   0.0   0.0   6.4   13:45   ENE
21   0.9   5.9   16:15  -2.6    7:30  17.4   0.0   0.2   0.5  17.7   14:15   ENE
22   1.0   5.4   15:15  -2.5    5:45  17.3   0.0   0.0   3.1  25.7   15:15   ENE
23   0.3   3.7   15:45  -2.4    7:15  18.0   0.0   0.0   5.1  27.4   14:00   ENE
24   0.3   5.4   15:00  -3.6    7:45  18.0   0.0   0.0   8.2  32.2   11:45     E
25  -1.3   1.7   15:15  -3.8    7:45  19.6   0.0   0.0   6.6  29.0   23:15   ENE
26  -3.2  -0.2   13:45  -5.4    7:45  21.5   0.0   0.0   4.5  29.0   13:30   ENE
27  -3.5  -0.1   14:30  -6.4    8:00  21.8   0.0   0.0   3.5  25.7   13:00   ENE
28  -5.0  -1.7   16:00  -7.4    6:00  23.3   0.0   0.0   7.2  32.2   14:30     E
-------------------------------------------------------------------------------------
     1.1  11.2    15    -7.4    28   481.7   0.0  23.2   2.5  38.6    11     ENE

Max >=  32.0:  0
Max <=   0.0:  3
Min <=   0.0: 22
Min <= -18.0:  0
Max Rain: 9.40 ON 02/02/18
Days of Rain: 12 (> .2 mm) 4 (> 2 mm) 0 (> 20 mm)
Heat Base:  18.3  Cool Base:  18.3  Method: Integration
Benelux Weer Netwerk cwop awekas hwa wcloud pwsweather wow wow