-->

NOAA-Style Climate Reports

Select a Year or Month report
2021: Jan | Feb | Mar | Apr | May | Jun | Jul | Aug | Sep | Oct | Nov | Dec |
2020: Jan | Feb | Mar | Apr | May | Jun | Jul | Aug | Sep | Oct | Nov | Dec |
2019: Jan | Feb | Mar | Apr | May | Jun | Jul | Aug | Sep | Oct | Nov | Dec |
2018: Jan | Feb | Mar | Apr | May | Jun | Jul | Aug | Sep | Oct | Nov | Dec |
2017: Jan | Feb | Mar | Apr | May | Jun | Jul | Aug | Sep | Oct | Nov | Dec |
2016: Jan | Feb | Mar | Apr | May | Jun | Jul | Aug | Sep | Oct | Nov | Dec |
2015: Jan | Feb | Mar | Apr | May | Jun | Jul | Aug | Sep | Oct | Nov | Dec |
2014: Jan | Feb | Mar | Apr | May | Jun | Jul | Aug | Sep | Oct | Nov | Dec |
2013: Jan | Feb | Mar | Apr | May | Jun | Jul | Aug | Sep | Oct | Nov | Dec |
2012: Jan | Feb | Mar | Apr | May | Jun | Jul | Aug | Sep | Oct | Nov | Dec |
2011: Jan | Feb | Mar | Apr | May | Jun | Jul | Aug | Sep | Oct | Nov | Dec |
2010: Jan | Feb | Mar | Apr | May | Jun | Jul | Aug | Sep | Oct | Nov | Dec |
2009: Jan | Feb | Mar | Apr | May | Jun | Jul | Aug | Sep | Oct | Nov | Dec |
2008: Jan | Feb | Mar | Apr | May | Jun | Jul | Aug | Sep | Oct | Nov | Dec |
2007: Jan | Feb | Mar | Apr | May | Jun | Jul | Aug | Sep | Oct | Nov | Dec |
2006: Jan | Feb | Mar | Apr | May | Jun | Jul | Aug | Sep | Oct | Nov | Dec |
2005: Jan | Feb | Mar | Apr | May | Jun | Jul | Aug | Sep | Oct | Nov | Dec |
2004: Jan | Feb | Mar | Apr | May | Jun | Jul | Aug | Sep | Oct | Nov | Dec |
2003: Jan | Feb | Mar | Apr | May | Jun | Jul | Aug | Sep | Oct | Nov | Dec |

Report for 2018 March
                   MONTHLY CLIMATOLOGICAL SUMMARY for MAR. 2018

NAME: Patrick Nijs   CITY: Heist-op-den-Berg   STATE: Belgium 
ELEV:    15 m  LAT:  51° 04' 15" N  LONG:   4° 42' 13" E

                   TEMPERATURE (°C), RAIN  (mm), WIND SPEED (km/hr)

                                      HEAT  COOL        AVG
    MEAN                              DEG   DEG         WIND                 DOM
DAY TEMP  HIGH   TIME   LOW    TIME   DAYS  DAYS  RAIN  SPEED HIGH   TIME    DIR
------------------------------------------------------------------------------------
 1  -2.6   1.8   16:00  -6.4    2:30  20.9   0.0   0.0  11.3  37.0   15:00     E
 2  -2.6  -0.9   16:00  -3.8    9:15  20.8   0.0   0.0   8.4  32.2    0:15     E
 3   0.6   5.5   16:00  -2.7    8:00  17.7   0.0   0.2   1.9  16.1   15:15     E
 4   5.8  12.1   15:00   0.9    0:15  12.5   0.0   3.0   1.0  24.1   17:00   ESE
 5   7.4  12.3   15:30   3.3    7:00  10.8   0.0   0.0   0.3  16.1   13:15   SSE
 6   6.9  11.5   16:15   2.3    6:15  11.4   0.0   0.0   0.0  12.9   16:15   WNW
 7   5.7   8.0   12:30   3.8    7:15  12.6   0.0   3.6   0.6  22.5   19:15     W
 8   5.4   9.3   17:00   2.1    4:45  12.9   0.0   3.4   3.1  33.8   13:00     W
 9   6.9  10.3   13:00   2.8    6:00  11.4   0.0   1.4   0.0  16.1    2:00    SE
10  11.9  15.3   12:30   8.6    0:15   6.4   0.0   0.8   0.6  17.7   12:00   SSE
11  12.1  16.5   17:30   9.5    1:45   6.2   0.0   3.8   1.0  17.7   12:45   SSE
12  10.6  14.0   14:00   8.0    6:45   7.8   0.0   2.8   1.3  24.1   11:45    SW
13   6.3   9.1    1:00   4.6   23:45  12.0   0.0   1.6   4.5  33.8    5:45   WNW
14   7.6  13.0   14:45   1.6    6:45  10.7   0.0   0.2   1.1  24.1   15:15   ESE
15   7.2  10.1   12:45   5.6    4:45  11.1   0.0   5.2   1.3  22.5   12:45   ESE
16   6.7  11.7   15:00   2.2   00:00  11.7   0.0   1.8   1.3  19.3   22:00   ENE
17  -1.1   2.2    0:15  -1.9   18:30  19.4   0.0   0.0   9.3  32.2   10:00     E
18  -0.7   0.8   18:15  -1.9    7:15  19.0   0.0   0.0   8.0  33.8   11:45     E
19   0.2   4.0   16:15  -2.2    7:00  18.1   0.0   0.0   4.0  22.5   14:00   ENE
20   3.2   9.7   15:15  -3.2    3:30  15.1   0.0   0.4   1.1  25.7   16:45    NW
21   3.2   8.6   18:00  -1.1    4:30  15.1   0.0   0.0   0.2  14.5   18:15   WNW
22   5.6   7.1   15:30   3.1    0:15  12.7   0.0   3.6   1.6  19.3    8:45   WNW
23   6.1   7.9   13:45   4.4    6:30  12.2   0.0   0.0   0.6  20.9   10:15   SSW
24   8.3  13.3   16:45   4.2   00:00  10.0   0.0   0.0   0.5  16.1    9:30     E
25   7.6  14.7   15:15   0.4    8:00  10.2   0.0   0.0   0.3  12.9   14:45   WNW
26   6.7  12.3   16:00   2.4   00:00  11.7   0.0   0.0   0.3  22.5   18:30   WNW
27   5.4   8.7   00:00   0.4    6:15  12.9   0.0   2.6   0.5  16.1   10:15   SSE
28   7.1   9.2    1:15   3.9   20:45  11.2   0.0   5.0   2.1  27.4   21:00   WNW
29   7.5  11.7   18:30   4.3    8:30  10.8   0.0   0.0   0.6  19.3    0:15   SSW
30   9.1  15.0   16:15   4.2    7:45   9.2   0.0   4.0   2.1  27.4   17:00   ESE
31   7.3  13.9   15:15   3.1    7:45  11.0   0.0   0.2   0.2  25.7   17:00   SSW
-------------------------------------------------------------------------------------
     5.5  16.5    11    -6.4     1   395.4   0.0  43.6   2.2  37.0     1       E

Max >=  32.0:  0
Max <=   0.0:  1
Min <=   0.0:  8
Min <= -18.0:  0
Max Rain: 5.21 ON 15/03/18
Days of Rain: 18 (> .2 mm) 10 (> 2 mm) 0 (> 20 mm)
Heat Base:  18.3  Cool Base:  18.3  Method: Integration
Benelux Weer Netwerk cwop awekas hwa wcloud pwsweather wow wow