-->

NOAA-Style Climate Reports

Select a Year or Month report
2021: Jan | Feb | Mar | Apr | May | Jun | Jul | Aug | Sep | Oct | Nov | Dec |
2020: Jan | Feb | Mar | Apr | May | Jun | Jul | Aug | Sep | Oct | Nov | Dec |
2019: Jan | Feb | Mar | Apr | May | Jun | Jul | Aug | Sep | Oct | Nov | Dec |
2018: Jan | Feb | Mar | Apr | May | Jun | Jul | Aug | Sep | Oct | Nov | Dec |
2017: Jan | Feb | Mar | Apr | May | Jun | Jul | Aug | Sep | Oct | Nov | Dec |
2016: Jan | Feb | Mar | Apr | May | Jun | Jul | Aug | Sep | Oct | Nov | Dec |
2015: Jan | Feb | Mar | Apr | May | Jun | Jul | Aug | Sep | Oct | Nov | Dec |
2014: Jan | Feb | Mar | Apr | May | Jun | Jul | Aug | Sep | Oct | Nov | Dec |
2013: Jan | Feb | Mar | Apr | May | Jun | Jul | Aug | Sep | Oct | Nov | Dec |
2012: Jan | Feb | Mar | Apr | May | Jun | Jul | Aug | Sep | Oct | Nov | Dec |
2011: Jan | Feb | Mar | Apr | May | Jun | Jul | Aug | Sep | Oct | Nov | Dec |
2010: Jan | Feb | Mar | Apr | May | Jun | Jul | Aug | Sep | Oct | Nov | Dec |
2009: Jan | Feb | Mar | Apr | May | Jun | Jul | Aug | Sep | Oct | Nov | Dec |
2008: Jan | Feb | Mar | Apr | May | Jun | Jul | Aug | Sep | Oct | Nov | Dec |
2007: Jan | Feb | Mar | Apr | May | Jun | Jul | Aug | Sep | Oct | Nov | Dec |
2006: Jan | Feb | Mar | Apr | May | Jun | Jul | Aug | Sep | Oct | Nov | Dec |
2005: Jan | Feb | Mar | Apr | May | Jun | Jul | Aug | Sep | Oct | Nov | Dec |
2004: Jan | Feb | Mar | Apr | May | Jun | Jul | Aug | Sep | Oct | Nov | Dec |
2003: Jan | Feb | Mar | Apr | May | Jun | Jul | Aug | Sep | Oct | Nov | Dec |

Report for 2018 April
                   MONTHLY CLIMATOLOGICAL SUMMARY for APR. 2018

NAME: Patrick Nijs   CITY: Heist-op-den-Berg   STATE: Belgium 
ELEV:    15 m  LAT:  51° 04' 15" N  LONG:   4° 42' 13" E

                   TEMPERATURE (°C), RAIN  (mm), WIND SPEED (km/hr)

                                      HEAT  COOL        AVG
    MEAN                              DEG   DEG         WIND                 DOM
DAY TEMP  HIGH   TIME   LOW    TIME   DAYS  DAYS  RAIN  SPEED HIGH   TIME    DIR
------------------------------------------------------------------------------------
 1   6.2   7.9   16:15   3.8   22:00  12.1   0.0   0.2   1.8  20.9   16:45   WNW
 2   9.0  14.3   17:45   3.5    2:45   9.3   0.0   0.2   1.3  22.5   13:45   SSE
 3  12.6  16.8   16:00   9.8    4:30   5.7   0.0   1.6   2.3  29.0   19:15   SSE
 4  11.1  15.7   15:45   7.9    5:15   7.2   0.0   3.2   1.4  29.0   15:30     S
 5   7.7  10.6    2:45   3.5   23:30  10.6   0.0   2.6   4.3  33.8    6:00   WNW
 6   9.6  17.4   18:15   2.3    6:00   8.7   0.0   0.0   2.9  29.0   15:45   ESE
 7  15.2  23.3   18:00   8.1    6:15   4.3   1.2   0.0   0.6  22.5   14:00   SSE
 8  16.9  25.2   19:15   9.7    7:15   3.1   1.7   0.0   0.0  14.5    2:15    SE
 9  14.8  18.9   16:45  11.3    7:15   3.5   0.0   0.0   0.0  16.1   17:00   ENE
10  14.9  19.8   14:45  10.9    7:15   3.6   0.2   3.4   0.3  17.7    9:30   ESE
11  11.3  12.9   20:00   9.4    6:45   7.0   0.0   1.2   0.0  14.5   17:45   ENE
12  10.8  13.8   18:15   8.1    5:15   7.5   0.0   0.2   0.0  14.5   11:00   ENE
13  10.7  15.3   17:15   5.5    7:30   7.6   0.0   0.0   0.2  14.5   13:15   WNW
14  12.7  19.1   16:45   7.1    6:15   5.6   0.0   2.0   0.0   8.0   00:00   WSW
15  14.7  18.9   15:45  10.3    7:15   3.6   0.0   0.8   0.6  19.3   13:00    SE
16  13.1  17.5   16:00   9.1    6:30   5.2   0.0   0.4   1.8  22.5    1:00   WNW
17  14.4  22.2   17:45   6.5    7:00   4.7   0.9   0.0   1.1  27.4   16:30   SSE
18  17.9  26.6   17:15   8.0    7:00   3.2   2.8   0.0   0.3  14.5   12:30   ESE
19  21.9  29.6   17:15  13.3    6:45   1.0   4.6   0.0   0.2  17.7   14:45   SSE
20  20.3  28.1   16:30  12.6    6:15   1.5   3.5   0.0   0.5  16.1   14:00   WNW
21  17.7  25.1   17:15   9.9    6:45   2.6   2.0   0.0   0.0  11.3   14:15     E
22  19.7  27.9   15:30  11.9    7:00   1.5   2.9   2.4   0.5  27.4   16:15     W
23  14.4  18.1   16:30  10.6   00:00   3.8   0.0   0.2   1.6  22.5   16:45     W
24  12.6  16.6   19:30   9.2    4:45   5.7   0.0   0.0   1.9  22.5   11:45     W
25  13.3  15.6    0:15   9.8   00:00   5.0   0.0   0.4   4.3  35.4    5:15     W
26  11.3  15.7   17:00   8.6    7:30   7.0   0.0   0.0   3.5  32.2   13:45     W
27  12.2  18.8   17:30   4.8    6:00   6.2   0.0   0.0   0.5  19.3   13:15   ESE
28  13.7  17.1   16:15   9.8   00:00   4.6   0.0   0.0   0.5  22.5    5:15     W
29  10.1  13.4   18:00   6.6    5:15   8.2   0.0  15.4   0.2  17.7   23:30   ENE
30   9.9  13.8   13:45   5.3   20:15   8.4   0.0  15.8   3.1  38.6   17:15   SSE
-------------------------------------------------------------------------------------
    13.4  29.6    19     2.3     6   168.1  19.9  50.0   1.2  38.6    30       W

Max >=  32.0:  0
Max <=   0.0:  0
Min <=   0.0:  0
Min <= -18.0:  0
Max Rain: 15.80 ON 30/04/18
Days of Rain: 16 (> .2 mm) 7 (> 2 mm) 0 (> 20 mm)
Heat Base:  18.3  Cool Base:  18.3  Method: Integration
Benelux Weer Netwerk cwop awekas hwa wcloud pwsweather wow wow