Thunderstorms From: 14-05-2021 11:55 Until: 22:59 warning for: Thunderstorms Level: Yellow info button

NOAA-Style Climate Reports

Select a Year or Month report
2021: Jan | Feb | Mar | Apr | May | Jun | Jul | Aug | Sep | Oct | Nov | Dec |
2020: Jan | Feb | Mar | Apr | May | Jun | Jul | Aug | Sep | Oct | Nov | Dec |
2019: Jan | Feb | Mar | Apr | May | Jun | Jul | Aug | Sep | Oct | Nov | Dec |
2018: Jan | Feb | Mar | Apr | May | Jun | Jul | Aug | Sep | Oct | Nov | Dec |
2017: Jan | Feb | Mar | Apr | May | Jun | Jul | Aug | Sep | Oct | Nov | Dec |
2016: Jan | Feb | Mar | Apr | May | Jun | Jul | Aug | Sep | Oct | Nov | Dec |
2015: Jan | Feb | Mar | Apr | May | Jun | Jul | Aug | Sep | Oct | Nov | Dec |
2014: Jan | Feb | Mar | Apr | May | Jun | Jul | Aug | Sep | Oct | Nov | Dec |
2013: Jan | Feb | Mar | Apr | May | Jun | Jul | Aug | Sep | Oct | Nov | Dec |
2012: Jan | Feb | Mar | Apr | May | Jun | Jul | Aug | Sep | Oct | Nov | Dec |
2011: Jan | Feb | Mar | Apr | May | Jun | Jul | Aug | Sep | Oct | Nov | Dec |
2010: Jan | Feb | Mar | Apr | May | Jun | Jul | Aug | Sep | Oct | Nov | Dec |
2009: Jan | Feb | Mar | Apr | May | Jun | Jul | Aug | Sep | Oct | Nov | Dec |
2008: Jan | Feb | Mar | Apr | May | Jun | Jul | Aug | Sep | Oct | Nov | Dec |
2007: Jan | Feb | Mar | Apr | May | Jun | Jul | Aug | Sep | Oct | Nov | Dec |
2006: Jan | Feb | Mar | Apr | May | Jun | Jul | Aug | Sep | Oct | Nov | Dec |
2005: Jan | Feb | Mar | Apr | May | Jun | Jul | Aug | Sep | Oct | Nov | Dec |
2004: Jan | Feb | Mar | Apr | May | Jun | Jul | Aug | Sep | Oct | Nov | Dec |
2003: Jan | Feb | Mar | Apr | May | Jun | Jul | Aug | Sep | Oct | Nov | Dec |

Report for 2018 May
                   MONTHLY CLIMATOLOGICAL SUMMARY for MAY. 2018

NAME: Patrick Nijs   CITY: Heist-op-den-Berg   STATE: Belgium 
ELEV:    15 m  LAT:  51° 04' 15" N  LONG:   4° 42' 13" E

                   TEMPERATURE (°C), RAIN  (mm), WIND SPEED (km/hr)

                                      HEAT  COOL        AVG
    MEAN                              DEG   DEG         WIND                 DOM
DAY TEMP  HIGH   TIME   LOW    TIME   DAYS  DAYS  RAIN  SPEED HIGH   TIME    DIR
------------------------------------------------------------------------------------
 1   9.3  14.7   17:45   5.3    3:15   8.9   0.0   2.6   4.7  30.6    2:45     W
 2  11.8  17.8   17:45   4.9    6:30   6.5   0.0   0.2   2.1  27.4   11:30   SSE
 3  12.3  17.8   18:00   6.9    6:45   6.0   0.0   0.0   0.2  12.9    1:15   WNW
 4  12.8  20.3   18:30   3.8    6:30   5.8   0.3   0.0   0.3  17.7   17:00   ENE
 5  16.6  23.6   17:15   9.1    6:30   3.3   1.5   0.0   0.8  19.3   16:30   ENE
 6  19.4  27.8   16:00   9.3    6:30   2.2   3.4   0.0   0.3  16.1   15:45     E
 7  20.7  27.6   16:30  13.2    6:30   1.0   3.4   0.0   0.2  14.5   17:15     E
 8  21.3  28.6   19:30  12.1    6:30   1.3   4.3   0.0   0.2  19.3   16:00   ESE
 9  18.6  24.9   16:15  13.8    6:00   1.4   1.7   0.0   0.2  14.5   16:45   WNW
10  13.5  17.6   16:30   8.8   00:00   4.8   0.0   0.0   0.6  19.3    9:15   WNW
11  13.6  20.3   18:30   5.1    6:00   5.1   0.4   0.0   0.2  16.1   14:45   ESE
12  17.6  24.3   18:30   9.8    5:00   2.8   2.1   0.0   0.2  14.5   13:15     E
13  13.3  18.4    0:15  12.0   00:00   5.0   0.0   2.0   0.3  16.1    7:30     W
14  14.8  23.9   16:30  11.3    5:45   4.2   0.6   0.0   0.6  22.5   17:00   WNW
15  18.4  26.0   17:30  11.6    6:15   2.4   2.5   0.0   0.6  22.5   13:15     E
16  16.7  22.4   12:45  11.6    6:15   2.4   0.7   0.0   0.3  22.5   13:00   WNW
17  13.0  18.8   15:45   7.9    6:15   5.3   0.0   0.0   0.5  17.7   15:45    NW
18  11.5  17.8   17:15   5.7    4:30   6.8   0.0   0.0   0.5  17.7   15:30    NW
19  10.7  16.3   17:00   5.2    5:00   7.6   0.0   0.0   0.2  14.5   16:00   WNW
20  15.1  24.6   18:15   5.9    4:45   4.8   1.6   0.6   0.8  41.8   20:15     E
21  17.9  26.2   16:30  12.9    3:45   2.1   1.7   0.8   0.6  24.1   18:30     E
22  17.1  25.9   15:30  12.2    4:45   2.6   1.5   9.6   0.2  17.7   16:30     E
23  17.8  23.8   17:15  14.2    2:15   1.7   1.2  15.6   0.3  16.1   14:45     E
24  18.8  25.1   16:30  13.2    6:00   1.2   1.6   0.8   0.5  19.3   10:00   ENE
25  20.5  27.0   18:45  13.8    6:15   1.1   3.3   0.0   0.2  14.5   14:15   ESE
26  23.3  29.7   16:30  16.5    5:15   0.4   5.4   0.0   0.5  17.7   14:45     E
27  23.1  27.2   17:00  18.9    6:30   0.0   4.8   0.4   0.2  16.1   16:15   ENE
28  23.8  30.6   17:45  17.2    6:15   0.1   5.7   0.2   0.3  16.1   18:15   ENE
29  22.9  27.4   14:15  19.6    6:00   0.0   4.6   0.0   0.3  22.5   18:30   WNW
30  22.3  28.3   19:00  15.8    6:00   0.4   4.4   0.0   0.3  12.9   14:30   SSE
31  21.3  27.1   16:30  17.3   10:00   0.1   3.1  11.8   0.0  14.5    9:00     W
-------------------------------------------------------------------------------------
    17.1  30.6    28     3.8     4    97.2  59.9  44.6   0.6  41.8    20       E

Max >=  32.0:  0
Max <=   0.0:  0
Min <=   0.0:  0
Min <= -18.0:  0
Max Rain: 15.60 ON 23/05/18
Days of Rain: 11 (> .2 mm) 5 (> 2 mm) 0 (> 20 mm)
Heat Base:  18.3  Cool Base:  18.3  Method: Integration
Benelux Weer Netwerk cwop awekas hwa wcloud pwsweather wow wow