NOAA-Style Climate Reports

Select a Year or Month report
2021: Jan | Feb | Mar | Apr | May | Jun | Jul | Aug | Sep | Oct | Nov | Dec |
2020: Jan | Feb | Mar | Apr | May | Jun | Jul | Aug | Sep | Oct | Nov | Dec |
2019: Jan | Feb | Mar | Apr | May | Jun | Jul | Aug | Sep | Oct | Nov | Dec |
2018: Jan | Feb | Mar | Apr | May | Jun | Jul | Aug | Sep | Oct | Nov | Dec |
2017: Jan | Feb | Mar | Apr | May | Jun | Jul | Aug | Sep | Oct | Nov | Dec |
2016: Jan | Feb | Mar | Apr | May | Jun | Jul | Aug | Sep | Oct | Nov | Dec |
2015: Jan | Feb | Mar | Apr | May | Jun | Jul | Aug | Sep | Oct | Nov | Dec |
2014: Jan | Feb | Mar | Apr | May | Jun | Jul | Aug | Sep | Oct | Nov | Dec |
2013: Jan | Feb | Mar | Apr | May | Jun | Jul | Aug | Sep | Oct | Nov | Dec |
2012: Jan | Feb | Mar | Apr | May | Jun | Jul | Aug | Sep | Oct | Nov | Dec |
2011: Jan | Feb | Mar | Apr | May | Jun | Jul | Aug | Sep | Oct | Nov | Dec |
2010: Jan | Feb | Mar | Apr | May | Jun | Jul | Aug | Sep | Oct | Nov | Dec |
2009: Jan | Feb | Mar | Apr | May | Jun | Jul | Aug | Sep | Oct | Nov | Dec |
2008: Jan | Feb | Mar | Apr | May | Jun | Jul | Aug | Sep | Oct | Nov | Dec |
2007: Jan | Feb | Mar | Apr | May | Jun | Jul | Aug | Sep | Oct | Nov | Dec |
2006: Jan | Feb | Mar | Apr | May | Jun | Jul | Aug | Sep | Oct | Nov | Dec |
2005: Jan | Feb | Mar | Apr | May | Jun | Jul | Aug | Sep | Oct | Nov | Dec |
2004: Jan | Feb | Mar | Apr | May | Jun | Jul | Aug | Sep | Oct | Nov | Dec |
2003: Jan | Feb | Mar | Apr | May | Jun | Jul | Aug | Sep | Oct | Nov | Dec |

Report for 2018 July
                   MONTHLY CLIMATOLOGICAL SUMMARY for JUL. 2018

NAME: Patrick Nijs   CITY: Heist-op-den-Berg   STATE: Belgium 
ELEV:    15 m  LAT:  51° 04' 15" N  LONG:   4° 42' 13" E

                   TEMPERATURE (°C), RAIN  (mm), WIND SPEED (km/hr)

                                      HEAT  COOL        AVG
    MEAN                              DEG   DEG         WIND                 DOM
DAY TEMP  HIGH   TIME   LOW    TIME   DAYS  DAYS  RAIN  SPEED HIGH   TIME    DIR
------------------------------------------------------------------------------------
 1  23.7  28.6   17:15  18.4    6:30   0.0   5.4   0.0   1.9  24.1   13:00     E
 2  22.8  28.8   17:00  15.6    6:00   0.3   4.8   0.0   1.6  22.5   13:00   ENE
 3  23.3  30.8   16:30  15.1    6:00   0.5   5.4   0.0   0.6  12.9    4:45   ENE
 4  23.2  30.3   17:15  17.1    5:45   0.1   5.0   0.0   0.6  14.5   12:30   WNW
 5  22.2  27.3   14:45  17.1    6:15   0.2   4.0   0.0   1.0  24.1   16:00   WNW
 6  22.2  28.7   17:45  15.8    6:15   0.5   4.4   0.0   0.2  14.5   15:00   WNW
 7  22.5  28.8   16:15  15.1    6:15   0.4   4.6   0.0   0.3  12.9   14:30   ENE
 8  21.4  27.5   16:00  15.2    6:15   0.5   3.7   0.0   0.6  20.9   15:30   ENE
 9  20.2  25.4   15:00  14.2    5:15   0.8   2.8   0.0   0.5  16.1   19:00    NW
10  16.0  17.7   12:15  14.3    6:45   2.3   0.0   0.2   1.1  22.5   14:00   WNW
11  18.4  23.6   15:45  12.5    6:15   1.6   1.8   0.0   0.6  20.9   19:00   WNW
12  20.6  27.8   16:30  15.1    4:15   0.9   3.3   0.0   0.5  19.3   18:45   WNW
13  20.1  27.8   17:30  13.5    5:45   1.3   3.1   0.0   0.2  14.5   16:15   WNW
14  21.7  29.4   18:30  13.8    6:00   0.9   4.4   0.0   0.2  14.5   16:45     E
15  23.6  30.6   19:00  15.2    6:00   0.4   5.7   0.0   0.6  16.1   14:15     E
16  24.0  31.8   17:45  16.8    5:30   0.1   5.8   0.0   0.8  30.6   19:45   ESE
17  21.4  26.6   16:15  16.8    6:45   0.1   3.2   0.6   1.1  24.1   15:00     W
18  20.3  27.1   17:45  12.7    6:15   1.3   3.2   0.0   0.5  20.9   12:45   WNW
19  21.4  28.6   18:45  13.4    5:45   0.9   4.0   0.0   0.2  14.5   16:30   WNW
20  20.6  28.0   14:15  12.9    6:45   1.2   3.5   0.0   0.3  19.3   15:45   WNW
21  22.5  28.3   15:15  17.0    6:30   0.1   4.3   0.0   0.6  22.5   16:30   WNW
22  22.1  29.4   16:30  14.0    6:30   0.8   4.6   0.0   0.6  24.1   13:00   WNW
23  25.4  31.3   18:45  19.9    6:30   0.0   7.1   0.0   0.3  17.7   14:00     W
24  26.3  33.4   17:30  18.6    6:00   0.0   8.0   0.0   0.2  16.1   17:45   WNW
25  27.2  33.9   16:30  19.0    6:00   0.0   8.9   2.0   0.3  16.1   15:45     E
26  28.0  36.9   16:15  20.7    6:15   0.0   9.7   0.0   0.2  14.5   15:15   ENE
27  29.3  37.2   17:00  21.7    4:45   0.0  11.0   0.0   0.3  33.8   23:45   ESE
28  22.8  26.7   13:45  17.7   00:00   0.0   4.5   1.4   2.4  30.6   14:45     W
29  22.3  28.4   16:45  16.3    6:00   0.4   4.5   0.0   1.6  25.7   11:45   SSE
30  25.0  30.6   16:00  20.4    6:15   0.0   6.7   0.0   1.9  25.7   20:30   SSE
31  23.4  28.0   18:30  19.8    3:15   0.0   5.1   0.0   1.3  25.7   12:30   WNW
-------------------------------------------------------------------------------------
    22.7  37.2    27    12.5    11    15.8 152.4   4.2   0.8  33.8    27     WNW

Max >=  32.0:  4
Max <=   0.0:  0
Min <=   0.0:  0
Min <= -18.0:  0
Max Rain: 2.01 ON 25/07/18
Days of Rain: 4 (> .2 mm) 1 (> 2 mm) 0 (> 20 mm)
Heat Base:  18.3  Cool Base:  18.3  Method: Integration
Benelux Weer Netwerk cwop awekas hwa wcloud pwsweather wow wow