Thunderstorms From: 14-05-2021 10:59 Until: 22:59 warning for: Thunderstorms Level: Yellow info button

NOAA-Style Climate Reports

Select a Year or Month report
2021: Jan | Feb | Mar | Apr | May | Jun | Jul | Aug | Sep | Oct | Nov | Dec |
2020: Jan | Feb | Mar | Apr | May | Jun | Jul | Aug | Sep | Oct | Nov | Dec |
2019: Jan | Feb | Mar | Apr | May | Jun | Jul | Aug | Sep | Oct | Nov | Dec |
2018: Jan | Feb | Mar | Apr | May | Jun | Jul | Aug | Sep | Oct | Nov | Dec |
2017: Jan | Feb | Mar | Apr | May | Jun | Jul | Aug | Sep | Oct | Nov | Dec |
2016: Jan | Feb | Mar | Apr | May | Jun | Jul | Aug | Sep | Oct | Nov | Dec |
2015: Jan | Feb | Mar | Apr | May | Jun | Jul | Aug | Sep | Oct | Nov | Dec |
2014: Jan | Feb | Mar | Apr | May | Jun | Jul | Aug | Sep | Oct | Nov | Dec |
2013: Jan | Feb | Mar | Apr | May | Jun | Jul | Aug | Sep | Oct | Nov | Dec |
2012: Jan | Feb | Mar | Apr | May | Jun | Jul | Aug | Sep | Oct | Nov | Dec |
2011: Jan | Feb | Mar | Apr | May | Jun | Jul | Aug | Sep | Oct | Nov | Dec |
2010: Jan | Feb | Mar | Apr | May | Jun | Jul | Aug | Sep | Oct | Nov | Dec |
2009: Jan | Feb | Mar | Apr | May | Jun | Jul | Aug | Sep | Oct | Nov | Dec |
2008: Jan | Feb | Mar | Apr | May | Jun | Jul | Aug | Sep | Oct | Nov | Dec |
2007: Jan | Feb | Mar | Apr | May | Jun | Jul | Aug | Sep | Oct | Nov | Dec |
2006: Jan | Feb | Mar | Apr | May | Jun | Jul | Aug | Sep | Oct | Nov | Dec |
2005: Jan | Feb | Mar | Apr | May | Jun | Jul | Aug | Sep | Oct | Nov | Dec |
2004: Jan | Feb | Mar | Apr | May | Jun | Jul | Aug | Sep | Oct | Nov | Dec |
2003: Jan | Feb | Mar | Apr | May | Jun | Jul | Aug | Sep | Oct | Nov | Dec |

Report for 2018 August
                   MONTHLY CLIMATOLOGICAL SUMMARY for AUG. 2018

NAME: Patrick Nijs   CITY: Heist-op-den-Berg   STATE: Belgium 
ELEV:    15 m  LAT:  51° 04' 15" N  LONG:   4° 42' 13" E

                   TEMPERATURE (°C), RAIN  (mm), WIND SPEED (km/hr)

                                      HEAT  COOL        AVG
    MEAN                              DEG   DEG         WIND                 DOM
DAY TEMP  HIGH   TIME   LOW    TIME   DAYS  DAYS  RAIN  SPEED HIGH   TIME    DIR
------------------------------------------------------------------------------------
 1  23.3  31.0   17:15  15.9    6:30   0.3   5.3   0.0   0.3  17.7   18:00   WNW
 2  24.2  32.1   16:30  16.7    6:30   0.2   6.1   0.0   0.3  20.9   17:15   WNW
 3  26.2  35.3   17:30  17.1    6:30   0.1   8.0   0.0   0.2  14.5   14:00   WNW
 4  24.9  33.6   17:00  18.8    7:00   0.0   6.7   0.0   0.5  19.3   18:45   WNW
 5  22.7  29.8   17:45  15.8    6:45   0.4   4.8   0.0   0.6  19.3   13:45   ENE
 6  25.6  34.5   18:45  16.4    6:45   0.2   7.5   0.0   0.8  19.3   16:45   ENE
 7  27.9  36.1   18:15  17.5    6:45   0.0   9.6   0.0   0.6  16.1   12:00     W
 8  20.8  28.1    0:15  16.7   00:00   0.1   2.6   8.0   2.4  67.6    0:15     W
 9  18.2  23.7   17:30  15.0    3:00   1.2   1.0   2.8   2.7  38.6   20:30     E
10  17.7  23.1   17:45  12.7    5:00   1.8   1.3   0.2   2.3  38.6   21:30     W
11  17.2  22.4   18:15  12.4    7:00   2.2   1.0   3.8   1.3  20.9    0:30     W
12  21.5  29.3   16:30  13.8    4:15   1.3   4.5   0.0   0.8  19.3   11:45    SE
13  19.3  22.3    0:15  17.3    7:30   0.2   1.2   5.8   1.1  29.0   12:30     W
14  19.0  23.2   17:45  15.7    4:15   0.6   1.3   0.4   1.8  24.1   17:15   WNW
15  18.9  21.8   14:45  16.5    3:00   0.5   1.0   0.0   0.8  20.9   15:45     W
16  20.6  27.3   17:15  15.7    2:15   0.7   3.0   0.0   0.5  17.7   17:45   SSE
17  18.8  23.5   15:30  14.9   00:00   1.0   1.5  20.8   0.2  17.7   16:00   WNW
18  17.7  21.9   14:30  12.1    7:00   2.0   1.3   0.0   0.5  17.7   17:30     W
19  19.8  24.8   17:30  13.9    6:45   0.9   2.4   0.0   1.4  24.1   15:45     W
20  20.6  23.4   17:30  18.3    1:45   0.0   2.3   0.0   0.3  12.9    7:30     W
21  22.4  27.7   18:45  16.9    7:15   0.1   4.2   0.0   0.2  12.9   14:15     W
22  21.1  25.8   15:30  17.3    7:30   0.1   3.0   0.0   1.0  19.3   15:00   WNW
23  18.9  23.7   17:00  15.1    7:00   0.9   1.6   0.2   1.1  20.9   17:30     W
24  17.4  19.8   13:45  15.4   23:45   1.1   0.2   0.0   3.1  25.7   13:45     W
25  14.1  17.6   16:00  10.9    7:00   4.2   0.0   3.2   2.1  27.4    1:45     W
26  14.1  19.5   14:45   7.7    6:45   4.3   0.1   3.2   1.1  22.5   15:15    SE
27  17.0  19.7   13:30  13.4    0:15   1.5   0.1   3.8   2.3  27.4   10:30     W
28  17.8  21.9   16:30  13.9   00:00   1.4   0.9   0.0   0.0  12.9   14:30   ENE
29  15.8  22.4   15:00  11.4    5:45   3.1   0.5   3.2   0.2  19.3   18:45    NW
30  16.8  21.6   16:15  13.1   00:00   2.1   0.6   1.2   0.2  22.5   17:00    NW
31  15.2  20.9   15:45  10.4    7:00   3.5   0.5   0.0   0.0   0.0     ---   ---
-------------------------------------------------------------------------------------
    19.9  36.1     7     7.7    26    35.9  84.3  56.6   1.0  67.6     8       W

Max >=  32.0:  5
Max <=   0.0:  0
Min <=   0.0:  0
Min <= -18.0:  0
Max Rain: 20.80 ON 17/08/18
Days of Rain: 13 (> .2 mm) 9 (> 2 mm) 1 (> 20 mm)
Heat Base:  18.3  Cool Base:  18.3  Method: Integration
Benelux Weer Netwerk cwop awekas hwa wcloud pwsweather wow wow