NOAA-Style Climate Reports

Select a Year or Month report
2021: Jan | Feb | Mar | Apr | May | Jun | Jul | Aug | Sep | Oct | Nov | Dec |
2020: Jan | Feb | Mar | Apr | May | Jun | Jul | Aug | Sep | Oct | Nov | Dec |
2019: Jan | Feb | Mar | Apr | May | Jun | Jul | Aug | Sep | Oct | Nov | Dec |
2018: Jan | Feb | Mar | Apr | May | Jun | Jul | Aug | Sep | Oct | Nov | Dec |
2017: Jan | Feb | Mar | Apr | May | Jun | Jul | Aug | Sep | Oct | Nov | Dec |
2016: Jan | Feb | Mar | Apr | May | Jun | Jul | Aug | Sep | Oct | Nov | Dec |
2015: Jan | Feb | Mar | Apr | May | Jun | Jul | Aug | Sep | Oct | Nov | Dec |
2014: Jan | Feb | Mar | Apr | May | Jun | Jul | Aug | Sep | Oct | Nov | Dec |
2013: Jan | Feb | Mar | Apr | May | Jun | Jul | Aug | Sep | Oct | Nov | Dec |
2012: Jan | Feb | Mar | Apr | May | Jun | Jul | Aug | Sep | Oct | Nov | Dec |
2011: Jan | Feb | Mar | Apr | May | Jun | Jul | Aug | Sep | Oct | Nov | Dec |
2010: Jan | Feb | Mar | Apr | May | Jun | Jul | Aug | Sep | Oct | Nov | Dec |
2009: Jan | Feb | Mar | Apr | May | Jun | Jul | Aug | Sep | Oct | Nov | Dec |
2008: Jan | Feb | Mar | Apr | May | Jun | Jul | Aug | Sep | Oct | Nov | Dec |
2007: Jan | Feb | Mar | Apr | May | Jun | Jul | Aug | Sep | Oct | Nov | Dec |
2006: Jan | Feb | Mar | Apr | May | Jun | Jul | Aug | Sep | Oct | Nov | Dec |
2005: Jan | Feb | Mar | Apr | May | Jun | Jul | Aug | Sep | Oct | Nov | Dec |
2004: Jan | Feb | Mar | Apr | May | Jun | Jul | Aug | Sep | Oct | Nov | Dec |
2003: Jan | Feb | Mar | Apr | May | Jun | Jul | Aug | Sep | Oct | Nov | Dec |

Report for 2018 September
                   MONTHLY CLIMATOLOGICAL SUMMARY for SEP. 2018

NAME: Patrick Nijs   CITY: Heist-op-den-Berg   STATE: Belgium 
ELEV:    15 m  LAT:  51° 04' 15" N  LONG:   4° 42' 13" E

                   TEMPERATURE (°C), RAIN  (mm), WIND SPEED (km/hr)

                                      HEAT  COOL        AVG
    MEAN                              DEG   DEG         WIND                 DOM
DAY TEMP  HIGH   TIME   LOW    TIME   DAYS  DAYS  RAIN  SPEED HIGH   TIME    DIR
------------------------------------------------------------------------------------
 1  15.2  22.4   16:15   7.8    7:00   4.0   0.9   0.0   0.0  11.3   16:30   ENE
 2  17.1  24.4   17:30   9.3    7:15   3.1   1.8   0.0   0.2  16.1   14:45     E
 3  18.2  21.2   14:00  15.7    7:30   0.9   0.8   0.0   0.0   0.0     ---   ---
 4  20.8  26.3   16:45  17.6    2:45   0.1   2.6   0.0   0.0   0.0     ---   ---
 5  20.4  26.0   17:30  17.5    6:15   0.2   2.3   8.6   0.2  20.9   21:00     N
 6  18.3  22.8   14:45  15.9   23:30   0.8   0.8   2.0   0.0  12.9   15:45   WNW
 7  15.4  18.9   15:15  12.3   00:00   2.9   0.0   3.4   1.6  24.1   15:45   WNW
 8  14.7  19.6   14:30   9.4    7:15   3.8   0.1   0.0   0.3  20.9   12:15     W
 9  18.5  25.7   17:15  13.2    7:30   1.8   2.0   0.0   0.3  17.7   15:45   SSW
10  18.5  23.3   16:30  14.7    8:00   1.1   1.3   0.0   1.3  22.5   13:45     W
11  20.1  26.3   16:45  14.6    1:30   1.0   2.8   0.0   2.3  29.0   11:45     W
12  16.6  19.7   11:30  14.8   00:00   1.8   0.1   0.0   0.0  14.5   10:15     W
13  15.7  20.8   17:30  12.8    6:30   2.9   0.3   0.6   0.0  12.9   15:15     W
14  14.1  19.7   14:15   7.1    7:30   4.3   0.1   0.0   1.0  20.9   15:30     W
15  15.7  20.9   17:30  11.3    7:30   3.0   0.4   0.0   0.6  16.1   11:00     W
16  16.3  23.8   18:15   9.3    7:30   3.5   1.6   0.0   0.0  12.9   14:30   SSE
17  17.6  26.6   17:15   9.8    7:45   3.1   2.4   0.0   0.3  16.1   13:15    SE
18  20.1  26.4   14:15  13.8    7:30   1.3   3.1   0.0   1.8  30.6   14:15     W
19  19.7  25.1   15:45  14.4    4:45   1.0   2.4   0.0   1.8  27.4   13:00     W
20  19.8  25.2   16:30  14.3    5:45   0.8   2.3   0.0   1.1  27.4   14:15   SSW
21  16.9  20.3    3:15  13.8   00:00   1.8   0.4   3.0   6.3  38.6    8:45     W
22  12.7  15.9   13:00  10.8    8:00   5.6   0.0   4.2   1.9  27.4    0:15     W
23  10.8  11.9   12:00   8.9   00:00   7.5   0.0  13.8   0.2  16.1   13:00   ENE
24   9.8  15.3   18:00   6.1    7:15   8.5   0.0   1.8   0.5  20.9   13:30     W
25  10.0  16.8   15:00   3.3    7:45   8.3   0.0   0.2   0.0   1.6   11:45     E
26  11.5  20.4   17:15   4.5    7:15   7.1   0.3   0.0   0.0   0.0     ---   ---
27  13.6  23.3   16:30   5.4    7:45   5.6   0.9   0.0   0.0   1.6    9:15     S
28  12.4  17.6   16:30   8.6    2:15   5.9   0.0   0.0   0.0  20.9   12:15   ENE
29   9.8  16.3   16:30   3.7    7:30   8.5   0.0   0.0   0.2  14.5   12:15   ENE
30   9.7  17.2   16:30   2.1    8:00   8.6   0.0   0.0   0.0  11.3   18:30   WNW
-------------------------------------------------------------------------------------
    15.7  26.6    17     2.1    30   108.8  29.7  37.6   0.7  38.6    21       W

Max >=  32.0:  0
Max <=   0.0:  0
Min <=   0.0:  0
Min <= -18.0:  0
Max Rain: 13.79 ON 23/09/18
Days of Rain: 9 (> .2 mm) 6 (> 2 mm) 0 (> 20 mm)
Heat Base:  18.3  Cool Base:  18.3  Method: Integration
Benelux Weer Netwerk cwop awekas hwa wcloud pwsweather wow wow