-->

NOAA-Style Climate Reports

Select a Year or Month report
2021: Jan | Feb | Mar | Apr | May | Jun | Jul | Aug | Sep | Oct | Nov | Dec |
2020: Jan | Feb | Mar | Apr | May | Jun | Jul | Aug | Sep | Oct | Nov | Dec |
2019: Jan | Feb | Mar | Apr | May | Jun | Jul | Aug | Sep | Oct | Nov | Dec |
2018: Jan | Feb | Mar | Apr | May | Jun | Jul | Aug | Sep | Oct | Nov | Dec |
2017: Jan | Feb | Mar | Apr | May | Jun | Jul | Aug | Sep | Oct | Nov | Dec |
2016: Jan | Feb | Mar | Apr | May | Jun | Jul | Aug | Sep | Oct | Nov | Dec |
2015: Jan | Feb | Mar | Apr | May | Jun | Jul | Aug | Sep | Oct | Nov | Dec |
2014: Jan | Feb | Mar | Apr | May | Jun | Jul | Aug | Sep | Oct | Nov | Dec |
2013: Jan | Feb | Mar | Apr | May | Jun | Jul | Aug | Sep | Oct | Nov | Dec |
2012: Jan | Feb | Mar | Apr | May | Jun | Jul | Aug | Sep | Oct | Nov | Dec |
2011: Jan | Feb | Mar | Apr | May | Jun | Jul | Aug | Sep | Oct | Nov | Dec |
2010: Jan | Feb | Mar | Apr | May | Jun | Jul | Aug | Sep | Oct | Nov | Dec |
2009: Jan | Feb | Mar | Apr | May | Jun | Jul | Aug | Sep | Oct | Nov | Dec |
2008: Jan | Feb | Mar | Apr | May | Jun | Jul | Aug | Sep | Oct | Nov | Dec |
2007: Jan | Feb | Mar | Apr | May | Jun | Jul | Aug | Sep | Oct | Nov | Dec |
2006: Jan | Feb | Mar | Apr | May | Jun | Jul | Aug | Sep | Oct | Nov | Dec |
2005: Jan | Feb | Mar | Apr | May | Jun | Jul | Aug | Sep | Oct | Nov | Dec |
2004: Jan | Feb | Mar | Apr | May | Jun | Jul | Aug | Sep | Oct | Nov | Dec |
2003: Jan | Feb | Mar | Apr | May | Jun | Jul | Aug | Sep | Oct | Nov | Dec |

Report for 2018 November
                   MONTHLY CLIMATOLOGICAL SUMMARY for NOV. 2018

NAME: Patrick Nijs   CITY: Heist-op-den-Berg   STATE: Belgium 
ELEV:    15 m  LAT:  51° 04' 15" N  LONG:   4° 42' 13" E

                   TEMPERATURE (°C), RAIN  (mm), WIND SPEED (km/hr)

                                      HEAT  COOL        AVG
    MEAN                              DEG   DEG         WIND                 DOM
DAY TEMP  HIGH   TIME   LOW    TIME   DAYS  DAYS  RAIN  SPEED HIGH   TIME    DIR
------------------------------------------------------------------------------------
 1  10.1  12.5   12:15   7.9    6:30   8.2   0.0   3.0   0.3  19.3   23:30    SE
 2   7.8  11.8   15:00   2.3   00:00  10.5   0.0   1.2   2.1  24.1    3:15     W
 3   4.2  10.4   14:00   0.2    7:15  14.1   0.0   0.2   0.3  12.9   15:30   ESE
 4   6.2  13.4   15:45  -0.2    7:45  12.1   0.0   0.0   0.3  12.9   18:30   ESE
 5   9.2  14.2   14:45   5.9    5:15   9.1   0.0   0.0   0.5  12.9   11:00   ESE
 6  13.4  18.3   12:30   7.8    0:15   4.9   0.0   0.0   0.5  12.9   10:00   ESE
 7  11.6  13.8   13:45   9.4    7:00   6.7   0.0   1.0   1.6  20.9   16:45   SSE
 8  10.2  14.1   14:15   7.1   00:00   8.1   0.0   0.0   0.6  14.5    3:45   SSW
 9   8.9  13.0   15:30   4.9    8:15   9.4   0.0   0.0   0.6  16.1   23:15   ESE
10  11.9  13.0   11:30  10.7   21:15   6.4   0.0   3.2   3.7  33.8    7:30   SSE
11  11.8  13.8   13:45  10.1   23:30   6.5   0.0   6.0   3.4  24.1    9:15   SSE
12  10.0  11.1   12:00   8.7   23:00   8.3   0.0   7.8   0.3  12.9   12:30   SSE
13  10.4  13.4   14:15   8.3   21:15   7.9   0.0   0.2   1.8  25.7   11:15     W
14   8.6  13.8   13:45   5.5    8:00   9.7   0.0   0.0   0.5  14.5   12:45    SE
15   7.9  14.7   15:15   3.6   00:00  10.4   0.0   0.0   0.2  11.3   13:15   ESE
16   4.3   6.2   12:45  -0.4   00:00  14.0   0.0   0.4   0.0   8.0    6:30     E
17   4.2   9.8   15:15  -0.8    1:15  14.1   0.0   0.4   1.9  22.5   13:00   ENE
18   3.5   8.4   14:15   0.1    8:15  14.8   0.0   0.0   1.4  17.7    3:00   ENE
19   4.4   7.8   12:15   1.7    3:00  13.9   0.0   0.0   5.6  32.2   10:45   ENE
20   3.8   5.1   16:45   2.8    5:30  14.5   0.0   0.0   6.0  30.6    1:45   ENE
21   3.7   6.7   15:00   0.5    8:15  14.6   0.0   0.4   0.0  12.9    0:30   ENE
22   2.9   6.3   14:45   0.3   23:45  15.4   0.0   0.0   0.0   4.8   10:30     E
23   4.6  11.4   15:15  -0.2    0:45  13.7   0.0   0.4   0.2   9.7   13:30     E
24   3.5   4.6   13:15   2.6    2:00  14.8   0.0   2.0   0.0   6.4    4:30     E
25   3.3   3.9   18:15   2.0   10:30  15.0   0.0   0.0   0.8  12.9   10:00   ENE
26   5.1   5.9   15:15   3.8    0:15  13.2   0.0   4.6   0.0   9.7    0:15   ENE
27   4.1   5.5   14:45   3.2   19:45  14.3   0.0   0.0   0.3  12.9   22:15    SE
28   7.4  11.3   23:45   4.9    0:15  10.8   0.0   4.2   3.5  27.4   00:00    SE
29  11.1  12.4   15:30   9.7    9:30   7.2   0.0   2.2   2.3  25.7   16:00   SSE
30  10.1  12.0   14:45   7.1   00:00   8.2   0.0   0.0   1.8  22.5   13:30   SSW
-------------------------------------------------------------------------------------
     7.3  18.3     6    -0.8    17   330.6   0.0  37.2   1.4  33.8    10     ENE

Max >=  32.0:  0
Max <=   0.0:  0
Min <=   0.0:  4
Min <= -18.0:  0
Max Rain: 7.80 ON 12/11/18
Days of Rain: 16 (> .2 mm) 8 (> 2 mm) 0 (> 20 mm)
Heat Base:  18.3  Cool Base:  18.3  Method: Integration
Benelux Weer Netwerk cwop awekas hwa wcloud pwsweather wow wow