-->

NOAA-Style Climate Reports

Select a Year or Month report
2021: Jan | Feb | Mar | Apr | May | Jun | Jul | Aug | Sep | Oct | Nov | Dec |
2020: Jan | Feb | Mar | Apr | May | Jun | Jul | Aug | Sep | Oct | Nov | Dec |
2019: Jan | Feb | Mar | Apr | May | Jun | Jul | Aug | Sep | Oct | Nov | Dec |
2018: Jan | Feb | Mar | Apr | May | Jun | Jul | Aug | Sep | Oct | Nov | Dec |
2017: Jan | Feb | Mar | Apr | May | Jun | Jul | Aug | Sep | Oct | Nov | Dec |
2016: Jan | Feb | Mar | Apr | May | Jun | Jul | Aug | Sep | Oct | Nov | Dec |
2015: Jan | Feb | Mar | Apr | May | Jun | Jul | Aug | Sep | Oct | Nov | Dec |
2014: Jan | Feb | Mar | Apr | May | Jun | Jul | Aug | Sep | Oct | Nov | Dec |
2013: Jan | Feb | Mar | Apr | May | Jun | Jul | Aug | Sep | Oct | Nov | Dec |
2012: Jan | Feb | Mar | Apr | May | Jun | Jul | Aug | Sep | Oct | Nov | Dec |
2011: Jan | Feb | Mar | Apr | May | Jun | Jul | Aug | Sep | Oct | Nov | Dec |
2010: Jan | Feb | Mar | Apr | May | Jun | Jul | Aug | Sep | Oct | Nov | Dec |
2009: Jan | Feb | Mar | Apr | May | Jun | Jul | Aug | Sep | Oct | Nov | Dec |
2008: Jan | Feb | Mar | Apr | May | Jun | Jul | Aug | Sep | Oct | Nov | Dec |
2007: Jan | Feb | Mar | Apr | May | Jun | Jul | Aug | Sep | Oct | Nov | Dec |
2006: Jan | Feb | Mar | Apr | May | Jun | Jul | Aug | Sep | Oct | Nov | Dec |
2005: Jan | Feb | Mar | Apr | May | Jun | Jul | Aug | Sep | Oct | Nov | Dec |
2004: Jan | Feb | Mar | Apr | May | Jun | Jul | Aug | Sep | Oct | Nov | Dec |
2003: Jan | Feb | Mar | Apr | May | Jun | Jul | Aug | Sep | Oct | Nov | Dec |

Report for 2018 December
                   MONTHLY CLIMATOLOGICAL SUMMARY for DEC. 2018

NAME: Patrick Nijs   CITY: Heist-op-den-Berg   STATE: Belgium 
ELEV:    15 m  LAT:  51° 04' 15" N  LONG:   4° 42' 13" E

                   TEMPERATURE (°C), RAIN  (mm), WIND SPEED (km/hr)

                                      HEAT  COOL        AVG
    MEAN                              DEG   DEG         WIND                 DOM
DAY TEMP  HIGH   TIME   LOW    TIME   DAYS  DAYS  RAIN  SPEED HIGH   TIME    DIR
------------------------------------------------------------------------------------
 1   7.8  10.5   23:15   5.3    8:30  10.5   0.0   1.6   2.7  27.4   20:00   SSE
 2  12.6  14.4   13:30  10.1    1:45   5.7   0.0   9.0   3.2  30.6   12:15     W
 3  12.6  13.8   13:30   9.6   00:00   5.7   0.0   2.8   3.9  29.0   22:00     W
 4   6.6   9.8   14:15   2.7   00:00  11.7   0.0   0.4   0.3  27.4    0:30     W
 5   6.7  10.7   23:45   2.2    1:15   7.7   0.0   0.4   1.0  14.5   15:45    SE
 6  11.7  12.9   19:30  10.0    2:00   6.6   0.0   2.0   2.7  24.1   20:00    SW
 7  10.2  12.2   11:45   6.8   23:45   8.1   0.0  11.4   4.2  32.2   16:00   SSW
 8   9.3  11.4   15:30   6.8    2:45   9.0   0.0   4.8   6.9  40.2   22:15    SW
 9   8.7  10.3    0:15   6.3   00:00   9.7   0.0   7.6   9.7  41.8    5:15   WNW
10   5.3   8.7   14:30   3.3   23:30  13.0   0.0   1.0   1.8  25.7   13:30     W
11   4.6   7.8   14:30   2.9    4:15  13.7   0.0   0.0   0.3  11.3    6:30     W
12   1.1   3.7   15:30  -1.8    9:00  17.3   0.0   0.0   0.0  11.3   22:45   ENE
13   0.7   3.3   14:00  -1.7   00:00  17.6   0.0   0.4   2.1  22.5   11:45   ENE
14   0.3   1.6   15:15  -1.8    0:15  18.0   0.0   0.0   0.0  12.9    5:45   ENE
15   0.7   1.4   12:45   0.0   19:15  17.6   0.0   0.0   2.4  24.1   20:45    SE
16   2.3   4.2   15:15   0.2    2:45  16.0   0.0   5.4   0.6  19.3    1:15    SE
17   6.4   8.9   16:00   3.4    0:15  11.9   0.0   0.6   1.8  22.5   10:15     W
18   7.6   9.3   13:30   6.6    0:15  10.8   0.0   0.0   2.3  29.0   23:30   SSE
19   8.0  10.0   14:00   5.9   20:45  10.3   0.0   0.4   0.5  24.1   11:45   SSE
20   8.1   9.1   16:15   6.8    4:45  10.2   0.0   1.0   1.8  24.1   16:30   SSW
21  10.9  13.3   13:30   8.3    4:30   7.3   0.0  15.4   7.1  45.1   15:45     W
22  10.3  11.9   14:15   8.3   00:00   8.0   0.0   6.4   6.1  38.6    3:45     W
23   8.8  11.6   20:45   6.7   00:00   9.5   0.0  10.0   1.1  24.1   21:45    SW
24   5.6   8.7   15:00   2.3   21:30  12.7   0.0   0.4   0.2  11.3    1:45   WNW
25   1.8   6.4   15:00  -1.2   00:00  16.5   0.0   0.2   0.2   9.7   13:45     S
26  -0.2   3.7   15:00  -2.7    8:15  18.5   0.0   0.2   0.0   4.8   15:30     S
27   0.7   4.7   14:15  -2.1    5:45  17.6   0.0   0.0   0.0   8.0   12:15   SSE
28   0.2   2.4   23:00  -2.8    8:00  18.1   0.0   0.2   0.0   9.7   11:30   SSW
29   5.6   9.4   23:00   2.4    0:15  12.7   0.0   0.2   1.9  24.1   16:45    SW
30   7.4   8.8   00:00   5.4    9:30  10.8   0.0   0.2   0.5  14.5   13:15     W
31   9.2   9.8   14:30   8.3   00:00   9.1   0.0   0.8   0.8  20.9   23:30     W
-------------------------------------------------------------------------------------
     6.2  14.4     2    -2.8    28   371.8   0.0  82.8   2.1  45.1    21       W

Max >=  32.0:  0
Max <=   0.0:  0
Min <=   0.0:  8
Min <= -18.0:  0
Max Rain: 15.39 ON 21/12/18
Days of Rain: 25 (> .2 mm) 10 (> 2 mm) 0 (> 20 mm)
Heat Base:  18.3  Cool Base:  18.3  Method: Integration
Benelux Weer Netwerk cwop awekas hwa wcloud pwsweather wow wow