NOAA-Style Climate Reports

Select a Year or Month report
2021: Jan | Feb | Mar | Apr | May | Jun | Jul | Aug | Sep | Oct | Nov | Dec |
2020: Jan | Feb | Mar | Apr | May | Jun | Jul | Aug | Sep | Oct | Nov | Dec |
2019: Jan | Feb | Mar | Apr | May | Jun | Jul | Aug | Sep | Oct | Nov | Dec |
2018: Jan | Feb | Mar | Apr | May | Jun | Jul | Aug | Sep | Oct | Nov | Dec |
2017: Jan | Feb | Mar | Apr | May | Jun | Jul | Aug | Sep | Oct | Nov | Dec |
2016: Jan | Feb | Mar | Apr | May | Jun | Jul | Aug | Sep | Oct | Nov | Dec |
2015: Jan | Feb | Mar | Apr | May | Jun | Jul | Aug | Sep | Oct | Nov | Dec |
2014: Jan | Feb | Mar | Apr | May | Jun | Jul | Aug | Sep | Oct | Nov | Dec |
2013: Jan | Feb | Mar | Apr | May | Jun | Jul | Aug | Sep | Oct | Nov | Dec |
2012: Jan | Feb | Mar | Apr | May | Jun | Jul | Aug | Sep | Oct | Nov | Dec |
2011: Jan | Feb | Mar | Apr | May | Jun | Jul | Aug | Sep | Oct | Nov | Dec |
2010: Jan | Feb | Mar | Apr | May | Jun | Jul | Aug | Sep | Oct | Nov | Dec |
2009: Jan | Feb | Mar | Apr | May | Jun | Jul | Aug | Sep | Oct | Nov | Dec |
2008: Jan | Feb | Mar | Apr | May | Jun | Jul | Aug | Sep | Oct | Nov | Dec |
2007: Jan | Feb | Mar | Apr | May | Jun | Jul | Aug | Sep | Oct | Nov | Dec |
2006: Jan | Feb | Mar | Apr | May | Jun | Jul | Aug | Sep | Oct | Nov | Dec |
2005: Jan | Feb | Mar | Apr | May | Jun | Jul | Aug | Sep | Oct | Nov | Dec |
2004: Jan | Feb | Mar | Apr | May | Jun | Jul | Aug | Sep | Oct | Nov | Dec |
2003: Jan | Feb | Mar | Apr | May | Jun | Jul | Aug | Sep | Oct | Nov | Dec |

Report for 2019 January
                   MONTHLY CLIMATOLOGICAL SUMMARY for JAN. 2019

NAME: Patrick Nijs   CITY: Heist-op-den-Berg   STATE: Belgium 
ELEV:    15 m  LAT:  51° 04' 15" N  LONG:   4° 42' 13" E

                   TEMPERATURE (°C), RAIN  (mm), WIND SPEED (km/hr)

                                      HEAT  COOL        AVG
    MEAN                              DEG   DEG         WIND                 DOM
DAY TEMP  HIGH   TIME   LOW    TIME   DAYS  DAYS  RAIN  SPEED HIGH   TIME    DIR
------------------------------------------------------------------------------------
 1   7.3   8.6   15:00   5.3   23:15  11.0   0.0   0.6   2.1  22.5   11:45   WNW
 2   5.2   6.5   14:00   3.8    5:15  13.2   0.0   0.2   0.5  16.1    0:15    NW
 3   4.4   5.9   14:30   1.7   22:30  13.9   0.0   0.0   0.0   6.4   11:30   WNW
 4   3.7   5.0   12:45   2.6    0:15  14.6   0.0   0.4   1.3  19.3   13:15   WNW
 5   5.9   6.7   14:45   4.4    0:15  12.4   0.0   1.8   2.6  19.3    9:00   WNW
 6   4.8   5.7   13:30   3.8    6:30  13.5   0.0   0.4   1.0  19.3    1:30   WNW
 7   6.2   9.1   00:00   1.7    5:30  12.1   0.0   2.4   2.3  29.0   23:15     W
 8   6.9   9.6    1:30   5.2   23:00  11.4   0.0   2.6   6.9  35.4   14:45    NW
 9   4.3   7.1   14:30   2.1   00:00  14.0   0.0   1.0   1.1  20.9    2:30    NW
10   2.3   4.7   15:00   0.2    6:00  16.0   0.0   0.6   0.0  11.3   18:15    NW
11   5.5   7.8   14:45   2.3    0:30  12.8   0.0   2.6   1.3  16.1   16:45    NW
12   7.1   8.6   17:00   5.8    4:45  11.2   0.0   3.0   5.0  30.6   17:15     W
13   8.8  10.0   11:15   7.4    2:00   9.4   0.0   8.2   6.9  37.0   20:30   WNW
14   6.3   8.4    0:30   4.3   19:15  12.0   0.0   3.6   4.0  29.0    1:15    NW
15   5.9   7.7   16:30   3.5    3:45  12.4   0.0   0.4   1.6  25.7   21:00     W
16   6.2   6.7    4:15   5.4   22:45  12.1   0.0   1.4   2.4  27.4    4:00    SW
17   3.8   5.7    0:15   1.5   00:00  14.5   0.0   8.8   2.7  30.6   13:15   WNW
18   0.3   1.7   16:45  -1.6    8:30  18.0   0.0   0.2   0.2  11.3   13:15   SSE
19  -0.3   3.4   16:00  -2.8    8:45  18.6   0.0   0.2   0.5  16.1   14:00   ESE
20  -1.6   2.9   15:15  -4.6    8:30  19.8   0.0   0.0   0.5  12.9   15:00   ENE
21  -2.7   4.1   15:30  -6.9    8:00  21.0   0.0   0.0   0.0   9.7   15:45     S
22  -1.4   0.2   23:00  -4.4    1:15  19.8   0.0   0.0   1.1  25.7    9:45   SSE
23  -0.9   0.2   16:30  -2.1   20:15  19.2   0.0   1.0   0.2  14.5   13:30   ENE
24  -0.2   2.3   16:00  -1.2    9:45  18.4   0.0   0.2   0.0   8.0   14:15   SSE
25   0.8   4.8   00:00  -2.2    1:45  17.5   0.0   2.6   1.0  19.3   18:45     S
26   6.8   8.1   23:45   4.8    0:15  11.5   0.0   1.2   2.4  25.7   23:45     W
27   5.9   8.0    6:30   3.1   00:00  12.4   0.0   7.4   4.8  30.6   15:45     W
28   3.4   6.8   13:00   1.6   23:00  14.9   0.0  14.4   6.3  38.6    5:15   WNW
29   1.8   4.9   14:45  -0.8    8:45  16.4   0.0   0.2   0.6  19.3   18:45    SE
30   0.7   2.1   16:30  -1.0   00:00  17.6   0.0   0.8   0.8  19.3   19:15     W
31  -1.7  -0.6   16:00  -3.3   11:30  20.0   0.0   0.0   1.0  19.3   22:45     E
-------------------------------------------------------------------------------------
     3.4  10.0    13    -6.9    21   461.8   0.0  66.2   2.0  38.6    28     WNW

Max >=  32.0:  0
Max <=   0.0:  1
Min <=   0.0: 11
Min <= -18.0:  0
Max Rain: 14.40 ON 28/01/19
Days of Rain: 26 (> .2 mm) 10 (> 2 mm) 0 (> 20 mm)
Heat Base:  18.3  Cool Base:  18.3  Method: Integration
Benelux Weer Netwerk cwop awekas hwa wcloud pwsweather wow wow