NOAA-Style Climate Reports

Select a Year or Month report
2021: Jan | Feb | Mar | Apr | May | Jun | Jul | Aug | Sep | Oct | Nov | Dec |
2020: Jan | Feb | Mar | Apr | May | Jun | Jul | Aug | Sep | Oct | Nov | Dec |
2019: Jan | Feb | Mar | Apr | May | Jun | Jul | Aug | Sep | Oct | Nov | Dec |
2018: Jan | Feb | Mar | Apr | May | Jun | Jul | Aug | Sep | Oct | Nov | Dec |
2017: Jan | Feb | Mar | Apr | May | Jun | Jul | Aug | Sep | Oct | Nov | Dec |
2016: Jan | Feb | Mar | Apr | May | Jun | Jul | Aug | Sep | Oct | Nov | Dec |
2015: Jan | Feb | Mar | Apr | May | Jun | Jul | Aug | Sep | Oct | Nov | Dec |
2014: Jan | Feb | Mar | Apr | May | Jun | Jul | Aug | Sep | Oct | Nov | Dec |
2013: Jan | Feb | Mar | Apr | May | Jun | Jul | Aug | Sep | Oct | Nov | Dec |
2012: Jan | Feb | Mar | Apr | May | Jun | Jul | Aug | Sep | Oct | Nov | Dec |
2011: Jan | Feb | Mar | Apr | May | Jun | Jul | Aug | Sep | Oct | Nov | Dec |
2010: Jan | Feb | Mar | Apr | May | Jun | Jul | Aug | Sep | Oct | Nov | Dec |
2009: Jan | Feb | Mar | Apr | May | Jun | Jul | Aug | Sep | Oct | Nov | Dec |
2008: Jan | Feb | Mar | Apr | May | Jun | Jul | Aug | Sep | Oct | Nov | Dec |
2007: Jan | Feb | Mar | Apr | May | Jun | Jul | Aug | Sep | Oct | Nov | Dec |
2006: Jan | Feb | Mar | Apr | May | Jun | Jul | Aug | Sep | Oct | Nov | Dec |
2005: Jan | Feb | Mar | Apr | May | Jun | Jul | Aug | Sep | Oct | Nov | Dec |
2004: Jan | Feb | Mar | Apr | May | Jun | Jul | Aug | Sep | Oct | Nov | Dec |
2003: Jan | Feb | Mar | Apr | May | Jun | Jul | Aug | Sep | Oct | Nov | Dec |

Report for 2019 March
                   MONTHLY CLIMATOLOGICAL SUMMARY for MAR. 2019

NAME: Patrick Nijs   CITY: Heist-op-den-Berg   STATE: Belgium 
ELEV:    15 m  LAT:  51° 04' 15" N  LONG:   4° 42' 13" E

                   TEMPERATURE (°C), RAIN  (mm), WIND SPEED (km/hr)

                                      HEAT  COOL        AVG
    MEAN                              DEG   DEG         WIND                 DOM
DAY TEMP  HIGH   TIME   LOW    TIME   DAYS  DAYS  RAIN  SPEED HIGH   TIME    DIR
------------------------------------------------------------------------------------
 1   7.3   9.7    0:15   6.2   00:00  11.0   0.0   5.2   1.3  22.5    7:00   WNW
 2   8.7  10.9   17:30   6.2    0:30   9.7   0.0   0.2   1.6  32.2   20:00   SSW
 3  11.6  13.2   23:15  10.0    9:15   6.7   0.0   3.4   4.0  37.0   21:30   SSW
 4   9.4  13.6    4:15   5.8   11:15   8.9   0.0   4.6   9.2  48.3    7:30     W
 5   7.4  11.1   16:15   4.4    7:30  10.9   0.0   1.6   3.1  30.6    1:15     W
 6  10.7  12.9   15:00   8.3    1:00   7.7   0.0   0.6   1.8  29.0   13:45   SSE
 7   9.3  11.7   13:30   7.3   22:30   9.0   0.0  10.2   6.8  40.2   14:45     W
 8   8.6  11.9   15:45   6.2    6:30   9.7   0.0   2.6   3.1  32.2    0:30     W
 9  10.2  12.7   16:00   8.0    1:45   8.1   0.0   2.0   6.8  45.1   16:00     W
10   8.2  12.2   11:00   3.9   00:00  10.1   0.0  10.8   8.2  72.4   13:45     W
11   5.4   8.8   15:45   2.9    4:45  12.8   0.0   2.0   7.1  43.5   12:15   WNW
12   7.3  10.8   16:30   4.3    0:15  11.0   0.0   2.2   4.8  45.1   20:15     S
13   7.0   9.4   16:15   5.0    1:15  11.3   0.0   4.8   8.4  46.7   16:30   WNW
14   8.7  12.6   16:45   6.4    6:30   9.7   0.0  11.2   6.8  48.3   16:45   WNW
15  10.2  12.9   15:45   7.3    3:00   8.1   0.0  17.8   6.1  38.6   13:45     W
16  10.8  12.2   19:30   8.2    3:45   7.5   0.0   3.0   5.0  40.2   14:15     W
17   7.3  11.6    0:15   3.3   00:00  11.0   0.0   6.0   4.0  38.6   16:45    SW
18   5.7  11.1   14:45   1.1   00:00  12.6   0.0   0.0   2.3  29.0   11:30     W
19   5.8  11.4   15:15  -0.3    7:00  12.5   0.0   0.0   0.3  16.1   12:45     W
20   9.6  13.9   16:30   4.3    2:15   8.8   0.0   0.0   0.5  19.3   14:30   WNW
21   9.7  15.8   16:45   4.1    6:30   8.6   0.0   0.0   0.2  14.5   12:15   WNW
22  10.4  19.8   16:30   3.7    7:30   8.0   0.2   0.0   0.3  16.1   14:15     E
23   9.7  12.2   15:45   7.9    0:15   8.6   0.0   0.0   0.3  14.5   11:30   WNW
24   8.4  13.3   16:00   4.2    7:15   9.9   0.0   0.0   1.1  17.7   16:30   WNW
25   7.7  10.5   15:00   5.2    4:30  10.6   0.0   0.2   4.5  30.6    9:45    NW
26   8.1  11.9   15:45   4.5    6:45  10.3   0.0   0.0   0.6  16.1   12:30   WNW
27   8.5  12.2   14:15   4.7    1:15   9.8   0.0   0.0   0.0  11.3   11:30   WNW
28   9.9  13.8   15:30   5.8   00:00   8.4   0.0   0.0   0.0   6.4   10:30   WNW
29  11.0  18.6   17:00   2.3    7:00   7.3   0.0   0.0   0.5  12.9   13:00   ENE
30  12.9  19.8   16:00   6.3    6:45   5.5   0.1   0.0   1.1  20.9   16:00   WNW
31  10.2  13.9   15:15   8.1   00:00   7.7   0.0   0.0   1.8  22.5   14:00   ENE
-------------------------------------------------------------------------------------
     8.9  19.8    22    -0.3    19   291.7   0.3  88.4   3.3  72.4    10       W

Max >=  32.0:  0
Max <=   0.0:  0
Min <=   0.0:  1
Min <= -18.0:  0
Max Rain: 17.81 ON 15/03/19
Days of Rain: 18 (> .2 mm) 14 (> 2 mm) 0 (> 20 mm)
Heat Base:  18.3  Cool Base:  18.3  Method: Integration
Benelux Weer Netwerk cwop awekas hwa wcloud pwsweather wow wow