NOAA-Style Climate Reports

Select a Year or Month report
2021: Jan | Feb | Mar | Apr | May | Jun | Jul | Aug | Sep | Oct | Nov | Dec |
2020: Jan | Feb | Mar | Apr | May | Jun | Jul | Aug | Sep | Oct | Nov | Dec |
2019: Jan | Feb | Mar | Apr | May | Jun | Jul | Aug | Sep | Oct | Nov | Dec |
2018: Jan | Feb | Mar | Apr | May | Jun | Jul | Aug | Sep | Oct | Nov | Dec |
2017: Jan | Feb | Mar | Apr | May | Jun | Jul | Aug | Sep | Oct | Nov | Dec |
2016: Jan | Feb | Mar | Apr | May | Jun | Jul | Aug | Sep | Oct | Nov | Dec |
2015: Jan | Feb | Mar | Apr | May | Jun | Jul | Aug | Sep | Oct | Nov | Dec |
2014: Jan | Feb | Mar | Apr | May | Jun | Jul | Aug | Sep | Oct | Nov | Dec |
2013: Jan | Feb | Mar | Apr | May | Jun | Jul | Aug | Sep | Oct | Nov | Dec |
2012: Jan | Feb | Mar | Apr | May | Jun | Jul | Aug | Sep | Oct | Nov | Dec |
2011: Jan | Feb | Mar | Apr | May | Jun | Jul | Aug | Sep | Oct | Nov | Dec |
2010: Jan | Feb | Mar | Apr | May | Jun | Jul | Aug | Sep | Oct | Nov | Dec |
2009: Jan | Feb | Mar | Apr | May | Jun | Jul | Aug | Sep | Oct | Nov | Dec |
2008: Jan | Feb | Mar | Apr | May | Jun | Jul | Aug | Sep | Oct | Nov | Dec |
2007: Jan | Feb | Mar | Apr | May | Jun | Jul | Aug | Sep | Oct | Nov | Dec |
2006: Jan | Feb | Mar | Apr | May | Jun | Jul | Aug | Sep | Oct | Nov | Dec |
2005: Jan | Feb | Mar | Apr | May | Jun | Jul | Aug | Sep | Oct | Nov | Dec |
2004: Jan | Feb | Mar | Apr | May | Jun | Jul | Aug | Sep | Oct | Nov | Dec |
2003: Jan | Feb | Mar | Apr | May | Jun | Jul | Aug | Sep | Oct | Nov | Dec |

Report for 2019 May
                   MONTHLY CLIMATOLOGICAL SUMMARY for MAY. 2019

NAME: Patrick Nijs   CITY: Heist-op-den-Berg   STATE: Belgium 
ELEV:    15 m  LAT:  51° 04' 15" N  LONG:   4° 42' 13" E

                   TEMPERATURE (°C), RAIN  (mm), WIND SPEED (km/hr)

                                      HEAT  COOL        AVG
    MEAN                              DEG   DEG         WIND                 DOM
DAY TEMP  HIGH   TIME   LOW    TIME   DAYS  DAYS  RAIN  SPEED HIGH   TIME    DIR
------------------------------------------------------------------------------------
 1  11.2  16.5   17:15   5.3    6:30   7.1   0.0   0.0   0.5  16.1   16:30     W
 2   9.6  14.0   12:00   5.4    7:15   8.7   0.0   7.2   0.8  19.3   12:15     W
 3   9.4  12.8   15:15   6.7    4:00   8.9   0.0   1.2   0.5  20.9   16:15   WNW
 4   6.9  11.1   16:15   4.3   00:00  11.3   0.0   8.2   1.4  27.4   15:15     N
 5   7.1  12.1   16:00   2.4    3:15  11.2   0.0   0.4   0.6  20.9   12:45     N
 6   7.1  11.6   13:45   2.0    3:45  11.2   0.0   0.4   1.0  20.9   14:30     W
 7   9.3  15.2   16:45   2.9    6:15   8.9   0.0   0.0   0.3  16.1   15:15     S
 8  10.8  14.1   17:00   8.8    5:00   7.5   0.0   1.4   1.1  22.5   15:45   ESE
 9  12.1  17.6   16:15   7.9    5:45   6.3   0.0   0.4   1.4  20.9   16:15   SSE
10  11.3  15.5   17:00   8.3    9:45   7.0   0.0  11.8   0.8  20.9    0:15     W
11  12.5  17.3   16:00   7.9   00:00   5.8   0.0   0.0   0.6  19.3   14:45     N
12  10.2  15.4   16:00   4.3    4:30   8.1   0.0   0.0   0.3  20.9   10:15     N
13  11.3  18.0   17:00   4.0    6:15   7.0   0.0   0.0   1.0  19.3   15:45   ENE
14  12.0  17.6   18:30   5.6    6:30   6.3   0.0   0.0   1.3  20.9   15:00   ENE
15  13.0  18.5   16:30   5.9    6:15   5.3   0.0   0.0   1.1  20.9   12:30     E
16  13.1  18.4   18:30   6.7    5:30   5.2   0.0   0.0   0.8  22.5   18:30     E
17  11.8  13.5   16:45  10.0    5:30   6.5   0.0   0.0   0.3  14.5   10:00     E
18  15.7  22.6   17:30   8.6    6:30   3.4   0.8   0.0   0.2  11.3   13:30   ENE
19  15.3  21.7   15:30  12.1   00:00   3.3   0.3   5.2   0.2  16.1   17:45   WNW
20  12.4  13.8   15:45  11.3   00:00   5.9   0.0   0.4   1.9  20.9   17:15   WNW
21  12.6  16.6   17:00  10.0   00:00   5.7   0.0   0.0   2.9  27.4   11:45   WNW
22  14.9  21.3   16:00  10.0    0:15   3.8   0.4   0.0   0.8  20.9   15:30   WNW
23  16.8  23.4   18:45   8.4    6:15   3.0   1.5   0.0   0.8  22.5   14:00   WNW
24  17.5  23.9   16:00  11.8    6:15   2.1   1.4   0.0   1.1  24.1   13:15   WNW
25  14.1  20.2   18:45   8.4    5:45   4.3   0.1   0.4   0.2  14.5   14:45     W
26  15.6  21.2   15:15   9.4    5:15   3.4   0.6   0.6   2.4  25.7   15:30     W
27  15.7  19.2   15:45  12.2    6:30   2.7   0.1   3.8   1.3  20.9   12:30     W
28  12.8  15.7   15:30  10.2   10:45   5.5   0.0   2.0   0.8  24.1   12:00     W
29  14.0  20.3   19:30   6.2    6:15   4.5   0.2   0.0   0.5  17.7   20:00   ESE
30  17.4  21.5   18:15  13.3    5:30   1.7   0.9   0.0   2.6  27.4    3:45     W
31  18.0  21.2   18:15  13.7    6:15   1.1   0.8   0.0   1.6  20.9   11:45     W
-------------------------------------------------------------------------------------
    12.6  23.9    24     2.0     6   182.7   7.1  43.5   1.0  27.4     4     WNW

Max >=  32.0:  0
Max <=   0.0:  0
Min <=   0.0:  0
Min <= -18.0:  0
Max Rain: 11.81 ON 10/05/19
Days of Rain: 14 (> .2 mm) 6 (> 2 mm) 0 (> 20 mm)
Heat Base:  18.3  Cool Base:  18.3  Method: Integration
Benelux Weer Netwerk cwop awekas hwa wcloud pwsweather wow wow