NOAA-Style Climate Reports

Select a Year or Month report
2021: Jan | Feb | Mar | Apr | May | Jun | Jul | Aug | Sep | Oct | Nov | Dec |
2020: Jan | Feb | Mar | Apr | May | Jun | Jul | Aug | Sep | Oct | Nov | Dec |
2019: Jan | Feb | Mar | Apr | May | Jun | Jul | Aug | Sep | Oct | Nov | Dec |
2018: Jan | Feb | Mar | Apr | May | Jun | Jul | Aug | Sep | Oct | Nov | Dec |
2017: Jan | Feb | Mar | Apr | May | Jun | Jul | Aug | Sep | Oct | Nov | Dec |
2016: Jan | Feb | Mar | Apr | May | Jun | Jul | Aug | Sep | Oct | Nov | Dec |
2015: Jan | Feb | Mar | Apr | May | Jun | Jul | Aug | Sep | Oct | Nov | Dec |
2014: Jan | Feb | Mar | Apr | May | Jun | Jul | Aug | Sep | Oct | Nov | Dec |
2013: Jan | Feb | Mar | Apr | May | Jun | Jul | Aug | Sep | Oct | Nov | Dec |
2012: Jan | Feb | Mar | Apr | May | Jun | Jul | Aug | Sep | Oct | Nov | Dec |
2011: Jan | Feb | Mar | Apr | May | Jun | Jul | Aug | Sep | Oct | Nov | Dec |
2010: Jan | Feb | Mar | Apr | May | Jun | Jul | Aug | Sep | Oct | Nov | Dec |
2009: Jan | Feb | Mar | Apr | May | Jun | Jul | Aug | Sep | Oct | Nov | Dec |
2008: Jan | Feb | Mar | Apr | May | Jun | Jul | Aug | Sep | Oct | Nov | Dec |
2007: Jan | Feb | Mar | Apr | May | Jun | Jul | Aug | Sep | Oct | Nov | Dec |
2006: Jan | Feb | Mar | Apr | May | Jun | Jul | Aug | Sep | Oct | Nov | Dec |
2005: Jan | Feb | Mar | Apr | May | Jun | Jul | Aug | Sep | Oct | Nov | Dec |
2004: Jan | Feb | Mar | Apr | May | Jun | Jul | Aug | Sep | Oct | Nov | Dec |
2003: Jan | Feb | Mar | Apr | May | Jun | Jul | Aug | Sep | Oct | Nov | Dec |

Report for 2019 September
                   MONTHLY CLIMATOLOGICAL SUMMARY for SEP. 2019

NAME: Patrick Nijs   CITY: Heist-op-den-Berg   STATE: Belgium 
ELEV:    15 m  LAT:  51° 04' 15" N  LONG:   4° 42' 13" E

                   TEMPERATURE (°C), RAIN  (mm), WIND SPEED (km/hr)

                                      HEAT  COOL        AVG
    MEAN                              DEG   DEG         WIND                 DOM
DAY TEMP  HIGH   TIME   LOW    TIME   DAYS  DAYS  RAIN  SPEED HIGH   TIME    DIR
------------------------------------------------------------------------------------
 1  17.3  20.9   15:45  12.1   00:00   1.4   0.5   0.0   1.1  19.3   14:30   WNW
 2  15.6  21.9   17:30   9.6    7:30   3.3   0.6   0.0   1.0  17.7   10:45   WNW
 3  16.3  19.6   16:30  12.6    7:15   2.1   0.2   0.0   1.1  19.3   13:15     W
 4  16.2  21.6   13:45  13.5    4:15   2.5   0.3   8.0   1.8  25.7   10:15     W
 5  13.4  16.1   12:45  10.2   00:00   4.9   0.0   1.8   1.0  30.6   14:45   WNW
 6  13.5  19.9   16:00   6.6    7:00   5.0   0.2   0.2   1.3  25.7   14:30     W
 7  14.7  18.4   17:45  12.4    7:45   3.7   0.0   0.8   0.5  17.7   14:15   WNW
 8  14.0  19.3   16:00   9.4    7:00   4.4   0.0   0.0   0.2  14.5   13:45   WNW
 9  12.7  18.6   17:30   7.1    7:30   5.6   0.0   0.0   0.2  16.1   14:15     W
10  14.4  21.4   16:15   6.7    7:15   4.5   0.6   0.0   0.2  17.7   15:45   WNW
11  14.9  18.2   18:00  10.8    4:30   3.4   0.0   1.6   0.8  25.7   15:45     W
12  19.6  23.7   16:45  16.9    3:30   0.5   1.8   0.0   2.3  25.7   12:30     W
13  19.1  24.1   16:45  15.2   00:00   0.4   1.2   0.0   0.5  25.7    2:45   WNW
14  16.7  23.3   16:00  10.3    7:45   2.8   1.2   0.0   0.2  14.5   12:30     E
15  16.4  24.7   17:00   8.2    7:15   3.6   1.7   0.0   0.8  20.9   13:30   WNW
16  16.1  20.3   14:15  13.7    5:30   2.4   0.2   0.0   0.2  12.9   12:30   WNW
17  14.7  19.6   17:00   9.1   00:00   3.6   0.1   0.0   0.6  20.9   15:15   WNW
18  11.9  18.7   16:00   5.4    8:00   6.3   0.0   0.0   0.0  12.9   12:00   ENE
19  12.1  18.3   17:45   5.9    7:45   6.2   0.0   0.0   0.2  14.5   17:00   ENE
20  13.4  20.5   16:30   6.3    8:00   5.2   0.3   0.0   1.0  17.7   14:30     E
21  16.9  26.7   17:00   8.2    7:30   3.5   2.1   0.0   1.3  20.9   11:15   ESE
22  19.1  26.8   17:00  13.4    7:30   1.6   2.4   4.8   0.8  20.9   11:45    SE
23  16.7  20.7   15:45  14.6    8:15   2.0   0.4   0.8   0.5  17.7   15:30     W
24  15.5  18.4   13:45  13.2   22:45   2.8   0.0  10.4   0.6  16.1   12:45    SE
25  14.8  17.1   14:00  12.2    4:45   3.5   0.0   4.4   1.0  27.4   11:30   SSW
26  16.0  19.4   16:00  13.8   22:15   2.4   0.1   9.8   1.0  27.4   21:30   SSW
27  15.2  19.3   16:15  12.7    6:30   3.2   0.0   2.2   1.3  27.4   16:00     S
28  15.1  17.4   15:30  13.4   23:30   3.2   0.0   1.4   3.2  32.2   18:45     W
29  15.4  18.3   16:45  13.4    9:30   2.8   0.0   5.8   3.4  38.6   15:30   SSW
30  15.3  18.4   16:15  13.3    8:00   3.0   0.0   1.0   3.4  37.0    0:45     W
-------------------------------------------------------------------------------------
    15.4  26.8    22     5.4    18    99.8  13.9  53.0   1.0  38.6    29       W

Max >=  32.0:  0
Max <=   0.0:  0
Min <=   0.0:  0
Min <= -18.0:  0
Max Rain: 10.39 ON 24/09/19
Days of Rain: 14 (> .2 mm) 7 (> 2 mm) 0 (> 20 mm)
Heat Base:  18.3  Cool Base:  18.3  Method: Integration
Benelux Weer Netwerk cwop awekas hwa wcloud pwsweather wow wow