-->

NOAA-Style Climate Reports

Select a Year or Month report
2021: Jan | Feb | Mar | Apr | May | Jun | Jul | Aug | Sep | Oct | Nov | Dec |
2020: Jan | Feb | Mar | Apr | May | Jun | Jul | Aug | Sep | Oct | Nov | Dec |
2019: Jan | Feb | Mar | Apr | May | Jun | Jul | Aug | Sep | Oct | Nov | Dec |
2018: Jan | Feb | Mar | Apr | May | Jun | Jul | Aug | Sep | Oct | Nov | Dec |
2017: Jan | Feb | Mar | Apr | May | Jun | Jul | Aug | Sep | Oct | Nov | Dec |
2016: Jan | Feb | Mar | Apr | May | Jun | Jul | Aug | Sep | Oct | Nov | Dec |
2015: Jan | Feb | Mar | Apr | May | Jun | Jul | Aug | Sep | Oct | Nov | Dec |
2014: Jan | Feb | Mar | Apr | May | Jun | Jul | Aug | Sep | Oct | Nov | Dec |
2013: Jan | Feb | Mar | Apr | May | Jun | Jul | Aug | Sep | Oct | Nov | Dec |
2012: Jan | Feb | Mar | Apr | May | Jun | Jul | Aug | Sep | Oct | Nov | Dec |
2011: Jan | Feb | Mar | Apr | May | Jun | Jul | Aug | Sep | Oct | Nov | Dec |
2010: Jan | Feb | Mar | Apr | May | Jun | Jul | Aug | Sep | Oct | Nov | Dec |
2009: Jan | Feb | Mar | Apr | May | Jun | Jul | Aug | Sep | Oct | Nov | Dec |
2008: Jan | Feb | Mar | Apr | May | Jun | Jul | Aug | Sep | Oct | Nov | Dec |
2007: Jan | Feb | Mar | Apr | May | Jun | Jul | Aug | Sep | Oct | Nov | Dec |
2006: Jan | Feb | Mar | Apr | May | Jun | Jul | Aug | Sep | Oct | Nov | Dec |
2005: Jan | Feb | Mar | Apr | May | Jun | Jul | Aug | Sep | Oct | Nov | Dec |
2004: Jan | Feb | Mar | Apr | May | Jun | Jul | Aug | Sep | Oct | Nov | Dec |
2003: Jan | Feb | Mar | Apr | May | Jun | Jul | Aug | Sep | Oct | Nov | Dec |

Report for 2020 February
                   MONTHLY CLIMATOLOGICAL SUMMARY for FEB. 2020

NAME: Patrick Nijs   CITY: Heist-op-den-Berg   STATE: Belgium 
ELEV:    15 m  LAT:  51° 04' 15" N  LONG:   4° 42' 13" E

                   TEMPERATURE (°C), RAIN  (mm), WIND SPEED (km/hr)

                                      HEAT  COOL        AVG
    MEAN                              DEG   DEG         WIND                 DOM
DAY TEMP  HIGH   TIME   LOW    TIME   DAYS  DAYS  RAIN  SPEED HIGH   TIME    DIR
------------------------------------------------------------------------------------
 1  11.1  12.7    0:15   8.4   00:00   7.2   0.0  10.2   4.3  35.4   15:30     W
 2  10.1  13.8   14:45   6.6    9:30   8.2   0.0   3.4   4.2  43.5   14:15     W
 3  10.2  11.6    0:15   5.9   23:45   8.1   0.0   8.8   4.2  30.6    2:45     W
 4   5.8   7.2   19:15   3.8    9:15  12.5   0.0   3.4   4.7  32.2   12:15   WNW
 5   4.6   8.9   15:45  -0.1    6:45  13.8   0.0   0.2   0.2  14.5   15:45     W
 6   4.3   9.4   16:15   0.1    7:45  14.0   0.0   0.0   0.0   8.0   16:30   SSW
 7   4.4  10.5   15:45  -0.6    8:30  13.9   0.0   0.2   0.8  19.3   14:30    SE
 8   8.2  11.7   11:45   4.2    1:45  10.1   0.0   1.4   0.5  17.7   11:00   SSE
 9  10.2  13.5   22:15   6.4    1:30   8.1   0.0   7.2   9.5  61.2   19:00   SSW
10   8.6  11.6    0:15   3.7   22:45   9.7   0.0   5.2  13.8  57.9    7:15     W
11   6.3   8.8   15:00   3.8    0:15  12.0   0.0   0.2  12.2  54.7   16:45     W
12   5.6   8.7   14:15   3.8    4:30  12.7   0.0   0.0   5.6  32.2   10:00     W
13   6.4   9.8   15:30   3.1    1:30  11.8   0.0   8.4   2.6  32.2    9:45    SE
14   7.9   9.8   15:45   6.4    7:15  10.4   0.0   0.4   2.1  27.4    2:00     W
15  10.6  13.7   15:00   7.7    1:00   7.7   0.0   0.0   3.7  37.0   23:30     S
16  13.2  17.7   17:30   7.8   22:45   5.1   0.0  10.6  10.9  54.7    9:00   SSW
17   8.8  10.9   14:15   7.3    9:00   9.6   0.0   0.8   5.0  41.8   13:00     W
18   7.6   9.6   15:15   5.4    6:45  10.8   0.0   0.2   4.0  33.8   21:30    SW
19   6.4   8.3   16:30   4.4    8:00  11.9   0.0   7.8   3.9  35.4    0:30     W
20   8.2  10.9   17:15   3.7   22:30  10.1   0.0   6.8   3.9  53.1   21:30   SSW
21   6.7  10.2   15:15   3.2    7:15  11.6   0.0   0.0   3.4  35.4   20:30    SW
22   8.7  10.7   20:00   6.7    6:15   9.7   0.0   1.2   5.3  37.0    9:30    SW
23  10.3  12.9   16:15   6.8   00:00   7.9   0.0   5.0   6.9  51.5   12:45     W
24   8.2  12.0   16:00   3.9    2:00  10.1   0.0   4.4   3.9  37.0   14:30     W
25   7.1  10.3    1:15   2.8   22:45  11.2   0.0   7.6   4.2  30.6    3:45     W
26   2.9   5.9   15:45   0.7    5:45  15.4   0.0  11.0   4.2  32.2    2:00     W
27   2.2   3.4   23:30   0.4   16:30  16.1   0.0   9.0   1.4  22.5   10:30    SE
28   4.2   8.4   00:00   0.7    7:00  14.1   0.0   4.0   2.1  33.8   15:45     S
29   9.2  13.3   12:45   5.1   22:45   9.1   0.0   1.2   4.7  46.7   14:00   SSW
-------------------------------------------------------------------------------------
     7.5  17.7    16    -0.6     7   312.8   0.0 118.6   4.6  61.2     9       W

Max >=  32.0:  0
Max <=   0.0:  0
Min <=   0.0:  2
Min <= -18.0:  0
Max Rain: 11.00 ON 26/02/20
Days of Rain: 25 (> .2 mm) 16 (> 2 mm) 0 (> 20 mm)
Heat Base:  18.3  Cool Base:  18.3  Method: Integration
Benelux Weer Netwerk cwop awekas hwa wcloud pwsweather wow wow