NOAA-Style Climate Reports

Select a Year or Month report
2021: Jan | Feb | Mar | Apr | May | Jun | Jul | Aug | Sep | Oct | Nov | Dec |
2020: Jan | Feb | Mar | Apr | May | Jun | Jul | Aug | Sep | Oct | Nov | Dec |
2019: Jan | Feb | Mar | Apr | May | Jun | Jul | Aug | Sep | Oct | Nov | Dec |
2018: Jan | Feb | Mar | Apr | May | Jun | Jul | Aug | Sep | Oct | Nov | Dec |
2017: Jan | Feb | Mar | Apr | May | Jun | Jul | Aug | Sep | Oct | Nov | Dec |
2016: Jan | Feb | Mar | Apr | May | Jun | Jul | Aug | Sep | Oct | Nov | Dec |
2015: Jan | Feb | Mar | Apr | May | Jun | Jul | Aug | Sep | Oct | Nov | Dec |
2014: Jan | Feb | Mar | Apr | May | Jun | Jul | Aug | Sep | Oct | Nov | Dec |
2013: Jan | Feb | Mar | Apr | May | Jun | Jul | Aug | Sep | Oct | Nov | Dec |
2012: Jan | Feb | Mar | Apr | May | Jun | Jul | Aug | Sep | Oct | Nov | Dec |
2011: Jan | Feb | Mar | Apr | May | Jun | Jul | Aug | Sep | Oct | Nov | Dec |
2010: Jan | Feb | Mar | Apr | May | Jun | Jul | Aug | Sep | Oct | Nov | Dec |
2009: Jan | Feb | Mar | Apr | May | Jun | Jul | Aug | Sep | Oct | Nov | Dec |
2008: Jan | Feb | Mar | Apr | May | Jun | Jul | Aug | Sep | Oct | Nov | Dec |
2007: Jan | Feb | Mar | Apr | May | Jun | Jul | Aug | Sep | Oct | Nov | Dec |
2006: Jan | Feb | Mar | Apr | May | Jun | Jul | Aug | Sep | Oct | Nov | Dec |
2005: Jan | Feb | Mar | Apr | May | Jun | Jul | Aug | Sep | Oct | Nov | Dec |
2004: Jan | Feb | Mar | Apr | May | Jun | Jul | Aug | Sep | Oct | Nov | Dec |
2003: Jan | Feb | Mar | Apr | May | Jun | Jul | Aug | Sep | Oct | Nov | Dec |

Report for 2020 March
                   MONTHLY CLIMATOLOGICAL SUMMARY for MAR. 2020

NAME: Patrick Nijs   CITY: Heist-op-den-Berg   STATE: Belgium 
ELEV:    15 m  LAT:  51° 04' 15" N  LONG:   4° 42' 13" E

                   TEMPERATURE (°C), RAIN  (mm), WIND SPEED (km/hr)

                                      HEAT  COOL        AVG
    MEAN                              DEG   DEG         WIND                 DOM
DAY TEMP  HIGH   TIME   LOW    TIME   DAYS  DAYS  RAIN  SPEED HIGH   TIME    DIR
------------------------------------------------------------------------------------
 1   7.5   9.7   15:15   5.8    0:15  10.8   0.0   0.0   3.4  37.0    3:45    SW
 2   6.3   8.7   15:00   4.3    3:15  12.0   0.0   5.8   1.3  22.5   20:15    SE
 3   4.8   9.1   14:00   1.2    8:00  13.5   0.0   0.0   1.3  22.5   13:30    SW
 4   6.3   9.3   14:15   3.5    7:30  12.0   0.0   2.0   1.3  22.5   14:45   SSW
 5   6.1   7.2   14:45   4.9    3:30  12.3   0.0  13.6   1.8  20.9   17:00   ESE
 6   5.9   8.6   13:45   4.5    4:45  12.4   0.0   4.4   3.1  30.6   15:00   WNW
 7   7.1  11.0   14:30   2.2    7:45  11.2   0.0   0.4   1.9  24.1   12:30   SSW
 8   8.4   9.6   17:00   7.1   22:15   9.9   0.0   2.8   2.3  30.6    9:45     S
 9   8.1  10.0   14:00   6.3    7:30  10.2   0.0   0.6   3.5  27.4   14:15    SW
10  10.5  13.0   16:15   6.6    1:30   7.8   0.0  15.2   6.0  37.0    4:00     W
11  12.4  15.2   16:45  10.1   10:00   5.9   0.0   8.0   5.6  38.6    0:15     W
12   9.9  14.2    0:15   6.6   00:00   8.4   0.0   3.0   7.1  41.8    1:00     W
13   7.5  10.5   14:00   5.8    2:15  10.8   0.0   1.6   3.1  32.2   10:00     W
14   7.5  11.2   12:45   3.3    6:15  10.8   0.0   0.0   1.3  22.5   10:45   SSE
15  10.6  14.3   15:45   7.3    6:00   7.7   0.0   0.0   1.1  25.7   12:15   SSW
16   9.2  13.7   15:00   4.1    7:00   9.1   0.0   0.0   0.2  14.5   14:45   WNW
17   9.3  15.2   16:00   3.2    7:00   9.0   0.0   0.0   0.8  20.9   16:15     W
18  10.6  17.4   16:45   4.1    7:00   7.7   0.0   0.0   1.6  24.1   14:15     W
19   9.4  14.9   14:45   3.8    6:30   8.9   0.0   0.0   0.0  16.1   18:45   ENE
20   7.6   9.6   14:30   4.8   22:45  10.7   0.0   2.4   1.6  25.7   23:15   ENE
21   6.4  10.6   15:15   3.7    7:45  11.8   0.0   0.2   7.9  30.6   15:00   ENE
22   6.2  11.4   15:45   1.3    6:15  12.1   0.0   0.0   8.0  30.6    9:15     E
23   6.2  12.5   16:45   0.5    7:00  12.2   0.0   0.0   5.3  25.7   14:30     E
24   6.5  13.3   17:00  -0.8    7:15  11.8   0.0   0.0   2.7  22.5   12:45   ESE
25   6.4  12.4   16:30  -0.6    6:45  11.8   0.0   0.0   2.7  22.5   14:45   ENE
26   7.3  11.8   16:15   1.8    6:45  11.0   0.0   0.0   4.8  25.7   16:15   ENE
27   8.8  15.3   15:30   2.4    6:00   9.5   0.0   0.0   1.4  19.3    8:45   ENE
28   9.1  15.2   14:00   4.9    5:45   9.2   0.0   0.0   1.9  25.7   13:45     N
29   5.4   7.9   13:45   1.8   00:00  12.3   0.0   0.0   4.3  37.0   11:45     N
30   4.0   9.4   17:30  -2.1    7:30  14.3   0.0   0.0   0.3  14.5    0:30    NE
31   5.7  10.8   17:30   1.2    7:30  12.6   0.0   0.0   1.9  22.5   17:30   ENE
-------------------------------------------------------------------------------------
     7.6  17.4    18    -2.1    30   329.7   0.0  60.0   2.9  41.8    12     ENE

Max >=  32.0:  0
Max <=   0.0:  0
Min <=   0.0:  3
Min <= -18.0:  0
Max Rain: 15.19 ON 10/03/20
Days of Rain: 13 (> .2 mm) 9 (> 2 mm) 0 (> 20 mm)
Heat Base:  18.3  Cool Base:  18.3  Method: Integration
Benelux Weer Netwerk cwop awekas hwa wcloud pwsweather wow wow