-->

NOAA-Style Climate Reports

Select a Year or Month report
2021: Jan | Feb | Mar | Apr | May | Jun | Jul | Aug | Sep | Oct | Nov | Dec |
2020: Jan | Feb | Mar | Apr | May | Jun | Jul | Aug | Sep | Oct | Nov | Dec |
2019: Jan | Feb | Mar | Apr | May | Jun | Jul | Aug | Sep | Oct | Nov | Dec |
2018: Jan | Feb | Mar | Apr | May | Jun | Jul | Aug | Sep | Oct | Nov | Dec |
2017: Jan | Feb | Mar | Apr | May | Jun | Jul | Aug | Sep | Oct | Nov | Dec |
2016: Jan | Feb | Mar | Apr | May | Jun | Jul | Aug | Sep | Oct | Nov | Dec |
2015: Jan | Feb | Mar | Apr | May | Jun | Jul | Aug | Sep | Oct | Nov | Dec |
2014: Jan | Feb | Mar | Apr | May | Jun | Jul | Aug | Sep | Oct | Nov | Dec |
2013: Jan | Feb | Mar | Apr | May | Jun | Jul | Aug | Sep | Oct | Nov | Dec |
2012: Jan | Feb | Mar | Apr | May | Jun | Jul | Aug | Sep | Oct | Nov | Dec |
2011: Jan | Feb | Mar | Apr | May | Jun | Jul | Aug | Sep | Oct | Nov | Dec |
2010: Jan | Feb | Mar | Apr | May | Jun | Jul | Aug | Sep | Oct | Nov | Dec |
2009: Jan | Feb | Mar | Apr | May | Jun | Jul | Aug | Sep | Oct | Nov | Dec |
2008: Jan | Feb | Mar | Apr | May | Jun | Jul | Aug | Sep | Oct | Nov | Dec |
2007: Jan | Feb | Mar | Apr | May | Jun | Jul | Aug | Sep | Oct | Nov | Dec |
2006: Jan | Feb | Mar | Apr | May | Jun | Jul | Aug | Sep | Oct | Nov | Dec |
2005: Jan | Feb | Mar | Apr | May | Jun | Jul | Aug | Sep | Oct | Nov | Dec |
2004: Jan | Feb | Mar | Apr | May | Jun | Jul | Aug | Sep | Oct | Nov | Dec |
2003: Jan | Feb | Mar | Apr | May | Jun | Jul | Aug | Sep | Oct | Nov | Dec |

Report for 2020 April
                   MONTHLY CLIMATOLOGICAL SUMMARY for APR. 2020

NAME: Patrick Nijs   CITY: Heist-op-den-Berg   STATE: Belgium 
ELEV:    15 m  LAT:  51° 04' 15" N  LONG:   4° 42' 13" E

                   TEMPERATURE (°C), RAIN  (mm), WIND SPEED (km/hr)

                                      HEAT  COOL        AVG
    MEAN                              DEG   DEG         WIND                 DOM
DAY TEMP  HIGH   TIME   LOW    TIME   DAYS  DAYS  RAIN  SPEED HIGH   TIME    DIR
------------------------------------------------------------------------------------
 1   5.2  12.3   17:45  -1.7    7:30  13.1   0.0   0.0   0.0  12.9   16:30   WNW
 2   5.7  10.1   17:00  -1.2    7:30  12.6   0.0   0.0   0.8  19.3   17:15   WNW
 3   8.3  11.9   16:30   5.3    7:45  10.0   0.0   0.0   2.3  32.2   15:00   WNW
 4   9.9  16.4   17:45   2.6    7:00   8.4   0.0   0.0   0.6  17.7   15:30   ESE
 5  14.1  22.5   17:45   4.6    6:45   5.2   1.0   0.0   1.9  24.1   12:30    SE
 6  15.7  22.9   15:15   8.9    7:30   3.5   0.8   0.0   1.9  25.7   16:15   WNW
 7  14.6  21.3   17:00   6.1    7:45   4.3   0.6   0.0   0.2  16.1   17:30     E
 8  17.3  25.8   18:00   9.3    6:15   3.1   2.1   0.0   0.0   9.7   16:45   ENE
 9  16.4  22.9   16:45   9.2    6:45   3.1   1.2   0.0   0.3  16.1   14:00   ENE
10  15.3  22.1   16:45   8.3    7:15   3.8   0.8   0.0   0.6  19.3   15:00   ENE
11  15.8  23.8   18:30   7.6    7:15   3.9   1.4   0.0   0.3  12.9   13:30   ENE
12  16.1  23.7   17:15   6.7    7:15   3.8   1.6   0.0   0.3  19.3   14:45     W
13   9.8  14.3    0:15   5.1   00:00   8.5   0.0   4.4   1.8  24.1    5:15     N
14   7.4  11.2   18:00   4.5   00:00  10.8   0.0   0.0   0.2  14.5   14:45   ENE
15  10.2  19.1   18:45   1.4    5:45   8.1   0.0   0.0   0.2  14.5   12:00     E
16  15.4  25.7   17:45   4.8    7:00   4.6   1.7   0.0   0.3  17.7   19:00   ESE
17  15.0  21.4   16:30   8.7    7:30   3.8   0.6   0.0   1.6  17.7   16:15   ENE
18  11.6  14.3   19:15   8.8   00:00   6.6   0.0   5.0   0.3  12.9    4:15   ENE
19  12.1  17.6   19:30   7.8    4:00   6.3   0.0   0.0   0.6  19.3   19:45   ENE
20  14.1  19.6   17:45   7.9    7:00   4.4   0.2   0.0   6.8  32.2   15:15   ENE
21  15.2  21.1   16:30   8.9    6:45   3.6   0.5   0.0   7.4  32.2   12:15     E
22  16.4  22.7   17:15   9.5    6:45   3.0   1.1   0.0   4.7  29.0   15:15   ENE
23  17.3  25.0   16:45   9.4    7:00   2.9   1.9   0.0   0.2  11.3   13:00     E
24  13.7  20.8   15:45   8.2    6:45   5.0   0.4   0.0   1.0  19.3   16:30   WNW
25  11.6  17.4   17:45   7.8    4:30   6.8   0.0   0.0   0.2  14.5   13:00   ENE
26  11.8  19.7   18:00   3.4    7:00   6.6   0.1   0.0   0.2  14.5   14:45   WNW
27  14.7  22.8   17:45   5.7    5:15   4.8   1.2   0.0   1.0  25.7   16:15     W
28  12.2  15.9   18:45  10.1    6:45   6.1   0.0   9.2   0.3  35.4   19:30   ENE
29  12.8  17.4   16:00  10.1    2:00   5.5   0.0   1.0   1.9  24.1    9:45    SW
30  11.6  16.7   16:15   8.3   23:30   6.7   0.0   2.8   1.9  27.4    9:15   SSW
-------------------------------------------------------------------------------------
    12.9  25.8     8    -1.7     1   178.6  17.3  22.4   1.3  35.4    28     ENE

Max >=  32.0:  0
Max <=   0.0:  0
Min <=   0.0:  2
Min <= -18.0:  0
Max Rain: 9.19 ON 28/04/20
Days of Rain: 5 (> .2 mm) 4 (> 2 mm) 0 (> 20 mm)
Heat Base:  18.3  Cool Base:  18.3  Method: Integration
Benelux Weer Netwerk cwop awekas hwa wcloud pwsweather wow wow