NOAA-Style Climate Reports

Select a Year or Month report
2021: Jan | Feb | Mar | Apr | May | Jun | Jul | Aug | Sep | Oct | Nov | Dec |
2020: Jan | Feb | Mar | Apr | May | Jun | Jul | Aug | Sep | Oct | Nov | Dec |
2019: Jan | Feb | Mar | Apr | May | Jun | Jul | Aug | Sep | Oct | Nov | Dec |
2018: Jan | Feb | Mar | Apr | May | Jun | Jul | Aug | Sep | Oct | Nov | Dec |
2017: Jan | Feb | Mar | Apr | May | Jun | Jul | Aug | Sep | Oct | Nov | Dec |
2016: Jan | Feb | Mar | Apr | May | Jun | Jul | Aug | Sep | Oct | Nov | Dec |
2015: Jan | Feb | Mar | Apr | May | Jun | Jul | Aug | Sep | Oct | Nov | Dec |
2014: Jan | Feb | Mar | Apr | May | Jun | Jul | Aug | Sep | Oct | Nov | Dec |
2013: Jan | Feb | Mar | Apr | May | Jun | Jul | Aug | Sep | Oct | Nov | Dec |
2012: Jan | Feb | Mar | Apr | May | Jun | Jul | Aug | Sep | Oct | Nov | Dec |
2011: Jan | Feb | Mar | Apr | May | Jun | Jul | Aug | Sep | Oct | Nov | Dec |
2010: Jan | Feb | Mar | Apr | May | Jun | Jul | Aug | Sep | Oct | Nov | Dec |
2009: Jan | Feb | Mar | Apr | May | Jun | Jul | Aug | Sep | Oct | Nov | Dec |
2008: Jan | Feb | Mar | Apr | May | Jun | Jul | Aug | Sep | Oct | Nov | Dec |
2007: Jan | Feb | Mar | Apr | May | Jun | Jul | Aug | Sep | Oct | Nov | Dec |
2006: Jan | Feb | Mar | Apr | May | Jun | Jul | Aug | Sep | Oct | Nov | Dec |
2005: Jan | Feb | Mar | Apr | May | Jun | Jul | Aug | Sep | Oct | Nov | Dec |
2004: Jan | Feb | Mar | Apr | May | Jun | Jul | Aug | Sep | Oct | Nov | Dec |
2003: Jan | Feb | Mar | Apr | May | Jun | Jul | Aug | Sep | Oct | Nov | Dec |

Report for 2020 May
                   MONTHLY CLIMATOLOGICAL SUMMARY for MAY. 2020

NAME: Patrick Nijs   CITY: Heist-op-den-Berg   STATE: Belgium 
ELEV:    15 m  LAT:  51° 04' 15" N  LONG:   4° 42' 13" E

                   TEMPERATURE (°C), RAIN  (mm), WIND SPEED (km/hr)

                                      HEAT  COOL        AVG
    MEAN                              DEG   DEG         WIND                 DOM
DAY TEMP  HIGH   TIME   LOW    TIME   DAYS  DAYS  RAIN  SPEED HIGH   TIME    DIR
------------------------------------------------------------------------------------
 1  10.5  14.8   17:30   8.0    4:15   7.8   0.0   5.4   2.1  37.0   15:00     W
 2  10.6  15.1   16:45   7.4   00:00   7.7   0.0   2.6   2.3  25.7   17:00     W
 3  11.5  17.2   16:00   4.6    6:15   6.8   0.0   0.0   0.2  14.5   13:30    SW
 4  13.2  17.7   16:45  10.1   00:00   5.1   0.0   1.6   0.6  20.9   15:45   ENE
 5  11.0  16.6   17:15   6.1    6:15   7.3   0.0   0.0   2.7  25.7   11:30   ENE
 6  12.8  19.4   17:45   5.1    6:15   5.6   0.1   0.0   0.6  19.3   14:30     E
 7  15.1  22.6   16:45   5.4    6:30   4.3   1.0   0.0   0.3  14.5   11:30   ESE
 8  16.7  23.8   17:30   8.2    6:30   3.1   1.6   0.0   0.2  14.5   12:00   ENE
 9  19.0  26.0   16:45  10.4    6:30   2.1   2.8   0.0   0.8  20.9   13:30   ENE
10  16.0  22.1   16:00   8.5   00:00   2.9   0.6   0.4   0.5  24.1   21:00     N
11   9.3  13.3   15:30   6.1    4:45   9.0   0.0   1.2   3.4  32.2   10:30     N
12   8.0  13.4   18:00   1.7    6:00  10.3   0.0   0.0   0.0  17.7   12:15   WNW
13   9.4  14.8   12:45   4.4    2:15   8.9   0.0   0.0   0.3  16.1   13:45     N
14   9.6  15.8   16:15   2.7    5:30   8.7   0.0   0.0   1.6  20.9    9:30   ENE
15  10.9  17.9   17:00   3.3    6:15   7.4   0.0   0.0   0.3  17.7   13:15   ENE
16  11.6  17.4   17:00   4.2    6:15   6.7   0.0   0.0   1.6  24.1   18:15   WNW
17  13.7  21.0   16:30   4.3    6:15   5.2   0.5   0.0   0.6  17.7   14:15   WNW
18  16.4  24.2   18:00   9.5    6:15   3.3   1.4   0.0   1.3  25.7   12:45   WNW
19  17.3  24.9   17:00   9.6    6:45   2.7   1.7   0.0   0.3  22.5   17:30   WNW
20  18.6  25.9   17:15  10.7    6:00   2.1   2.3   0.0   0.2  16.1   11:00   ENE
21  20.9  28.9   19:30  11.4    6:15   1.5   4.1   0.0   0.0  12.9   13:15   ESE
22  19.6  25.2   13:15  16.2   00:00   0.4   1.6   0.4   2.3  29.0   19:15     W
23  15.8  19.5   15:15  13.2   00:00   2.6   0.1   0.0   4.3  40.2   15:30     W
24  13.7  16.6   18:00  10.2    6:15   4.6   0.0   0.4   1.8  22.5    9:00     W
25  17.6  23.8   16:30  12.6    5:30   2.1   1.4   0.0   0.2  19.3   17:15   NNW
26  18.1  25.9   17:00   9.1    6:30   2.6   2.5   0.0   0.0  12.9   15:00    NW
27  17.9  24.6   16:00  10.3    6:15   2.4   1.9   0.0   0.3  17.7   13:30     N
28  16.4  22.5   18:30   9.6    6:00   3.0   1.1   0.0   1.9  20.9   11:15   ENE
29  17.4  24.2   17:30   9.2    6:00   2.7   1.8   0.0   1.0  17.7   14:45   ENE
30  18.8  24.9   17:15  11.3    4:45   1.9   2.4   0.0   2.9  25.7   12:30     E
31  18.4  22.8   17:15  11.7    6:00   1.3   1.4   0.0   2.7  24.1   14:45   ENE
-------------------------------------------------------------------------------------
    14.7  28.9    21     1.7    12   141.9  30.5  12.0   1.2  40.2    23     ENE

Max >=  32.0:  0
Max <=   0.0:  0
Min <=   0.0:  0
Min <= -18.0:  0
Max Rain: 5.41 ON 01/05/20
Days of Rain: 7 (> .2 mm) 2 (> 2 mm) 0 (> 20 mm)
Heat Base:  18.3  Cool Base:  18.3  Method: Integration
Benelux Weer Netwerk cwop awekas hwa wcloud pwsweather wow wow