Thunderstorms From: 14-05-2021 10:59 Until: 22:59 warning for: Thunderstorms Level: Yellow info button

NOAA-Style Climate Reports

Select a Year or Month report
2021: Jan | Feb | Mar | Apr | May | Jun | Jul | Aug | Sep | Oct | Nov | Dec |
2020: Jan | Feb | Mar | Apr | May | Jun | Jul | Aug | Sep | Oct | Nov | Dec |
2019: Jan | Feb | Mar | Apr | May | Jun | Jul | Aug | Sep | Oct | Nov | Dec |
2018: Jan | Feb | Mar | Apr | May | Jun | Jul | Aug | Sep | Oct | Nov | Dec |
2017: Jan | Feb | Mar | Apr | May | Jun | Jul | Aug | Sep | Oct | Nov | Dec |
2016: Jan | Feb | Mar | Apr | May | Jun | Jul | Aug | Sep | Oct | Nov | Dec |
2015: Jan | Feb | Mar | Apr | May | Jun | Jul | Aug | Sep | Oct | Nov | Dec |
2014: Jan | Feb | Mar | Apr | May | Jun | Jul | Aug | Sep | Oct | Nov | Dec |
2013: Jan | Feb | Mar | Apr | May | Jun | Jul | Aug | Sep | Oct | Nov | Dec |
2012: Jan | Feb | Mar | Apr | May | Jun | Jul | Aug | Sep | Oct | Nov | Dec |
2011: Jan | Feb | Mar | Apr | May | Jun | Jul | Aug | Sep | Oct | Nov | Dec |
2010: Jan | Feb | Mar | Apr | May | Jun | Jul | Aug | Sep | Oct | Nov | Dec |
2009: Jan | Feb | Mar | Apr | May | Jun | Jul | Aug | Sep | Oct | Nov | Dec |
2008: Jan | Feb | Mar | Apr | May | Jun | Jul | Aug | Sep | Oct | Nov | Dec |
2007: Jan | Feb | Mar | Apr | May | Jun | Jul | Aug | Sep | Oct | Nov | Dec |
2006: Jan | Feb | Mar | Apr | May | Jun | Jul | Aug | Sep | Oct | Nov | Dec |
2005: Jan | Feb | Mar | Apr | May | Jun | Jul | Aug | Sep | Oct | Nov | Dec |
2004: Jan | Feb | Mar | Apr | May | Jun | Jul | Aug | Sep | Oct | Nov | Dec |
2003: Jan | Feb | Mar | Apr | May | Jun | Jul | Aug | Sep | Oct | Nov | Dec |

Report for 2020 June
                   MONTHLY CLIMATOLOGICAL SUMMARY for JUN. 2020

NAME: Patrick Nijs   CITY: Heist-op-den-Berg   STATE: Belgium 
ELEV:    15 m  LAT:  51° 04' 15" N  LONG:   4° 42' 13" E

                   TEMPERATURE (°C), RAIN  (mm), WIND SPEED (km/hr)

                                      HEAT  COOL        AVG
    MEAN                              DEG   DEG         WIND                 DOM
DAY TEMP  HIGH   TIME   LOW    TIME   DAYS  DAYS  RAIN  SPEED HIGH   TIME    DIR
------------------------------------------------------------------------------------
 1  20.3  27.2   16:15  12.8    6:15   1.4   3.4   0.0   1.1  19.3   11:30     E
 2  21.1  28.9   15:30  12.3    6:15   1.2   4.0   0.0   0.0  16.1   17:45   WNW
 3  17.9  23.8   17:00  11.9    5:30   1.9   1.5   0.0   0.3  14.5   10:45   WNW
 4  13.7  15.9   18:00  10.6   23:30   4.7   0.0   0.2   0.8  22.5   18:45   WNW
 5  10.7  14.5   14:45   7.2   23:15   7.6   0.0  13.2   1.9  33.8   15:15   WNW
 6  12.0  16.9   16:15   7.1    5:00   6.3   0.0   0.6   4.0  45.1   16:30     W
 7  14.3  19.4   15:30  10.3    5:45   4.1   0.0   0.0   2.6  24.1    7:45   WNW
 8  13.3  15.9   15:45  11.7    7:30   5.0   0.0   6.0   0.3  17.7   20:30   WNW
 9  13.8  17.0   18:00  11.3    7:00   4.5   0.0   0.0   0.2  14.5    8:45   WNW
10  13.8  18.8   18:45   9.2    4:00   4.5   0.0   0.0   0.0  11.3   19:00   ENE
11  16.7  21.5   17:45  12.8    6:15   2.0   0.4   0.4   0.6  16.1   18:00   ENE
12  18.4  24.2   13:30  14.1    6:00   1.5   1.6   9.2   0.8  24.1   14:45   ENE
13  20.4  26.7   19:00  14.4    6:30   1.2   3.3   1.6   0.6  16.1   11:45   ESE
14  20.3  24.2   16:45  16.8    6:15   0.2   2.2   0.0   1.6  19.3   14:15   WNW
15  20.6  25.6   18:45  15.0    6:30   0.7   3.0   1.2   0.5  16.1   13:00     W
16  20.1  25.1   14:45  14.9    5:45   0.6   2.4   0.0   0.5  20.9   19:15     W
17  18.4  24.7   15:45  15.7   00:00   1.2   1.2  30.8   0.5  17.7   17:30   WNW
18  18.4  23.4   17:00  14.4    4:00   1.4   1.4   5.6   0.5  19.3   18:30     W
19  18.0  22.1   14:15  12.7    6:15   1.5   1.2   0.0   2.3  24.1   18:15     W
20  18.1  24.2   18:15  11.7    6:00   1.6   1.4   0.0   0.5  16.1   10:30     W
21  18.9  24.4   14:15  12.9   00:00   1.4   2.0   3.0   1.4  25.7   18:15     W
22  17.8  24.3   20:00  11.5    5:30   2.3   1.9   0.2   0.5  16.1   14:45     W
23  21.4  28.1   17:45  12.2    5:45   1.4   4.4   0.0   0.0  12.9   15:15   ENE
24  24.7  30.7   18:15  17.1    6:15   0.0   6.4   0.0   1.1  24.1   12:00   ENE
25  24.8  30.4   17:30  17.8    6:00   0.0   6.6   0.0   1.4  22.5   16:00     E
26  25.2  31.1   17:30  19.2    6:00   0.0   6.9   0.0   1.0  20.9   18:00   ESE
27  21.6  25.7   13:00  18.1   00:00   0.0   3.2   2.2   1.6  32.2   16:00     W
28  18.8  22.4   16:45  15.6    6:45   0.7   1.1   0.0   2.7  30.6   15:30     W
29  16.8  20.1   15:45  13.9    4:00   1.8   0.3   0.0   3.9  32.2   15:00     W
30  16.5  20.2   14:00  13.4    4:30   2.0   0.2   2.0   2.3  30.6   11:45     W
-------------------------------------------------------------------------------------
    18.2  31.1    26     7.1     6    62.5  60.0  76.2   1.2  45.1     6       W

Max >=  32.0:  0
Max <=   0.0:  0
Min <=   0.0:  0
Min <= -18.0:  0
Max Rain: 30.81 ON 17/06/20
Days of Rain: 14 (> .2 mm) 8 (> 2 mm) 1 (> 20 mm)
Heat Base:  18.3  Cool Base:  18.3  Method: Integration
Benelux Weer Netwerk cwop awekas hwa wcloud pwsweather wow wow