NOAA-Style Climate Reports

Select a Year or Month report
2021: Jan | Feb | Mar | Apr | May | Jun | Jul | Aug | Sep | Oct | Nov | Dec |
2020: Jan | Feb | Mar | Apr | May | Jun | Jul | Aug | Sep | Oct | Nov | Dec |
2019: Jan | Feb | Mar | Apr | May | Jun | Jul | Aug | Sep | Oct | Nov | Dec |
2018: Jan | Feb | Mar | Apr | May | Jun | Jul | Aug | Sep | Oct | Nov | Dec |
2017: Jan | Feb | Mar | Apr | May | Jun | Jul | Aug | Sep | Oct | Nov | Dec |
2016: Jan | Feb | Mar | Apr | May | Jun | Jul | Aug | Sep | Oct | Nov | Dec |
2015: Jan | Feb | Mar | Apr | May | Jun | Jul | Aug | Sep | Oct | Nov | Dec |
2014: Jan | Feb | Mar | Apr | May | Jun | Jul | Aug | Sep | Oct | Nov | Dec |
2013: Jan | Feb | Mar | Apr | May | Jun | Jul | Aug | Sep | Oct | Nov | Dec |
2012: Jan | Feb | Mar | Apr | May | Jun | Jul | Aug | Sep | Oct | Nov | Dec |
2011: Jan | Feb | Mar | Apr | May | Jun | Jul | Aug | Sep | Oct | Nov | Dec |
2010: Jan | Feb | Mar | Apr | May | Jun | Jul | Aug | Sep | Oct | Nov | Dec |
2009: Jan | Feb | Mar | Apr | May | Jun | Jul | Aug | Sep | Oct | Nov | Dec |
2008: Jan | Feb | Mar | Apr | May | Jun | Jul | Aug | Sep | Oct | Nov | Dec |
2007: Jan | Feb | Mar | Apr | May | Jun | Jul | Aug | Sep | Oct | Nov | Dec |
2006: Jan | Feb | Mar | Apr | May | Jun | Jul | Aug | Sep | Oct | Nov | Dec |
2005: Jan | Feb | Mar | Apr | May | Jun | Jul | Aug | Sep | Oct | Nov | Dec |
2004: Jan | Feb | Mar | Apr | May | Jun | Jul | Aug | Sep | Oct | Nov | Dec |
2003: Jan | Feb | Mar | Apr | May | Jun | Jul | Aug | Sep | Oct | Nov | Dec |

Report for 2020 July
                   MONTHLY CLIMATOLOGICAL SUMMARY for JUL. 2020

NAME: Patrick Nijs   CITY: Heist-op-den-Berg   STATE: Belgium 
ELEV:    15 m  LAT:  51° 04' 15" N  LONG:   4° 42' 13" E

                   TEMPERATURE (°C), RAIN  (mm), WIND SPEED (km/hr)

                                      HEAT  COOL        AVG
    MEAN                              DEG   DEG         WIND                 DOM
DAY TEMP  HIGH   TIME   LOW    TIME   DAYS  DAYS  RAIN  SPEED HIGH   TIME    DIR
------------------------------------------------------------------------------------
 1  18.3  21.6   18:30  16.6   00:00   0.6   0.7  12.4   1.9  32.2   17:45     W
 2  17.6  21.3   13:15  13.7    3:45   1.4   0.7   0.0   1.8  32.2   13:45     W
 3  17.7  22.6   18:15  14.1    5:00   1.7   1.0   0.0   2.4  27.4   15:30     W
 4  17.8  20.4   20:00  15.0    6:30   1.1   0.6   1.2   2.6  29.0    9:15    SW
 5  19.4  23.2   17:15  15.2   00:00   0.2   1.3   0.2   6.1  43.5   14:15     W
 6  15.6  19.2   17:00  12.6    5:15   2.7   0.0   0.8   3.1  32.2   10:45     W
 7  17.2  21.3   17:15  13.3    4:30   1.8   0.6   0.0   1.0  24.1   14:00   WNW
 8  15.3  17.3   16:00  12.5    6:00   3.0   0.0   9.0   0.0  12.9    1:30     W
 9  18.8  23.2   19:15  16.2    3:30   0.8   1.3   0.8   2.3  30.6   15:00     W
10  17.3  19.6   18:45  12.6   00:00   1.2   0.1   1.6   2.4  25.7    8:30     W
11  15.5  20.8   17:30   8.9    6:00   3.3   0.5   0.0   0.6  20.9   17:45   WNW
12  16.8  23.0   18:00   9.6    6:15   2.7   1.2   0.0   0.3  17.7   20:00     E
13  18.8  25.4   18:15  10.3    6:30   2.1   2.6   0.0   0.3  17.7   14:15   WNW
14  15.8  18.0   11:30  13.7    3:45   2.5   0.0   8.8   0.2  14.5   11:00     W
15  16.6  21.4   16:15  11.4    6:15   2.2   0.5   0.0   0.2  16.1   17:15     W
16  16.3  18.6   16:45  14.7    7:30   2.0   0.0   0.8   0.5  20.9   12:00     W
17  18.0  22.4   18:15  15.2    6:00   1.2   0.9   0.2   0.0   9.7   12:15   WSW
18  20.8  26.9   17:30  14.4    6:15   0.9   3.4   0.0   0.5  19.3   18:30     W
19  19.1  25.0   18:30  13.4    6:30   1.0   1.9   0.0   0.6  20.9   15:00   WNW
20  18.0  22.9   16:15  13.9    6:45   1.5   1.2   1.0   0.2  17.7   11:45     N
21  16.6  23.3   17:30   9.4    6:15   2.9   1.1   0.0   0.2  14.5   14:15     N
22  16.6  23.0   18:00   9.2    6:15   2.9   1.2   0.0   0.0  14.5   12:45     E
23  19.2  26.8   17:30  10.3    6:15   2.2   3.1   0.0   0.5  22.5   17:00     W
24  19.1  23.5   15:15  15.7    7:00   0.5   1.3   0.0   0.6  22.5   16:15     W
25  19.6  24.5   16:45  15.1    5:15   0.7   2.0   1.2   0.5  17.7   15:15     W
26  19.4  23.3   18:00  16.3    7:00   0.5   1.6   1.4   2.6  27.4   10:15     W
27  20.6  28.8   18:45  14.7    4:45   1.2   3.5   0.4   0.8  27.4   21:00     W
28  19.4  22.7   16:15  17.2    9:45   0.1   1.2   0.2   3.5  29.0    6:00     W
29  18.2  23.8   17:45  12.1    6:30   1.6   1.5   0.0   1.0  22.5   11:30   WNW
30  21.2  29.6   17:30  11.6    6:15   1.7   4.6   0.0   0.2  12.9    9:00   ESE
31  27.2  37.1   18:45  17.1    6:00   0.1   9.0   0.0   1.1  19.3   14:00   ESE
-------------------------------------------------------------------------------------
    18.3  37.1    31     8.9    11    48.6  48.8  39.9   1.2  43.5     5       W

Max >=  32.0:  1
Max <=   0.0:  0
Min <=   0.0:  0
Min <= -18.0:  0
Max Rain: 12.40 ON 01/07/20
Days of Rain: 15 (> .2 mm) 3 (> 2 mm) 0 (> 20 mm)
Heat Base:  18.3  Cool Base:  18.3  Method: Integration
Benelux Weer Netwerk cwop awekas hwa wcloud pwsweather wow wow