NOAA-Style Climate Reports

Select a Year or Month report
2021: Jan | Feb | Mar | Apr | May | Jun | Jul | Aug | Sep | Oct | Nov | Dec |
2020: Jan | Feb | Mar | Apr | May | Jun | Jul | Aug | Sep | Oct | Nov | Dec |
2019: Jan | Feb | Mar | Apr | May | Jun | Jul | Aug | Sep | Oct | Nov | Dec |
2018: Jan | Feb | Mar | Apr | May | Jun | Jul | Aug | Sep | Oct | Nov | Dec |
2017: Jan | Feb | Mar | Apr | May | Jun | Jul | Aug | Sep | Oct | Nov | Dec |
2016: Jan | Feb | Mar | Apr | May | Jun | Jul | Aug | Sep | Oct | Nov | Dec |
2015: Jan | Feb | Mar | Apr | May | Jun | Jul | Aug | Sep | Oct | Nov | Dec |
2014: Jan | Feb | Mar | Apr | May | Jun | Jul | Aug | Sep | Oct | Nov | Dec |
2013: Jan | Feb | Mar | Apr | May | Jun | Jul | Aug | Sep | Oct | Nov | Dec |
2012: Jan | Feb | Mar | Apr | May | Jun | Jul | Aug | Sep | Oct | Nov | Dec |
2011: Jan | Feb | Mar | Apr | May | Jun | Jul | Aug | Sep | Oct | Nov | Dec |
2010: Jan | Feb | Mar | Apr | May | Jun | Jul | Aug | Sep | Oct | Nov | Dec |
2009: Jan | Feb | Mar | Apr | May | Jun | Jul | Aug | Sep | Oct | Nov | Dec |
2008: Jan | Feb | Mar | Apr | May | Jun | Jul | Aug | Sep | Oct | Nov | Dec |
2007: Jan | Feb | Mar | Apr | May | Jun | Jul | Aug | Sep | Oct | Nov | Dec |
2006: Jan | Feb | Mar | Apr | May | Jun | Jul | Aug | Sep | Oct | Nov | Dec |
2005: Jan | Feb | Mar | Apr | May | Jun | Jul | Aug | Sep | Oct | Nov | Dec |
2004: Jan | Feb | Mar | Apr | May | Jun | Jul | Aug | Sep | Oct | Nov | Dec |
2003: Jan | Feb | Mar | Apr | May | Jun | Jul | Aug | Sep | Oct | Nov | Dec |

Report for 2020 August
                   MONTHLY CLIMATOLOGICAL SUMMARY for AUG. 2020

NAME: Patrick Nijs   CITY: Heist-op-den-Berg   STATE: Belgium 
ELEV:    15 m  LAT:  51° 04' 15" N  LONG:   4° 42' 13" E

                   TEMPERATURE (°C), RAIN  (mm), WIND SPEED (km/hr)

                                      HEAT  COOL        AVG
    MEAN                              DEG   DEG         WIND                 DOM
DAY TEMP  HIGH   TIME   LOW    TIME   DAYS  DAYS  RAIN  SPEED HIGH   TIME    DIR
------------------------------------------------------------------------------------
 1  23.5  27.4   16:00  18.4   00:00   0.0   5.2   0.0   0.3  16.1   14:15     W
 2  18.7  23.1   14:30  14.2   00:00   0.9   1.4   0.0   0.8  20.9   15:00   WNW
 3  16.6  24.6   15:45  11.1    4:45   2.6   0.9   0.0   0.5  22.5   16:00     N
 4  18.2  24.2   18:45  11.2    6:30   2.1   1.9   0.0   0.3  14.5   13:30   WNW
 5  21.8  30.1   17:45  12.6    6:00   1.5   4.9   0.0   1.0  24.1   15:45    SE
 6  24.7  32.9   16:00  14.1    6:30   0.7   7.1   0.0   0.3  16.1   12:45   ESE
 7  27.3  35.5   17:45  17.8    6:45   0.0   9.1   0.0   0.3  14.5   15:00     E
 8  28.5  37.3   16:45  18.3    7:00   0.0  10.2   0.0   0.3  16.1   12:00   ENE
 9  28.3  34.6   16:15  23.1    7:00   0.0  10.0   0.0   0.5  19.3   13:15   ENE
10  28.1  35.6   16:45  20.2    7:00   0.0   9.8   0.0   0.5  17.7   14:30   ENE
11  27.8  35.4   17:45  21.8    6:45   0.0   9.5   0.0   0.2  17.7   19:15   ENE
12  27.3  34.8   18:30  20.7    7:00   0.0   9.0   0.0   0.2  17.7   20:00   ESE
13  25.7  32.8   15:00  21.8    7:15   0.0   7.3   0.0   0.5  19.3   15:15     W
14  22.7  26.4   17:00  19.4    7:00   0.0   4.4   1.6   1.0  24.1   16:00     W
15  22.2  28.5   16:15  18.9    6:15   0.0   3.9   0.0   0.2  19.3   17:00   ENE
16  21.9  31.0   15:00  18.1   00:00   0.0   3.7   7.8   0.5  25.7   16:30   ENE
17  20.6  25.8   14:45  16.7    6:15   0.4   2.7   0.2   0.6  27.4   15:15     W
18  19.7  24.6   14:15  15.2    7:00   0.6   2.1   0.8   0.6  17.7   11:00     W
19  21.1  27.9   16:15  15.0    5:00   0.9   3.6   1.0   1.0  20.9   12:00   SSE
20  24.4  30.7   18:15  19.2    7:00   0.0   6.1   0.0   1.0  20.9    0:15   SSE
21  24.9  29.4   16:45  19.8    8:15   0.0   6.6   2.0   1.9  27.4   12:15     S
22  20.0  23.9   14:45  17.2    7:00   0.1   1.8   0.2   3.1  37.0   15:15     W
23  18.2  21.6   17:45  15.8    7:00   0.8   0.8   0.6   2.1  25.7   10:00     W
24  17.7  21.6   16:15  14.8    7:15   1.3   0.7   0.6   1.9  22.5   14:30     W
25  17.6  23.0   20:00  13.7    5:00   1.7   0.9   1.2   2.1  43.5   22:30    SE
26  18.1  19.3   16:15  16.4    7:30   0.4   0.3   0.0   6.4  49.9    3:30     W
27  16.9  22.2   15:45  11.8    6:30   2.3   0.9   1.0   0.3  17.7   12:15    SE
28  16.3  21.1   14:00  13.0   00:00   2.4   0.3  17.0   1.4  38.6    3:30    SW
29  14.4  19.5   15:45  11.6    4:45   3.9   0.0   0.2   0.6  20.9   10:00     W
30  14.5  19.1   13:45  10.9    3:45   3.8   0.0   9.4   0.3  20.9   15:15     N
31  15.9  19.7   15:45  12.1   00:00   2.6   0.2   0.0   0.0  12.9   13:45    NW
-------------------------------------------------------------------------------------
    21.4  37.3     8    10.9    30    29.0 125.4  43.6   1.0  49.9    26       W

Max >=  32.0:  8
Max <=   0.0:  0
Min <=   0.0:  0
Min <= -18.0:  0
Max Rain: 16.99 ON 28/08/20
Days of Rain: 14 (> .2 mm) 4 (> 2 mm) 0 (> 20 mm)
Heat Base:  18.3  Cool Base:  18.3  Method: Integration
Benelux Weer Netwerk cwop awekas hwa wcloud pwsweather wow wow