-->

NOAA-Style Climate Reports

Select a Year or Month report
2021: Jan | Feb | Mar | Apr | May | Jun | Jul | Aug | Sep | Oct | Nov | Dec |
2020: Jan | Feb | Mar | Apr | May | Jun | Jul | Aug | Sep | Oct | Nov | Dec |
2019: Jan | Feb | Mar | Apr | May | Jun | Jul | Aug | Sep | Oct | Nov | Dec |
2018: Jan | Feb | Mar | Apr | May | Jun | Jul | Aug | Sep | Oct | Nov | Dec |
2017: Jan | Feb | Mar | Apr | May | Jun | Jul | Aug | Sep | Oct | Nov | Dec |
2016: Jan | Feb | Mar | Apr | May | Jun | Jul | Aug | Sep | Oct | Nov | Dec |
2015: Jan | Feb | Mar | Apr | May | Jun | Jul | Aug | Sep | Oct | Nov | Dec |
2014: Jan | Feb | Mar | Apr | May | Jun | Jul | Aug | Sep | Oct | Nov | Dec |
2013: Jan | Feb | Mar | Apr | May | Jun | Jul | Aug | Sep | Oct | Nov | Dec |
2012: Jan | Feb | Mar | Apr | May | Jun | Jul | Aug | Sep | Oct | Nov | Dec |
2011: Jan | Feb | Mar | Apr | May | Jun | Jul | Aug | Sep | Oct | Nov | Dec |
2010: Jan | Feb | Mar | Apr | May | Jun | Jul | Aug | Sep | Oct | Nov | Dec |
2009: Jan | Feb | Mar | Apr | May | Jun | Jul | Aug | Sep | Oct | Nov | Dec |
2008: Jan | Feb | Mar | Apr | May | Jun | Jul | Aug | Sep | Oct | Nov | Dec |
2007: Jan | Feb | Mar | Apr | May | Jun | Jul | Aug | Sep | Oct | Nov | Dec |
2006: Jan | Feb | Mar | Apr | May | Jun | Jul | Aug | Sep | Oct | Nov | Dec |
2005: Jan | Feb | Mar | Apr | May | Jun | Jul | Aug | Sep | Oct | Nov | Dec |
2004: Jan | Feb | Mar | Apr | May | Jun | Jul | Aug | Sep | Oct | Nov | Dec |
2003: Jan | Feb | Mar | Apr | May | Jun | Jul | Aug | Sep | Oct | Nov | Dec |

Report for 2020 November
                   MONTHLY CLIMATOLOGICAL SUMMARY for NOV. 2020

NAME: Patrick Nijs   CITY: Heist-op-den-Berg   STATE: Belgium 
ELEV:    15 m  LAT:  51° 04' 15" N  LONG:   4° 42' 13" E

                   TEMPERATURE (°C), RAIN  (mm), WIND SPEED (km/hr)

                                      HEAT  COOL        AVG
    MEAN                              DEG   DEG         WIND                 DOM
DAY TEMP  HIGH   TIME   LOW    TIME   DAYS  DAYS  RAIN  SPEED HIGH   TIME    DIR
------------------------------------------------------------------------------------
 1  14.6  17.8   16:00  10.8    7:00   3.7   0.0   1.2   2.1  32.2   23:45   SSW
 2  16.2  20.1   13:00  10.8   00:00   2.3   0.2   4.6   4.0  35.4   13:45   SSW
 3   9.4  13.1   12:45   6.7    7:45   8.9   0.0   0.2   1.6  30.6   13:30     W
 4   6.6  12.4   15:00   2.3   00:00  11.7   0.0   0.0   0.0   6.4    1:15     W
 5   4.8  12.3   15:00  -0.1    8:00  13.5   0.0   0.2   0.0   4.8   15:15   SSE
 6   6.1  13.2   15:00   0.8    7:30  12.2   0.0   0.0   0.3  16.1   16:00   ENE
 7   8.4  16.7   15:15   3.6    5:00   9.8   0.0   0.0   0.0   9.7    5:45   ESE
 8  10.3  16.3   14:45   5.9    1:30   8.0   0.0   0.0   0.0   9.7   13:45    SE
 9  11.9  17.1   15:15   7.7    7:45   6.4   0.0   0.2   0.0   9.7   10:30   SSE
10  11.3  15.4   13:15   8.0    8:15   7.0   0.0   1.6   0.2  11.3   12:15     W
11  10.7  12.8   16:30   8.3    6:30   7.6   0.0   0.2   0.2  16.1   23:45    SE
12  10.6  13.3   13:45   6.2   00:00   7.7   0.0   0.8   1.3  25.7   10:45    SW
13  10.1  14.1   15:45   4.7    4:45   8.2   0.0   1.2   0.5  17.7   10:30   SSW
14  12.9  15.9   15:30  11.4    1:15   5.4   0.0   0.0   1.1  27.4   14:45   SSE
15  13.2  15.9   12:15   9.7   20:30   5.1   0.0   9.6   3.4  40.2   17:30   SSE
16  10.5  12.4   13:30   8.8    4:00   7.8   0.0   0.8   2.4  27.4    5:30     W
17  11.9  13.1   13:15  10.3    3:45   6.4   0.0   0.2   1.9  29.0    9:45    SW
18  13.0  16.8   15:15   8.6    8:30   5.3   0.0   0.0   1.3  29.0   12:15   SSE
19   8.7  14.6    0:15   4.1   22:30   9.6   0.0   2.0   2.6  27.4    1:00     W
20   5.0   8.7   13:30   2.6    8:30  13.3   0.0   0.8   0.0  11.3   13:00     W
21   8.2  10.2   16:15   4.1    1:00  10.1   0.0   0.0   1.9  29.0   11:15   SSW
22   9.4  10.1   12:15   8.8   23:30   8.9   0.0   0.2   1.3  20.9    1:00    SW
23   8.2  10.3   14:15   4.5    8:45  10.1   0.0   0.2   0.0  11.3   23:15   SSE
24   8.2  11.8   14:45   5.0   00:00  10.1   0.0   0.0   0.3  17.7   11:45   SSE
25   7.1  10.9   14:45   3.5    5:45  11.2   0.0   0.0   0.5  19.3   12:15   SSE
26   7.7  10.8   13:30   5.3    4:30  10.6   0.0   0.0   0.0   1.6    6:15   SSW
27   6.8   7.7   13:15   5.4   00:00  11.5   0.0   0.0   0.0   8.0   23:45     E
28   5.5  10.4   14:45   3.1    8:00  12.8   0.0   0.0   0.2  16.1   22:30   ENE
29   2.5   3.8    4:30  -1.8   00:00  15.8   0.0   0.0   0.3  14.5    1:30   ENE
30   1.4   6.1   00:00  -2.9    3:30  16.8   0.0   3.6   1.0  24.1   19:30   SSW
-------------------------------------------------------------------------------------
     9.0  20.1     2    -2.9    30   277.9   0.2  27.6   0.9  40.2    15     SSE

Max >=  32.0:  0
Max <=   0.0:  0
Min <=   0.0:  3
Min <= -18.0:  0
Max Rain: 9.60 ON 15/11/20
Days of Rain: 17 (> .2 mm) 4 (> 2 mm) 0 (> 20 mm)
Heat Base:  18.3  Cool Base:  18.3  Method: Integration
Benelux Weer Netwerk cwop awekas hwa wcloud pwsweather wow wow