-->

NOAA-Style Climate Reports

Select a Year or Month report
2021: Jan | Feb | Mar | Apr | May | Jun | Jul | Aug | Sep | Oct | Nov | Dec |
2020: Jan | Feb | Mar | Apr | May | Jun | Jul | Aug | Sep | Oct | Nov | Dec |
2019: Jan | Feb | Mar | Apr | May | Jun | Jul | Aug | Sep | Oct | Nov | Dec |
2018: Jan | Feb | Mar | Apr | May | Jun | Jul | Aug | Sep | Oct | Nov | Dec |
2017: Jan | Feb | Mar | Apr | May | Jun | Jul | Aug | Sep | Oct | Nov | Dec |
2016: Jan | Feb | Mar | Apr | May | Jun | Jul | Aug | Sep | Oct | Nov | Dec |
2015: Jan | Feb | Mar | Apr | May | Jun | Jul | Aug | Sep | Oct | Nov | Dec |
2014: Jan | Feb | Mar | Apr | May | Jun | Jul | Aug | Sep | Oct | Nov | Dec |
2013: Jan | Feb | Mar | Apr | May | Jun | Jul | Aug | Sep | Oct | Nov | Dec |
2012: Jan | Feb | Mar | Apr | May | Jun | Jul | Aug | Sep | Oct | Nov | Dec |
2011: Jan | Feb | Mar | Apr | May | Jun | Jul | Aug | Sep | Oct | Nov | Dec |
2010: Jan | Feb | Mar | Apr | May | Jun | Jul | Aug | Sep | Oct | Nov | Dec |
2009: Jan | Feb | Mar | Apr | May | Jun | Jul | Aug | Sep | Oct | Nov | Dec |
2008: Jan | Feb | Mar | Apr | May | Jun | Jul | Aug | Sep | Oct | Nov | Dec |
2007: Jan | Feb | Mar | Apr | May | Jun | Jul | Aug | Sep | Oct | Nov | Dec |
2006: Jan | Feb | Mar | Apr | May | Jun | Jul | Aug | Sep | Oct | Nov | Dec |
2005: Jan | Feb | Mar | Apr | May | Jun | Jul | Aug | Sep | Oct | Nov | Dec |
2004: Jan | Feb | Mar | Apr | May | Jun | Jul | Aug | Sep | Oct | Nov | Dec |
2003: Jan | Feb | Mar | Apr | May | Jun | Jul | Aug | Sep | Oct | Nov | Dec |

Report for 2021 March
                   MONTHLY CLIMATOLOGICAL SUMMARY for MAR. 2021

NAME: Patrick Nijs   CITY: Heist-op-den-Berg   STATE: Belgium 
ELEV:    15 m  LAT:  51° 04' 15" N  LONG:   4° 42' 13" E

                   TEMPERATURE (°C), RAIN  (mm), WIND SPEED (km/hr)

                                      HEAT  COOL        AVG
    MEAN                              DEG   DEG         WIND                 DOM
DAY TEMP  HIGH   TIME   LOW    TIME   DAYS  DAYS  RAIN  SPEED HIGH   TIME    DIR
------------------------------------------------------------------------------------
 1   5.8  11.1   15:45   2.4    5:00  12.5   0.0   0.2   0.8  14.5   12:00   ENE
 2   8.1  16.8   16:30   1.1    7:45  10.2   0.0   0.0   0.3  17.7   15:15    SE
 3   9.6  16.7   15:15   4.0    6:30   8.7   0.0   0.4   0.6  19.3   13:30   WNW
 4   4.9   7.8    0:15   3.2   23:45  13.4   0.0   5.4   0.0  12.9   14:45    NW
 5   3.4   7.3   15:15  -0.9   00:00  14.8   0.0   0.0   1.1  20.9   11:15   ENE
 6   2.4   7.7   14:45  -3.1    7:30  15.9   0.0   0.0   1.0  17.7   12:30   ENE
 7   2.4   8.0   16:15  -3.2    7:45  15.8   0.0   0.0   0.2  12.9   11:45   ENE
 8   4.9  10.0   16:00   0.0    7:30  13.4   0.0   0.0   0.2  12.9   14:45   WNW
 9   5.7   7.9   14:45   3.7    5:00  12.6   0.0   0.4   1.3  17.7   14:15   WNW
10   6.8  10.8   14:30   3.2    6:45  11.5   0.0   1.6   2.3  33.8   00:00   SSW
11  10.1  13.2   11:30   6.9    0:30   8.2   0.0   1.0  11.3  77.2   11:45     W
12   7.6   9.3   13:30   5.7    7:00  10.7   0.0   0.2   7.6  41.8   15:45    SW
13   7.3  10.8   15:00   3.2   21:45  11.0   0.0  10.2   8.9  53.1   12:00     W
14   6.2   9.8   14:15   3.1    5:15  12.1   0.0   1.2   2.4  32.2   15:15   WNW
15   6.6   8.9   12:30   5.1    6:15  11.7   0.0   4.6   2.7  29.0   18:30    NW
16   5.6   6.0   14:15   4.7   00:00  12.7   0.0   6.8   1.0  17.7    9:30   WNW
17   5.6   9.2   16:15   3.8    3:45  12.8   0.0   0.6   1.0  19.3   17:15   NNW
18   4.7   7.8   15:15   1.4    5:15  13.6   0.0   0.6   0.6  16.1   21:00   WNW
19   5.2  10.1   15:15   0.6    7:15  13.0   0.0   0.2   2.1  24.1   11:15   ENE
20   4.8  10.9   16:30  -0.6    7:15  13.4   0.0   0.0   0.2  14.5   15:45   WNW
21   6.6   8.8   13:15   4.1   00:00  11.7   0.0   0.0   1.1  20.9   11:00   NNW
22   6.4   9.2   18:00   3.4    1:00  11.9   0.0   0.0   0.5  14.5   14:15   WNW
23   8.7  13.6   16:30   5.1   00:00   9.6   0.0   0.0   1.4  25.7   13:30    SW
24   9.4  16.7   16:15   2.4    6:15   8.9   0.0   0.0   1.1  22.5   11:45     W
25   9.1  13.6   17:15   5.8   00:00   9.2   0.0   0.0   1.1  25.7   14:00    SW
26   9.4  13.9   15:45   5.2    1:00   8.9   0.0   1.6   2.6  33.8   21:45   SSE
27   7.7  11.3   16:15   4.9    7:15  10.7   0.0   0.4   3.7  30.6   15:45     W
28  10.1  14.3   16:45   5.5    3:30   7.8   0.0   0.0   2.6  35.4   17:30     W
29  13.6  21.1   17:15   7.0    8:00   5.2   0.5   0.0   1.6  22.5    5:15     W
30  14.4  24.3   17:15   3.9    7:30   5.4   1.5   0.0   0.3  14.5   13:30   ESE
31  15.8  25.3   16:45   6.3    7:45   4.4   1.9   0.0   0.3  14.5   14:45   WNW
-------------------------------------------------------------------------------------
     7.4  25.3    31    -3.2     7   341.8   3.9  35.5   2.0  77.2    11       W

Max >=  32.0:  0
Max <=   0.0:  0
Min <=   0.0:  5
Min <= -18.0:  0
Max Rain: 10.21 ON 13/03/21
Days of Rain: 16 (> .2 mm) 4 (> 2 mm) 0 (> 20 mm)
Heat Base:  18.3  Cool Base:  18.3  Method: Integration
Benelux Weer Netwerk cwop awekas hwa wcloud pwsweather wow wow