-->

NOAA-Style Climate Reports

Select a Year or Month report
2021: Jan | Feb | Mar | Apr | May | Jun | Jul | Aug | Sep | Oct | Nov | Dec |
2020: Jan | Feb | Mar | Apr | May | Jun | Jul | Aug | Sep | Oct | Nov | Dec |
2019: Jan | Feb | Mar | Apr | May | Jun | Jul | Aug | Sep | Oct | Nov | Dec |
2018: Jan | Feb | Mar | Apr | May | Jun | Jul | Aug | Sep | Oct | Nov | Dec |
2017: Jan | Feb | Mar | Apr | May | Jun | Jul | Aug | Sep | Oct | Nov | Dec |
2016: Jan | Feb | Mar | Apr | May | Jun | Jul | Aug | Sep | Oct | Nov | Dec |
2015: Jan | Feb | Mar | Apr | May | Jun | Jul | Aug | Sep | Oct | Nov | Dec |
2014: Jan | Feb | Mar | Apr | May | Jun | Jul | Aug | Sep | Oct | Nov | Dec |
2013: Jan | Feb | Mar | Apr | May | Jun | Jul | Aug | Sep | Oct | Nov | Dec |
2012: Jan | Feb | Mar | Apr | May | Jun | Jul | Aug | Sep | Oct | Nov | Dec |
2011: Jan | Feb | Mar | Apr | May | Jun | Jul | Aug | Sep | Oct | Nov | Dec |
2010: Jan | Feb | Mar | Apr | May | Jun | Jul | Aug | Sep | Oct | Nov | Dec |
2009: Jan | Feb | Mar | Apr | May | Jun | Jul | Aug | Sep | Oct | Nov | Dec |
2008: Jan | Feb | Mar | Apr | May | Jun | Jul | Aug | Sep | Oct | Nov | Dec |
2007: Jan | Feb | Mar | Apr | May | Jun | Jul | Aug | Sep | Oct | Nov | Dec |
2006: Jan | Feb | Mar | Apr | May | Jun | Jul | Aug | Sep | Oct | Nov | Dec |
2005: Jan | Feb | Mar | Apr | May | Jun | Jul | Aug | Sep | Oct | Nov | Dec |
2004: Jan | Feb | Mar | Apr | May | Jun | Jul | Aug | Sep | Oct | Nov | Dec |
2003: Jan | Feb | Mar | Apr | May | Jun | Jul | Aug | Sep | Oct | Nov | Dec |

Report for 2021 April
                   MONTHLY CLIMATOLOGICAL SUMMARY for APR. 2021

NAME: Patrick Nijs   CITY: Heist-op-den-Berg   STATE: Belgium 
ELEV:    15 m  LAT:  51° 04' 15" N  LONG:   4° 42' 13" E

                   TEMPERATURE (°C), RAIN  (mm), WIND SPEED (km/hr)

                                      HEAT  COOL        AVG
    MEAN                              DEG   DEG         WIND                 DOM
DAY TEMP  HIGH   TIME   LOW    TIME   DAYS  DAYS  RAIN  SPEED HIGH   TIME    DIR
------------------------------------------------------------------------------------
 1  13.9  21.1   13:30   6.9   00:00   4.8   0.4   0.0   0.8  16.1   15:30     N
 2   6.4  10.4   13:45   2.3    7:30  11.9   0.0   0.0   0.6  17.7   16:45     N
 3   7.8  12.2   17:45   4.3    2:30  10.5   0.0   0.0   0.5  14.5   10:30    NW
 4   6.4   9.2   18:00   4.7    0:45  11.9   0.0   0.0   0.5  14.5   17:30   WNW
 5   4.3   7.3    9:00   0.9   00:00  14.0   0.0   0.4   3.5  41.8   15:30     W
 6   1.1   3.4   14:45   0.1   18:30  17.2   0.0   7.4   2.6  33.8   13:00   WNW
 7   2.4   6.9   16:30  -0.4    1:45  15.9   0.0   4.4   4.2  33.8   17:00   WNW
 8   5.7  10.5   17:30   1.9    7:30  12.6   0.0   0.0   1.3  20.9   14:00    SW
 9   8.3  14.4   17:45   2.1    6:15  10.0   0.0   0.0   1.3  22.5   13:45     W
10   7.3   9.3    0:15   5.5   00:00  10.9   0.0  11.8   0.6  12.9    6:15   ENE
11   4.8   9.4   18:00   1.7   00:00  13.5   0.0   1.0   1.4  19.3   18:00   NNW
12   3.6   8.7   18:45   0.2    7:15  14.7   0.0   1.0   1.4  27.4   11:45     W
13   4.7  11.0   15:00  -1.8    7:15  13.7   0.0   0.0   0.3  12.9   13:15    NW
14   5.7  10.5   13:00   1.4    5:15  12.6   0.0   0.0   0.3  14.5   15:30    NW
15   5.1  10.6   17:30  -0.5    7:15  13.1   0.0   0.0   0.5  19.3   17:30   ENE
16   6.9  12.8   18:30   0.4    7:00  11.4   0.0   0.0   0.8  20.9   12:15   ENE
17   8.4  14.3   17:00   2.1    7:15   9.9   0.0   0.0   0.8  17.7   11:15     N
18   9.0  15.7   16:15   2.3    7:15   9.3   0.0   0.0   0.8  17.7   16:45   WNW
19   9.1  14.4   18:15   4.4    5:30   9.2   0.0   0.2   0.2   9.7   10:30   ENE
20  10.8  18.4   17:45   3.1    7:00   7.5   0.0   0.0   0.2  12.9   18:15    NW
21  10.9  17.5   14:45   5.4    6:00   7.4   0.0   0.0   1.1  19.3   13:00     N
22   8.2  14.8   17:15   1.2    6:45  10.1   0.0   0.0   0.3  17.7   11:15   ENE
23   9.1  16.5   17:15   0.9    7:00   9.2   0.0   0.0   0.5  14.5   16:30   ENE
24   9.8  15.5   17:30   4.0    6:45   8.5   0.0   0.0   2.4  22.5   12:00   ENE
25   8.3  13.9   16:30   2.5    6:45  10.0   0.0   0.0   2.1  20.9    9:30   ENE
26   9.2  15.9   15:30   2.3    6:30   9.1   0.0   0.0   1.6  20.9   11:45   ENE
27  11.0  17.8   16:00   2.8    6:45   7.3   0.0   0.0   1.0  17.7   17:45   ENE
28  13.2  21.5   17:00   5.5    6:45   5.4   0.4   0.0   0.5  16.1   23:15   ENE
29   8.3  13.6    0:15   4.9   00:00  10.0   0.0   0.6   3.2  24.1   17:00   WNW
30   7.0  12.1   15:30   2.3    6:30  11.3   0.0   0.4   0.0   6.4    0:45   WNW
-------------------------------------------------------------------------------------
     7.6  21.5    28    -1.8    13   323.0   0.7  27.2   1.2  41.8     5     ENE

Max >=  32.0:  0
Max <=   0.0:  0
Min <=   0.0:  3
Min <= -18.0:  0
Max Rain: 11.81 ON 10/04/21
Days of Rain: 9 (> .2 mm) 3 (> 2 mm) 0 (> 20 mm)
Heat Base:  18.3  Cool Base:  18.3  Method: Integration
Benelux Weer Netwerk cwop awekas hwa wcloud pwsweather wow wow