-->

NOAA-Style Climate Reports

Select a Year or Month report
2021: Jan | Feb | Mar | Apr | May | Jun | Jul | Aug | Sep | Oct | Nov | Dec |
2020: Jan | Feb | Mar | Apr | May | Jun | Jul | Aug | Sep | Oct | Nov | Dec |
2019: Jan | Feb | Mar | Apr | May | Jun | Jul | Aug | Sep | Oct | Nov | Dec |
2018: Jan | Feb | Mar | Apr | May | Jun | Jul | Aug | Sep | Oct | Nov | Dec |
2017: Jan | Feb | Mar | Apr | May | Jun | Jul | Aug | Sep | Oct | Nov | Dec |
2016: Jan | Feb | Mar | Apr | May | Jun | Jul | Aug | Sep | Oct | Nov | Dec |
2015: Jan | Feb | Mar | Apr | May | Jun | Jul | Aug | Sep | Oct | Nov | Dec |
2014: Jan | Feb | Mar | Apr | May | Jun | Jul | Aug | Sep | Oct | Nov | Dec |
2013: Jan | Feb | Mar | Apr | May | Jun | Jul | Aug | Sep | Oct | Nov | Dec |
2012: Jan | Feb | Mar | Apr | May | Jun | Jul | Aug | Sep | Oct | Nov | Dec |
2011: Jan | Feb | Mar | Apr | May | Jun | Jul | Aug | Sep | Oct | Nov | Dec |
2010: Jan | Feb | Mar | Apr | May | Jun | Jul | Aug | Sep | Oct | Nov | Dec |
2009: Jan | Feb | Mar | Apr | May | Jun | Jul | Aug | Sep | Oct | Nov | Dec |
2008: Jan | Feb | Mar | Apr | May | Jun | Jul | Aug | Sep | Oct | Nov | Dec |
2007: Jan | Feb | Mar | Apr | May | Jun | Jul | Aug | Sep | Oct | Nov | Dec |
2006: Jan | Feb | Mar | Apr | May | Jun | Jul | Aug | Sep | Oct | Nov | Dec |
2005: Jan | Feb | Mar | Apr | May | Jun | Jul | Aug | Sep | Oct | Nov | Dec |
2004: Jan | Feb | Mar | Apr | May | Jun | Jul | Aug | Sep | Oct | Nov | Dec |
2003: Jan | Feb | Mar | Apr | May | Jun | Jul | Aug | Sep | Oct | Nov | Dec |

Report for 2021 May
                   MONTHLY CLIMATOLOGICAL SUMMARY for MAY. 2021

NAME: Patrick Nijs   CITY: Heist-op-den-Berg   STATE: Belgium 
ELEV:    15 m  LAT:  51° 04' 15" N  LONG:   4° 42' 13" E

                   TEMPERATURE (°C), RAIN  (mm), WIND SPEED (km/hr)

                                      HEAT  COOL        AVG
    MEAN                              DEG   DEG         WIND                 DOM
DAY TEMP  HIGH   TIME   LOW    TIME   DAYS  DAYS  RAIN  SPEED HIGH   TIME    DIR
------------------------------------------------------------------------------------
 1   6.9  13.1   17:00   0.4    6:45  11.3   0.0   0.0   0.5  17.7   15:45   WNW
 2   7.7  12.1   17:15   3.0    6:45  10.6   0.0   0.2   1.1  22.5   14:00   WNW
 3   9.1  15.2   15:30   1.2    6:00   9.2   0.0   0.0   1.9  25.7   12:00     W
 4   9.8  13.7    1:45   6.6   22:45   8.5   0.0  14.2  10.1  48.3   13:30     W
 5   7.6  12.0   15:45   4.3    6:45  10.7   0.0   2.6   5.5  35.4    9:15   WNW
 6   7.6  12.4   14:30   4.4    6:45  10.7   0.0   3.8   0.3  14.5    0:45     W
 7   8.3  14.4   17:15   3.6    5:00  10.0   0.0   0.6   1.6  22.5   14:30   WNW
 8  11.5  18.7   19:15   4.7    4:00   6.8   0.0   0.6   1.4  24.1   15:45   SSE
 9  19.0  25.8   18:00  10.1    6:15   1.9   2.6   0.4   1.6  29.0   15:00    SE
10  17.7  21.1   17:00  14.7   00:00   1.1   0.5   0.4   2.1  27.4    8:30   SSW
11  14.0  18.9   14:45   9.7    6:45   4.3   0.0   1.4   0.5  32.2   16:00   WNW
12  12.3  16.9   17:30   8.5    6:30   6.0   0.0   0.4   0.3  17.7   12:30   ENE
13  12.4  19.2   14:00   7.4    6:15   5.9   0.0   0.0   0.8  30.6   15:00   ESE
14  11.1  17.3   16:30   5.3    6:30   7.2   0.0   3.6   0.2  16.1   15:45     W
15  10.8  13.7   17:30   8.8    5:45   7.5   0.0   4.6   0.5  29.0   13:15    SE
16  11.7  16.3   15:00   8.1    5:45   6.6   0.0   6.2   1.8  32.2   15:45   SSW
17  11.5  14.7   16:00   9.7    3:30   6.8   0.0   4.4   3.1  30.6   14:30   WNW
18  12.8  17.4   18:30   9.3   00:00   5.5   0.0   2.0   2.4  22.5   13:15   WNW
19  11.2  16.0   16:15   7.2    4:30   7.1   0.0   0.2   1.3  22.5   11:45   SSW
20  12.2  16.4   14:15   5.9    6:15   6.1   0.0   0.0   1.3  25.7   16:15   SSE
21  13.8  17.3   17:30  10.5   00:00   4.5   0.0   1.6   4.2  49.9   17:45     W
22  10.4  11.3   12:30   9.6   23:30   7.8   0.0   9.8   2.9  33.8    7:15    SW
23  12.3  16.2   17:15   8.6    7:00   6.0   0.0   0.4   2.7  32.2   10:00     W
24  11.7  16.4   17:00   8.1   00:00   6.6   0.0   8.6   1.8  32.2    5:45   SSE
25   9.2  12.8   15:15   6.9    2:15   9.1   0.0  13.8   2.4  35.4   15:15     W
26  11.3  14.7   18:15   7.8    4:15   7.0   0.0   0.2   3.1  33.8   18:30   WNW
27  11.6  13.9   12:45   8.0   00:00   6.7   0.0   0.0   3.1  27.4   16:15     W
28  12.5  19.1   18:00   4.9    6:00   5.9   0.1   0.0   0.5  17.7   14:45   ENE
29  15.9  22.4   16:30   9.2    6:00   3.3   0.9   0.0   0.6  20.9   15:45   ENE
30  16.6  23.2   17:15   9.2    6:00   3.1   1.3   0.0   1.1  22.5   15:00   ENE
31  19.2  24.8   15:45  11.2    6:00   1.6   2.5   0.0   1.0  20.9   14:45   ENE
-------------------------------------------------------------------------------------
    11.9  25.8     9     0.4     1   205.6   7.9  80.1   2.0  49.9    21       W

Max >=  32.0:  0
Max <=   0.0:  0
Min <=   0.0:  0
Min <= -18.0:  0
Max Rain: 14.20 ON 04/05/21
Days of Rain: 22 (> .2 mm) 11 (> 2 mm) 0 (> 20 mm)
Heat Base:  18.3  Cool Base:  18.3  Method: Integration
Benelux Weer Netwerk cwop awekas hwa wcloud pwsweather wow wow