-->

NOAA-Style Climate Reports

Select a Year or Month report
2021: Jan | Feb | Mar | Apr | May | Jun | Jul | Aug | Sep | Oct | Nov | Dec |
2020: Jan | Feb | Mar | Apr | May | Jun | Jul | Aug | Sep | Oct | Nov | Dec |
2019: Jan | Feb | Mar | Apr | May | Jun | Jul | Aug | Sep | Oct | Nov | Dec |
2018: Jan | Feb | Mar | Apr | May | Jun | Jul | Aug | Sep | Oct | Nov | Dec |
2017: Jan | Feb | Mar | Apr | May | Jun | Jul | Aug | Sep | Oct | Nov | Dec |
2016: Jan | Feb | Mar | Apr | May | Jun | Jul | Aug | Sep | Oct | Nov | Dec |
2015: Jan | Feb | Mar | Apr | May | Jun | Jul | Aug | Sep | Oct | Nov | Dec |
2014: Jan | Feb | Mar | Apr | May | Jun | Jul | Aug | Sep | Oct | Nov | Dec |
2013: Jan | Feb | Mar | Apr | May | Jun | Jul | Aug | Sep | Oct | Nov | Dec |
2012: Jan | Feb | Mar | Apr | May | Jun | Jul | Aug | Sep | Oct | Nov | Dec |
2011: Jan | Feb | Mar | Apr | May | Jun | Jul | Aug | Sep | Oct | Nov | Dec |
2010: Jan | Feb | Mar | Apr | May | Jun | Jul | Aug | Sep | Oct | Nov | Dec |
2009: Jan | Feb | Mar | Apr | May | Jun | Jul | Aug | Sep | Oct | Nov | Dec |
2008: Jan | Feb | Mar | Apr | May | Jun | Jul | Aug | Sep | Oct | Nov | Dec |
2007: Jan | Feb | Mar | Apr | May | Jun | Jul | Aug | Sep | Oct | Nov | Dec |
2006: Jan | Feb | Mar | Apr | May | Jun | Jul | Aug | Sep | Oct | Nov | Dec |
2005: Jan | Feb | Mar | Apr | May | Jun | Jul | Aug | Sep | Oct | Nov | Dec |
2004: Jan | Feb | Mar | Apr | May | Jun | Jul | Aug | Sep | Oct | Nov | Dec |
2003: Jan | Feb | Mar | Apr | May | Jun | Jul | Aug | Sep | Oct | Nov | Dec |

Report for 2021 June
                   MONTHLY CLIMATOLOGICAL SUMMARY for JUN. 2021

NAME: Patrick Nijs   CITY: Heist-op-den-Berg   STATE: Belgium 
ELEV:    15 m  LAT:  51° 04' 15" N  LONG:   4° 42' 13" E

                   TEMPERATURE (°C), RAIN  (mm), WIND SPEED (km/hr)

                                      HEAT  COOL        AVG
    MEAN                              DEG   DEG         WIND                 DOM
DAY TEMP  HIGH   TIME   LOW    TIME   DAYS  DAYS  RAIN  SPEED HIGH   TIME    DIR
------------------------------------------------------------------------------------
 1  20.3  26.1   16:45  11.6    5:45   1.3   3.3   0.0   2.3  25.7   13:15   ESE
 2  22.3  29.9   18:00  13.1    5:15   0.9   4.9   1.0   0.6  22.5   22:45   ESE
 3  20.9  26.0   17:00  16.3    5:30   0.4   3.0   0.8   0.5  19.3   14:00     W
 4  19.7  27.4   14:15  15.3    6:15   0.6   2.1  31.6   0.5  29.0   16:00   ENE
 5  15.4  17.4   16:45  13.9   00:00   2.9   0.0   0.0   1.0  22.5   17:00   WNW
 6  17.7  24.2   18:00  11.8    6:30   2.2   1.6   0.0   0.2  16.1   13:45     W
 7  18.4  24.8   17:00  10.7    5:30   2.0   2.2   0.0   0.5  17.7   13:30   ENE
 8  20.5  26.8   17:45  13.2    6:00   1.0   3.2   0.0   0.2  14.5   20:00     W
 9  20.3  26.4   18:00  13.5    5:45   1.0   3.0   0.0   0.5  19.3   17:30     W
10  20.8  27.1   17:30  13.6    6:00   1.0   3.6   0.0   0.5  17.7   18:30     W
11  20.8  26.5   16:30  14.6    5:30   0.8   3.3   0.0   1.1  17.7   18:00     W
12  18.3  22.5   16:00  14.2   00:00   1.1   1.0   0.0   1.1  20.9   14:30     W
13  18.1  25.4   17:00  10.2    5:45   2.4   2.2   0.0   0.0  12.9   15:00     E
14  21.9  29.5   19:00  12.9    5:30   1.1   4.7   0.0   0.6  17.7   12:30     W
15  21.4  26.6   17:45  15.7    5:15   0.5   3.6   0.0   0.3  16.1   14:15   ENE
16  24.2  31.4   18:45  16.2    5:45   0.3   6.2   0.0   0.2  16.1   15:15    SE
17  25.4  29.9   18:00  20.4    6:15   0.0   7.2   0.0   1.0  30.6   13:00     W
18  24.7  30.9   15:45  19.1    6:00   0.0   6.3   7.4   1.3  22.5   17:15   ESE
19  20.0  23.2    0:15  17.8    8:30   0.0   1.8  11.6   0.6  22.5   00:00     W
20  20.6  25.6   18:00  16.6    4:15   0.4   2.7   0.8   1.0  20.9   12:00     W
21  16.4  19.4    0:15  14.4    7:45   1.9   0.0  16.6   0.2  14.5   10:30     N
22  14.1  15.8   18:15  12.7    6:45   4.2   0.0   4.6   0.3  17.7    8:45   ENE
23  14.3  18.1   18:15  11.1    6:15   4.0   0.0   1.0   0.0  11.3   16:15   ENE
24  16.6  19.5   17:30  13.9    5:45   1.9   0.2   0.0   0.2  14.5   14:15     W
25  15.4  19.3   11:45  10.7    3:45   3.0   0.2   1.2   0.8  22.5   12:30     W
26  19.2  25.4   15:30  14.8    4:30   1.0   1.9   0.6   0.0  12.9   17:30     W
27  20.3  27.2   14:45  15.8    3:30   0.5   2.5   1.2   1.0  22.5   13:00   ENE
28  19.5  23.0   18:15  15.6    5:00   0.6   1.8   4.0   0.2  20.9   15:15     W
29  19.4  24.1   15:45  16.3   00:00   0.3   1.4   0.2   1.0  16.1    9:45     W
30  13.8  16.2    0:15  12.8    7:45   4.5   0.0  24.6   0.2  19.3    5:15     W
-------------------------------------------------------------------------------------
    19.4  31.4    16    10.2    13    41.8  73.7 107.2   0.6  30.6    17       W

Max >=  32.0:  0
Max <=   0.0:  0
Min <=   0.0:  0
Min <= -18.0:  0
Max Rain: 31.60 ON 04/06/21
Days of Rain: 15 (> .2 mm) 7 (> 2 mm) 2 (> 20 mm)
Heat Base:  18.3  Cool Base:  18.3  Method: Integration
Benelux Weer Netwerk cwop awekas hwa wcloud pwsweather wow wow