-->

NOAA-Style Climate Reports

Select a Year or Month report
2021: Jan | Feb | Mar | Apr | May | Jun | Jul | Aug | Sep | Oct | Nov | Dec |
2020: Jan | Feb | Mar | Apr | May | Jun | Jul | Aug | Sep | Oct | Nov | Dec |
2019: Jan | Feb | Mar | Apr | May | Jun | Jul | Aug | Sep | Oct | Nov | Dec |
2018: Jan | Feb | Mar | Apr | May | Jun | Jul | Aug | Sep | Oct | Nov | Dec |
2017: Jan | Feb | Mar | Apr | May | Jun | Jul | Aug | Sep | Oct | Nov | Dec |
2016: Jan | Feb | Mar | Apr | May | Jun | Jul | Aug | Sep | Oct | Nov | Dec |
2015: Jan | Feb | Mar | Apr | May | Jun | Jul | Aug | Sep | Oct | Nov | Dec |
2014: Jan | Feb | Mar | Apr | May | Jun | Jul | Aug | Sep | Oct | Nov | Dec |
2013: Jan | Feb | Mar | Apr | May | Jun | Jul | Aug | Sep | Oct | Nov | Dec |
2012: Jan | Feb | Mar | Apr | May | Jun | Jul | Aug | Sep | Oct | Nov | Dec |
2011: Jan | Feb | Mar | Apr | May | Jun | Jul | Aug | Sep | Oct | Nov | Dec |
2010: Jan | Feb | Mar | Apr | May | Jun | Jul | Aug | Sep | Oct | Nov | Dec |
2009: Jan | Feb | Mar | Apr | May | Jun | Jul | Aug | Sep | Oct | Nov | Dec |
2008: Jan | Feb | Mar | Apr | May | Jun | Jul | Aug | Sep | Oct | Nov | Dec |
2007: Jan | Feb | Mar | Apr | May | Jun | Jul | Aug | Sep | Oct | Nov | Dec |
2006: Jan | Feb | Mar | Apr | May | Jun | Jul | Aug | Sep | Oct | Nov | Dec |
2005: Jan | Feb | Mar | Apr | May | Jun | Jul | Aug | Sep | Oct | Nov | Dec |
2004: Jan | Feb | Mar | Apr | May | Jun | Jul | Aug | Sep | Oct | Nov | Dec |
2003: Jan | Feb | Mar | Apr | May | Jun | Jul | Aug | Sep | Oct | Nov | Dec |

Report for 2021 July
                   MONTHLY CLIMATOLOGICAL SUMMARY for JUL. 2021

NAME: Patrick Nijs   CITY: Heist-op-den-Berg   STATE: Belgium 
ELEV:    15 m  LAT:  51° 04' 15" N  LONG:   4° 42' 13" E

                   TEMPERATURE (°C), RAIN  (mm), WIND SPEED (km/hr)

                                      HEAT  COOL        AVG
    MEAN                              DEG   DEG         WIND                 DOM
DAY TEMP  HIGH   TIME   LOW    TIME   DAYS  DAYS  RAIN  SPEED HIGH   TIME    DIR
------------------------------------------------------------------------------------
 1  14.3  17.6   19:30  12.6    6:00   4.0   0.0   0.2   1.1  17.7   11:00     W
 2  17.8  24.6   19:00  10.7    4:45   2.4   2.0   0.0   0.5  19.3   12:00     W
 3  18.4  23.2   14:30  15.0    6:00   0.9   1.0   5.4   0.2  17.7   12:45    SE
 4  17.8  21.0   19:15  14.6   14:00   1.0   0.5  12.4   0.2  30.6   13:15     W
 5  17.0  19.9   15:45  14.0    6:30   1.7   0.3   1.4   0.8  19.3   14:00   ESE
 6  18.2  20.4   10:45  14.5   00:00   0.6   0.4   1.6   2.9  40.2   13:15   SSW
 7  18.6  23.3   18:45  14.0    2:15   1.3   1.6   0.2   0.6  20.9   14:00     W
 8  19.4  24.7   16:30  14.1    6:30   0.9   2.0   0.0   0.0  14.5   15:45     W
 9  18.3  22.6   18:30  14.7    6:00   1.1   1.1   0.0   0.6  20.9   12:15     W
10  17.9  23.1   14:45  15.1    6:00   1.3   1.0   7.6   0.2  22.5   16:45     E
11  18.0  22.9   18:00  13.0    6:15   1.6   1.3   0.2   0.3  14.5   12:00     W
12  19.6  24.5   15:00  15.4    3:45   0.8   2.1   0.0   0.2  16.1   16:00   ESE
13  17.8  21.0   13:30  15.6    4:45   1.0   0.4   3.8   0.2  14.5   17:45     N
14  16.8  17.7   16:45  15.9    4:15   1.5   0.0   1.4   1.4  25.7   19:15   WNW
15  16.6  17.3    0:15  16.2   00:00   1.7   0.0  29.6   0.6  20.9    3:30   WNW
16  17.1  20.9   18:15  14.5    8:15   1.6   0.4   0.4   0.2  14.5   11:00   WNW
17  20.7  27.2   17:30  14.7    1:30   0.9   3.3   0.0   0.2  14.5    9:00     N
18  21.7  28.8   15:30  14.0    6:15   0.9   4.3   0.0   0.0  16.1   15:45     N
19  20.3  25.6   17:15  15.1    6:15   0.7   2.7   0.0   0.2  16.1   13:45   ENE
20  20.0  25.6   18:30  14.4    6:30   0.9   2.6   0.0   0.2  12.9   11:00   ENE
21  20.7  26.5   16:15  13.2    6:15   1.0   3.4   0.0   0.2  16.1   13:00   ENE
22  20.7  26.2   16:30  15.2    6:30   0.7   3.1   0.0   0.2  16.1   13:00     N
23  19.3  25.2   17:00  12.5    6:15   1.5   2.5   0.0   1.1  17.7   17:45   ENE
24  18.3  21.4   17:45  16.0    5:45   0.8   0.8  18.6   0.3  24.1   20:30     E
25  19.5  24.7   18:15  15.8    6:15   0.8   2.0   1.2   0.3  16.1   13:15     S
26  18.7  22.5   14:30  16.2    6:00   0.5   0.9   1.8   1.1  25.7   15:15     W
27  18.4  22.3   14:30  15.4    6:00   1.6   1.8   1.8   0.8  24.1   18:00    SE
28  17.9  21.4   17:15  15.3    3:00   1.1   0.7   1.6   1.9  30.6   15:00     W
29  18.2  21.8   16:30  14.7    7:00   1.0   1.0   0.0   2.7  33.8   16:00     W
30  18.2  23.3   14:00  13.1    6:15   1.5   1.5   0.0   2.4  33.8   17:45     W
31  17.7  22.1   18:45  15.2    6:45   1.3   0.7   1.4   3.1  27.4    0:15     W
-------------------------------------------------------------------------------------
    18.5  28.8    18    10.7     2    38.3  45.4  90.6   0.8  40.2     6       W

Max >=  32.0:  0
Max <=   0.0:  0
Min <=   0.0:  0
Min <= -18.0:  0
Max Rain: 29.59 ON 15/07/21
Days of Rain: 18 (> .2 mm) 6 (> 2 mm) 1 (> 20 mm)
Heat Base:  18.3  Cool Base:  18.3  Method: Integration
Benelux Weer Netwerk cwop awekas hwa wcloud pwsweather wow wow