NOAA-Style Climate Reports

Select a Year or Month report
2021: Jan | Feb | Mar | Apr | May | Jun | Jul | Aug | Sep | Oct | Nov | Dec |
2020: Jan | Feb | Mar | Apr | May | Jun | Jul | Aug | Sep | Oct | Nov | Dec |
2019: Jan | Feb | Mar | Apr | May | Jun | Jul | Aug | Sep | Oct | Nov | Dec |
2018: Jan | Feb | Mar | Apr | May | Jun | Jul | Aug | Sep | Oct | Nov | Dec |
2017: Jan | Feb | Mar | Apr | May | Jun | Jul | Aug | Sep | Oct | Nov | Dec |
2016: Jan | Feb | Mar | Apr | May | Jun | Jul | Aug | Sep | Oct | Nov | Dec |
2015: Jan | Feb | Mar | Apr | May | Jun | Jul | Aug | Sep | Oct | Nov | Dec |
2014: Jan | Feb | Mar | Apr | May | Jun | Jul | Aug | Sep | Oct | Nov | Dec |
2013: Jan | Feb | Mar | Apr | May | Jun | Jul | Aug | Sep | Oct | Nov | Dec |
2012: Jan | Feb | Mar | Apr | May | Jun | Jul | Aug | Sep | Oct | Nov | Dec |
2011: Jan | Feb | Mar | Apr | May | Jun | Jul | Aug | Sep | Oct | Nov | Dec |
2010: Jan | Feb | Mar | Apr | May | Jun | Jul | Aug | Sep | Oct | Nov | Dec |
2009: Jan | Feb | Mar | Apr | May | Jun | Jul | Aug | Sep | Oct | Nov | Dec |
2008: Jan | Feb | Mar | Apr | May | Jun | Jul | Aug | Sep | Oct | Nov | Dec |
2007: Jan | Feb | Mar | Apr | May | Jun | Jul | Aug | Sep | Oct | Nov | Dec |
2006: Jan | Feb | Mar | Apr | May | Jun | Jul | Aug | Sep | Oct | Nov | Dec |
2005: Jan | Feb | Mar | Apr | May | Jun | Jul | Aug | Sep | Oct | Nov | Dec |
2004: Jan | Feb | Mar | Apr | May | Jun | Jul | Aug | Sep | Oct | Nov | Dec |
2003: Jan | Feb | Mar | Apr | May | Jun | Jul | Aug | Sep | Oct | Nov | Dec |

Report for 2021 August
                   MONTHLY CLIMATOLOGICAL SUMMARY for AUG. 2021

NAME: Patrick Nijs   CITY: Heist-op-den-Berg   STATE: Belgium 
ELEV:    15 m  LAT:  51° 04' 15" N  LONG:   4° 42' 13" E

                   TEMPERATURE (°C), RAIN  (mm), WIND SPEED (km/hr)

                                      HEAT  COOL        AVG
    MEAN                              DEG   DEG         WIND                 DOM
DAY TEMP  HIGH   TIME   LOW    TIME   DAYS  DAYS  RAIN  SPEED HIGH   TIME    DIR
------------------------------------------------------------------------------------
 1  15.7  19.2   13:00  13.8    7:00   2.7   0.0   9.4   0.3  20.9   13:00     W
 2  16.1  20.7   17:30  13.0    7:30   2.5   0.3   0.4   0.2  19.3   16:45     W
 3  16.2  21.8   17:00  12.7    6:15   2.7   0.6   2.0   0.0   9.7   14:30     E
 4  17.3  22.3   18:15  12.1    6:30   1.8   0.8   0.0   0.2  12.9   13:30   ESE
 5  19.7  24.8   18:30  15.1    5:45   0.8   2.2   0.0   0.0  14.5   11:30   SSE
 6  18.6  21.6   19:45  15.8    7:30   0.5   0.8   5.4   1.4  27.4   13:45     W
 7  17.3  21.9   14:45  14.8    7:30   1.6   0.6   3.4   1.1  24.1   16:45     S
 8  16.2  20.0   14:15  14.7   00:00   2.2   0.1   1.0   2.3  30.6   15:15    SW
 9  16.5  21.2   14:30  13.3    3:15   2.2   0.4   5.6   0.6  25.7   14:00     S
10  16.6  20.2   18:30  13.3    6:00   1.9   0.3   5.6   0.2  17.7   10:45     S
11  18.3  24.3   18:15  13.7    7:45   1.6   1.7   0.2   0.3  19.3   14:15     W
12  20.1  26.2   16:00  13.7    6:30   1.4   3.1   0.0   0.0   9.7   12:00     S
13  19.3  23.7   16:45  15.1   00:00   0.7   1.7   0.0   1.0  20.9   11:30     W
14  18.7  24.5   17:15  12.4    6:00   1.8   2.1   0.0   1.0  19.3   11:00     W
15  20.4  27.9   16:30  14.5    6:45   1.1   3.2   0.0   1.0  24.1   21:30     W
16  15.4  17.7   14:45  12.8   00:00   2.9   0.0   6.6   1.9  32.2   12:15     W
17  13.7  15.4   12:30  11.9    6:15   4.6   0.0   4.2   1.1  22.5   12:15     W
18  16.9  19.3   14:30  14.8    0:15   1.5   0.1   0.6   1.1  22.5   13:00   WSW
19  17.5  19.6   16:30  15.6   00:00   1.0   0.2   0.0   1.4  19.3    4:00     W
20  18.2  22.3   17:30  14.1    2:00   1.2   1.1   1.0   0.2  16.1   16:00     W
21  19.9  25.8   17:00  14.4    7:00   1.0   2.7  12.4   0.2  17.7   12:30    SE
22  17.6  20.2   14:15  16.4    4:30   0.8   0.2   0.8   1.3  27.4   15:00     W
23  18.0  21.6   16:30  15.2   00:00   0.9   0.6   2.0   0.2  16.1    4:00     N
24  17.5  22.7   15:45  12.3    7:15   2.1   1.3   0.0   1.4  25.7   14:15   ENE
25  17.1  24.0   16:45  10.2    7:15   2.7   1.5   0.0   0.0  12.9   14:30   ENE
26  16.5  18.9   16:00  15.1    7:15   1.8   0.0   0.0   0.3  17.7   14:30   WNW
27  15.3  21.2   15:45  10.6    6:45   3.3   0.4   0.4   0.3  22.5   16:45     N
28  16.4  21.6   17:30  12.7    6:15   2.4   0.5   2.4   0.2  17.7   14:30     N
29  15.3  17.7   12:15  12.8    3:45   3.0   0.0   0.0   0.2  17.7   15:45     N
30  17.8  22.1   17:30  15.2    7:45   1.2   0.7   0.0   0.0  14.5   20:00     N
31  17.6  22.8   17:30  14.9    3:00   1.7   1.0   0.0   0.0  14.5   17:30     N
-------------------------------------------------------------------------------------
    17.3  27.9    15    10.2    25    57.6  28.0  63.4   0.6  32.2    16       W

Max >=  32.0:  0
Max <=   0.0:  0
Min <=   0.0:  0
Min <= -18.0:  0
Max Rain: 12.40 ON 21/08/21
Days of Rain: 18 (> .2 mm) 11 (> 2 mm) 0 (> 20 mm)
Heat Base:  18.3  Cool Base:  18.3  Method: Integration
Benelux Weer Netwerk cwop awekas hwa wcloud pwsweather wow wow