NOAA-Style Climate Reports

Select a Year or Month report
2021: Jan | Feb | Mar | Apr | May | Jun | Jul | Aug | Sep | Oct | Nov | Dec |
2020: Jan | Feb | Mar | Apr | May | Jun | Jul | Aug | Sep | Oct | Nov | Dec |
2019: Jan | Feb | Mar | Apr | May | Jun | Jul | Aug | Sep | Oct | Nov | Dec |
2018: Jan | Feb | Mar | Apr | May | Jun | Jul | Aug | Sep | Oct | Nov | Dec |
2017: Jan | Feb | Mar | Apr | May | Jun | Jul | Aug | Sep | Oct | Nov | Dec |
2016: Jan | Feb | Mar | Apr | May | Jun | Jul | Aug | Sep | Oct | Nov | Dec |
2015: Jan | Feb | Mar | Apr | May | Jun | Jul | Aug | Sep | Oct | Nov | Dec |
2014: Jan | Feb | Mar | Apr | May | Jun | Jul | Aug | Sep | Oct | Nov | Dec |
2013: Jan | Feb | Mar | Apr | May | Jun | Jul | Aug | Sep | Oct | Nov | Dec |
2012: Jan | Feb | Mar | Apr | May | Jun | Jul | Aug | Sep | Oct | Nov | Dec |
2011: Jan | Feb | Mar | Apr | May | Jun | Jul | Aug | Sep | Oct | Nov | Dec |
2010: Jan | Feb | Mar | Apr | May | Jun | Jul | Aug | Sep | Oct | Nov | Dec |
2009: Jan | Feb | Mar | Apr | May | Jun | Jul | Aug | Sep | Oct | Nov | Dec |
2008: Jan | Feb | Mar | Apr | May | Jun | Jul | Aug | Sep | Oct | Nov | Dec |
2007: Jan | Feb | Mar | Apr | May | Jun | Jul | Aug | Sep | Oct | Nov | Dec |
2006: Jan | Feb | Mar | Apr | May | Jun | Jul | Aug | Sep | Oct | Nov | Dec |
2005: Jan | Feb | Mar | Apr | May | Jun | Jul | Aug | Sep | Oct | Nov | Dec |
2004: Jan | Feb | Mar | Apr | May | Jun | Jul | Aug | Sep | Oct | Nov | Dec |
2003: Jan | Feb | Mar | Apr | May | Jun | Jul | Aug | Sep | Oct | Nov | Dec |

Report for 2021 September
                   MONTHLY CLIMATOLOGICAL SUMMARY for SEP. 2021

NAME: Patrick Nijs   CITY: Heist-op-den-Berg   STATE: Belgium 
ELEV:    15 m  LAT:  51° 04' 15" N  LONG:   4° 42' 13" E

                   TEMPERATURE (°C), RAIN  (mm), WIND SPEED (km/hr)

                                      HEAT  COOL        AVG
    MEAN                              DEG   DEG         WIND                 DOM
DAY TEMP  HIGH   TIME   LOW    TIME   DAYS  DAYS  RAIN  SPEED HIGH   TIME    DIR
------------------------------------------------------------------------------------
 1  16.7  19.0   15:30  14.9    7:45   1.7   0.1   0.0   0.0  11.3   17:00   ENE
 2  18.1  22.2   17:15  14.9    7:00   1.3   1.1   0.0   0.6  17.7   14:45   ENE
 3  18.8  25.8   16:30  12.2    7:00   1.9   2.4   0.0   0.3  16.1   14:15   ENE
 4  16.6  21.1   18:15  13.3    6:45   2.2   0.4   0.0   0.5  16.1   14:45   ENE
 5  18.9  26.6   18:00  12.4    7:30   1.8   2.5   0.0   0.0   8.0    9:00     E
 6  19.0  26.4   17:00  11.3    7:15   2.0   2.7   0.0   0.0   9.7   15:15   ENE
 7  20.3  27.5   16:15  12.8    7:00   1.5   3.5   0.0   0.3  16.1   17:45   ENE
 8  21.7  28.3   16:00  14.9    7:00   0.7   4.0   0.0   0.6  17.7   15:15   ESE
 9  20.7  26.1   16:45  15.6    7:15   0.5   2.9   0.0   0.2  16.1   10:30     W
10  19.7  22.8   17:45  18.1    7:30   0.0   1.4   3.2   0.0  12.9   10:45   SSW
11  17.6  19.5   14:45  15.7    4:15   0.9   0.2   0.8   0.3  22.5   11:45     W
12  16.5  21.9   15:45  11.6    7:30   2.5   0.7   0.2   0.0  12.9   11:00     W
13  16.9  21.7   16:15  11.6    7:45   2.1   0.7   0.0   0.2  14.5   16:45   ENE
14  17.9  22.6   13:15  12.7    7:15   1.8   1.5   0.0   0.0  11.3   12:45   SSE
15  18.2  20.6   15:45  13.4   00:00   0.5   0.4   6.4   0.3  20.9   15:30   WNW
16  16.2  22.2   16:30  11.9    4:45   2.8   0.7   0.0   0.2  17.7   14:45     W
17  16.7  22.9   17:15  11.5    7:45   2.7   1.1   0.2   0.2  14.5   12:45     W
18  17.3  23.6   16:15  11.3    7:30   2.5   1.5   0.0   0.0  14.5   16:30   ENE
19  16.9  22.2   15:00  12.1    7:30   2.3   0.9   0.0   0.0  11.3   17:00   ENE
20  14.5  19.3   15:30  11.7    8:15   3.8   0.0   0.0   0.2  12.9   12:15   ENE
21  13.1  19.6   16:00   7.2    7:45   5.3   0.1   0.0   0.0  16.1   13:45   ENE
22  13.7  21.3   17:45   7.3    7:30   5.1   0.5   0.0   0.0  11.3   15:00   SSE
23  14.8  20.3   15:30   9.4    4:45   3.8   0.3   0.0   1.0  25.7   12:00     W
24  17.3  21.7   17:15  14.6    2:00   1.7   0.8   0.0   0.8  27.4   16:45     W
25  17.2  23.3   17:30  13.4    3:00   2.3   1.2   0.0   0.0   1.6    3:15   SSW
26  18.0  22.3   15:45  15.0    1:15   1.3   1.0   1.4   0.0   1.6   10:45     S
27  15.7  19.2   14:15  12.2   00:00   2.6   0.0   3.0   0.6  24.1   11:00    SE
28  13.7  19.3   16:15   8.9    7:45   4.6   0.1   0.0   0.2  19.3   16:00    SE
29  12.4  15.0   13:00   9.7   22:00   5.9   0.0   5.0   1.6  30.6   13:00     W
30  11.3  15.0   16:30   7.2    7:30   7.0   0.0   0.0   0.5  20.9   17:30   SSW
-------------------------------------------------------------------------------------
    16.9  28.3     8     7.2    21    75.3  32.7  20.2   0.3  30.6    29     ENE

Max >=  32.0:  0
Max <=   0.0:  0
Min <=   0.0:  0
Min <= -18.0:  0
Max Rain: 6.40 ON 15/09/21
Days of Rain: 8 (> .2 mm) 4 (> 2 mm) 0 (> 20 mm)
Heat Base:  18.3  Cool Base:  18.3  Method: Integration
Benelux Weer Netwerk cwop awekas hwa wcloud pwsweather wow wow