NOAA-Style Climate Reports


Report for 2024 February
                   MONTHLY CLIMATOLOGICAL SUMMARY for FEB. 2024

NAME: Patrick Nijs   CITY: Heist-op-den-Berg   STATE: Belgium 
ELEV:    15 m  LAT:  51° 04' 15" N  LONG:   4° 42' 13" E

                   TEMPERATURE (°C), RAIN  (mm), WIND SPEED (km/hr)

                                      HEAT  COOL        AVG
    MEAN                              DEG   DEG         WIND                 DOM
DAY TEMP  HIGH   TIME   LOW    TIME   DAYS  DAYS  RAIN  SPEED HIGH   TIME    DIR
------------------------------------------------------------------------------------
 1   7.4   9.6   15:30   3.9   20:45  10.9   0.0   3.4   0.6  25.7    0:15     W
 2   7.1   9.9   22:45   4.8    0:15  11.2   0.0   0.0   1.8  25.7   14:00    SW
 3  10.3  10.9   13:45   9.7    0:15   8.0   0.0   1.6   2.1  24.1   13:15   WSW
 4  10.9  11.9   13:15  10.1    0:15   7.4   0.0   1.6   4.0  33.8   16:00   WSW
 5   9.9  11.0    0:15   8.4   22:45   8.4   0.0   0.0   3.4  40.2    7:30   WSW
 6  10.7  12.1   14:00   8.9    0:15   7.6   0.0   1.0   3.7  41.8   14:15    SW
 7   5.7  11.2    1:00   3.2   22:30  12.6   0.0  17.8   0.8  30.6    0:15    SW
 8   6.6  11.8   18:00   3.3    0:15  11.7   0.0  11.0   0.6  22.5   17:00   ESE
 9  11.6  13.5   14:00  10.1    4:15   6.7   0.0   3.0   1.4  25.7   10:45     S
10  11.2  13.4   14:30   9.5    5:15   7.1   0.0   3.6   0.2  14.5    1:15    SE
11   9.1  10.7   16:45   7.7    6:15   9.2   0.0   4.4   0.3  19.3    3:45     S
12   7.4  10.7   14:30   2.7   00:00  10.9   0.0   0.0   0.8  20.9   14:30   WSW
13   6.5  10.6   14:30   2.4    6:00  11.8   0.0   0.4   0.8  25.7   21:00     S
14  11.1  12.8   21:00   9.0    0:15   7.2   0.0   4.0   1.4  24.1    2:15   SSW
15  13.7  17.1   15:45  11.4    8:15   4.6   0.0   2.2   0.2  27.4   13:00   SSE
16  12.4  14.2   10:00  10.0   23:00   5.9   0.0   1.4   0.6  20.9   12:30     W
17  10.9  14.3   16:30   8.7    8:00   7.3   0.0   0.0   0.3  16.1   12:45    SW
18  10.2  11.8   17:45   8.6    9:00   8.1   0.0   3.2   1.6  32.2   13:45     S
19   9.5  10.5   11:45   7.9   00:00   8.8   0.0   0.6   1.0  27.4   14:00     W
20   8.2  11.5   13:15   5.7    8:45  10.2   0.0   0.2   0.8  24.1   13:45   WSW
21   9.3  10.7   13:00   8.3    9:30   9.0   0.0   7.2   1.3  32.2   18:45     S
22  10.4  13.4   16:15   5.3   23:15   7.9   0.0   4.6   4.7  48.3   19:30   SSE
23   6.6   9.0   16:15   4.4   00:00  11.8   0.0   1.8   4.3  37.0   11:45   SSW
24   5.5   7.7   16:30   4.2    0:30  11.3   0.0   1.2   0.5  20.9   13:15   SSW
25
26
27
28
29
-------------------------------------------------------------------------------------
     9.3  17.1    15     2.4    13   215.5   0.0  74.2   1.6  48.3    22      SW

Max >=  32.0:  0
Max <=   0.0:  0
Min <=   0.0:  0
Min <= -18.0:  0
Max Rain: 17.81 ON 07/02/24
Days of Rain: 20 (> .2 mm) 11 (> 2 mm) 0 (> 20 mm)
Heat Base:  18.3  Cool Base:  18.3  Method: Integration
Benelux Weer Netwerk cwop awekas hwa wcloud pwsweather wow wow