NOAA-Style Climate Reports

Select a Year or Month report
2021: Jan | Feb | Mar | Apr | May | Jun | Jul | Aug | Sep | Oct | Nov | Dec |
2020: Jan | Feb | Mar | Apr | May | Jun | Jul | Aug | Sep | Oct | Nov | Dec |
2019: Jan | Feb | Mar | Apr | May | Jun | Jul | Aug | Sep | Oct | Nov | Dec |
2018: Jan | Feb | Mar | Apr | May | Jun | Jul | Aug | Sep | Oct | Nov | Dec |
2017: Jan | Feb | Mar | Apr | May | Jun | Jul | Aug | Sep | Oct | Nov | Dec |
2016: Jan | Feb | Mar | Apr | May | Jun | Jul | Aug | Sep | Oct | Nov | Dec |
2015: Jan | Feb | Mar | Apr | May | Jun | Jul | Aug | Sep | Oct | Nov | Dec |
2014: Jan | Feb | Mar | Apr | May | Jun | Jul | Aug | Sep | Oct | Nov | Dec |
2013: Jan | Feb | Mar | Apr | May | Jun | Jul | Aug | Sep | Oct | Nov | Dec |
2012: Jan | Feb | Mar | Apr | May | Jun | Jul | Aug | Sep | Oct | Nov | Dec |
2011: Jan | Feb | Mar | Apr | May | Jun | Jul | Aug | Sep | Oct | Nov | Dec |
2010: Jan | Feb | Mar | Apr | May | Jun | Jul | Aug | Sep | Oct | Nov | Dec |
2009: Jan | Feb | Mar | Apr | May | Jun | Jul | Aug | Sep | Oct | Nov | Dec |
2008: Jan | Feb | Mar | Apr | May | Jun | Jul | Aug | Sep | Oct | Nov | Dec |
2007: Jan | Feb | Mar | Apr | May | Jun | Jul | Aug | Sep | Oct | Nov | Dec |
2006: Jan | Feb | Mar | Apr | May | Jun | Jul | Aug | Sep | Oct | Nov | Dec |
2005: Jan | Feb | Mar | Apr | May | Jun | Jul | Aug | Sep | Oct | Nov | Dec |
2004: Jan | Feb | Mar | Apr | May | Jun | Jul | Aug | Sep | Oct | Nov | Dec |
2003: Jan | Feb | Mar | Apr | May | Jun | Jul | Aug | Sep | Oct | Nov | Dec |

Report for 2021 February
                   MONTHLY CLIMATOLOGICAL SUMMARY for FEB. 2021

NAME: Patrick Nijs   CITY: Heist-op-den-Berg   STATE: Belgium 
ELEV:    15 m  LAT:  51° 04' 15" N  LONG:   4° 42' 13" E

                   TEMPERATURE (°C), RAIN  (mm), WIND SPEED (km/hr)

                                      HEAT  COOL        AVG
    MEAN                              DEG   DEG         WIND                 DOM
DAY TEMP  HIGH   TIME   LOW    TIME   DAYS  DAYS  RAIN  SPEED HIGH   TIME    DIR
------------------------------------------------------------------------------------
 1   3.2   4.3   14:30   1.9    0:15  15.1   0.0   1.2   0.2  14.5   17:00     W
 2   7.5  11.1   15:45   4.0    0:15  10.8   0.0   9.8   1.3  22.5   15:30   SSW
 3   9.5  12.4   15:45   7.6   21:00   8.8   0.0  17.6   2.3  32.2   15:15   SSW
 4   7.8  10.3   14:45   4.3    8:30  10.5   0.0   0.2   0.5  22.5    1:45    SE
 5   8.1  12.1   15:00   5.2   23:30  10.3   0.0   0.0   0.2  14.5   14:30   ESE
 6   5.0   7.8   13:00   0.1   00:00  13.3   0.0   2.4   4.2  27.4   17:15   ENE
 7  -2.2   0.1    0:15  -4.2   00:00  20.5   0.0   0.4   5.1  25.7    1:45   ENE
 8  -5.3  -4.2    0:15  -7.4   00:00  23.6   0.0   0.0   6.0  27.4    3:15   ENE
 9  -5.7  -2.6   16:00  -8.3    8:00  24.0   0.0   1.8   4.3  20.9   13:30   ENE
10  -4.8  -1.7   15:15  -7.8    4:30  23.1   0.0   0.0   3.4  17.7    5:30   ENE
11  -4.3  -0.1   15:45  -9.3    8:15  22.2   0.0   1.4   1.1  12.9   19:45   ENE
12  -4.7  -1.8   13:45  -7.0    8:15  23.0   0.0   0.0   7.1  27.4   12:45   ENE
13  -3.5   1.2   15:30  -8.1    8:15  21.8   0.0   0.2   5.1  22.5   15:00     E
14   0.2   6.5   15:00  -6.6    6:00  18.1   0.0   1.4   2.9  27.4   14:00    SE
15   4.1   5.6   00:00   2.1    1:15  14.2   0.0   2.6   2.4  20.9    9:30   SSE
16   8.7  13.5   13:45   5.2    7:30   9.6   0.0   2.4   1.3  25.7   11:45   SSE
17   9.9  12.9   15:15   7.7    7:00   8.4   0.0   0.0   2.6  24.1   10:00    SW
18   8.6  12.7   13:15   6.1   00:00   9.7   0.0   3.0   2.7  30.6   15:30    SE
19   7.4  11.3   16:00   3.0    6:45  10.9   0.0   0.0   1.4  24.1   13:30   SSE
20  12.9  17.4   15:45   9.4    0:15   5.4   0.0   0.0   1.8  25.7   14:45    SE
21  12.4  18.1   15:45   8.0    7:15   5.9   0.0   0.0   0.5  20.9   16:45    SE
22  13.2  17.6   15:30   8.5    1:00   5.1   0.0   0.0   0.5  17.7   11:30   SSE
23  14.2  18.9   15:45   8.5    5:00   4.1   0.0   0.0   1.3  35.4   14:15   SSW
24  14.5  20.0   15:00  10.5    3:15   4.0   0.2   0.0   1.0  29.0   12:45   SSW
25  10.6  15.6   12:00   8.6    6:45   3.9   0.0   0.0   0.0   8.0   12:00     S
26
27
28
-------------------------------------------------------------------------------------
     5.1  20.0    24    -9.3    11   326.3   0.2  44.4   2.4  35.4    23     ENE

Max >=  32.0:  0
Max <=   0.0:  5
Min <=   0.0:  8
Min <= -18.0:  0
Max Rain: 17.60 ON 03/02/21
Days of Rain: 13 (> .2 mm) 6 (> 2 mm) 0 (> 20 mm)
Heat Base:  18.3  Cool Base:  18.3  Method: Integration
Benelux Weer Netwerk cwop awekas hwa wcloud pwsweather wow wow