NOAA-Style Climate Reports

Select a Year or Month report
2020: Jan | Feb | Mar | Apr | May | Jun | Jul | Aug | Sep | Oct | Nov | Dec |
2019: Jan | Feb | Mar | Apr | May | Jun | Jul | Aug | Sep | Oct | Nov | Dec |
2018: Jan | Feb | Mar | Apr | May | Jun | Jul | Aug | Sep | Oct | Nov | Dec |
2017: Jan | Feb | Mar | Apr | May | Jun | Jul | Aug | Sep | Oct | Nov | Dec |
2016: Jan | Feb | Mar | Apr | May | Jun | Jul | Aug | Sep | Oct | Nov | Dec |
2015: Jan | Feb | Mar | Apr | May | Jun | Jul | Aug | Sep | Oct | Nov | Dec |
2014: Jan | Feb | Mar | Apr | May | Jun | Jul | Aug | Sep | Oct | Nov | Dec |
2013: Jan | Feb | Mar | Apr | May | Jun | Jul | Aug | Sep | Oct | Nov | Dec |
2012: Jan | Feb | Mar | Apr | May | Jun | Jul | Aug | Sep | Oct | Nov | Dec |
2011: Jan | Feb | Mar | Apr | May | Jun | Jul | Aug | Sep | Oct | Nov | Dec |
2010: Jan | Feb | Mar | Apr | May | Jun | Jul | Aug | Sep | Oct | Nov | Dec |
2009: Jan | Feb | Mar | Apr | May | Jun | Jul | Aug | Sep | Oct | Nov | Dec |
2008: Jan | Feb | Mar | Apr | May | Jun | Jul | Aug | Sep | Oct | Nov | Dec |
2007: Jan | Feb | Mar | Apr | May | Jun | Jul | Aug | Sep | Oct | Nov | Dec |
2006: Jan | Feb | Mar | Apr | May | Jun | Jul | Aug | Sep | Oct | Nov | Dec |
2005: Jan | Feb | Mar | Apr | May | Jun | Jul | Aug | Sep | Oct | Nov | Dec |
2004: Jan | Feb | Mar | Apr | May | Jun | Jul | Aug | Sep | Oct | Nov | Dec |
2003: Jan | Feb | Mar | Apr | May | Jun | Jul | Aug | Sep | Oct | Nov | Dec |

Report for 2020 September
                   MONTHLY CLIMATOLOGICAL SUMMARY for SEP. 2020

NAME: Patrick Nijs   CITY: Heist-op-den-Berg   STATE: Belgium 
ELEV:    15 m  LAT:  51° 04' 15" N  LONG:   4° 42' 13" E

                   TEMPERATURE (°C), RAIN  (mm), WIND SPEED (km/hr)

                                      HEAT  COOL        AVG
    MEAN                              DEG   DEG         WIND                 DOM
DAY TEMP  HIGH   TIME   LOW    TIME   DAYS  DAYS  RAIN  SPEED HIGH   TIME    DIR
------------------------------------------------------------------------------------
 1  14.6  20.9   15:45   8.6    5:45   4.0   0.3   0.0   0.2  17.7   15:00   ENE
 2  15.6  22.1   15:00   9.8    7:15   3.5   0.8   0.0   0.3  14.5   19:00     W
 3  16.7  21.8   18:15  12.2    2:00   2.7   1.1   1.2   1.3  24.1   00:00     W
 4  18.8  22.1   15:45  15.8   00:00   0.5   1.0   2.2   1.8  27.4    0:45     W
 5  15.9  19.8   15:30  11.1   00:00   2.5   0.1   0.4   1.1  25.7   15:15   WNW
 6  13.8  19.6   15:30   8.5    7:30   4.5   0.1   0.0   0.2  12.9   12:00     W
 7  15.2  21.8   15:45   8.6    7:00   3.9   0.8   0.0   0.6  17.7   11:30     W
 8  17.0  19.1   15:15  13.5    2:30   1.5   0.2   0.0   0.6  17.7   11:30    SW
 9  19.2  23.9   14:45  16.8    7:00   0.3   1.3   0.0   1.0  22.5   13:00     W
10  17.3  22.3   18:00  12.4    7:15   1.8   0.9   0.0   0.3  14.5   10:15   ENE
11  15.4  23.1   17:30   8.2    7:30   4.0   1.1   0.0   0.0  12.9   17:15     E
12  16.1  21.9   16:45  10.8    3:30   2.9   0.7   0.0   1.1  24.1   11:30     W
13  17.5  25.1   19:00  11.0    7:30   2.6   1.8   0.0   0.0  16.1   16:30     W
14  21.0  31.8   17:45  11.9    7:00   1.9   4.6   0.0   0.0  11.3   14:15   ESE
15  24.3  35.2   16:15  16.1    4:30   0.5   6.5   0.0   0.0   8.0   17:00    SE
16  21.1  28.1   14:45  15.7    6:45   0.5   3.3   0.0   0.2  16.1   16:30     N
17  16.0  20.7   17:15  10.9    8:00   2.7   0.4   0.0   1.8  25.7   11:45   ENE
18  16.4  24.1   17:15   8.9    7:45   3.2   1.4   0.0   3.4  24.1   18:00   ENE
19  18.9  26.6   17:15  11.9    8:00   2.0   2.6   0.0   0.5  12.9   13:00   ENE
20  18.2  26.1   16:45  12.4    8:00   1.4   1.3   0.0   0.2  11.3   15:45   ENE
21
22
23
24
25
26
27
28
29
30
-------------------------------------------------------------------------------------
    17.5  35.2    15     8.2    11    46.9  30.2   3.8   0.7  27.4     4     ENE

Max >=  32.0:  1
Max <=   0.0:  0
Min <=   0.0:  0
Min <= -18.0:  0
Max Rain: 2.21 ON 04/09/20
Days of Rain: 3 (> .2 mm) 1 (> 2 mm) 0 (> 20 mm)
Heat Base:  18.3  Cool Base:  18.3  Method: Integration
Benelux Weer Netwerk cwop awekas hwa wcloud pwsweather wow wow