NOAA-Style Climate Reports

Select a Year or Month report
2019: Jan | Feb | Mar | Apr | May | Jun | Jul | Aug | Sep | Oct | Nov | Dec |
2018: Jan | Feb | Mar | Apr | May | Jun | Jul | Aug | Sep | Oct | Nov | Dec |
2017: Jan | Feb | Mar | Apr | May | Jun | Jul | Aug | Sep | Oct | Nov | Dec |
2016: Jan | Feb | Mar | Apr | May | Jun | Jul | Aug | Sep | Oct | Nov | Dec |
2015: Jan | Feb | Mar | Apr | May | Jun | Jul | Aug | Sep | Oct | Nov | Dec |
2014: Jan | Feb | Mar | Apr | May | Jun | Jul | Aug | Sep | Oct | Nov | Dec |
2013: Jan | Feb | Mar | Apr | May | Jun | Jul | Aug | Sep | Oct | Nov | Dec |
2012: Jan | Feb | Mar | Apr | May | Jun | Jul | Aug | Sep | Oct | Nov | Dec |
2011: Jan | Feb | Mar | Apr | May | Jun | Jul | Aug | Sep | Oct | Nov | Dec |
2010: Jan | Feb | Mar | Apr | May | Jun | Jul | Aug | Sep | Oct | Nov | Dec |
2009: Jan | Feb | Mar | Apr | May | Jun | Jul | Aug | Sep | Oct | Nov | Dec |
2008: Jan | Feb | Mar | Apr | May | Jun | Jul | Aug | Sep | Oct | Nov | Dec |
2007: Jan | Feb | Mar | Apr | May | Jun | Jul | Aug | Sep | Oct | Nov | Dec |
2006: Jan | Feb | Mar | Apr | May | Jun | Jul | Aug | Sep | Oct | Nov | Dec |
2005: Jan | Feb | Mar | Apr | May | Jun | Jul | Aug | Sep | Oct | Nov | Dec |
2004: Jan | Feb | Mar | Apr | May | Jun | Jul | Aug | Sep | Oct | Nov | Dec |
2003: Jan | Feb | Mar | Apr | May | Jun | Jul | Aug | Sep | Oct | Nov | Dec |

Report for 2019 June
                   MONTHLY CLIMATOLOGICAL SUMMARY for JUN. 2019

NAME: Patrick Nijs   CITY: Heist-op-den-Berg   STATE: Belgium 
ELEV:    15 m  LAT:  51° 04' 15" N  LONG:   4° 42' 13" E

                   TEMPERATURE (°C), RAIN  (mm), WIND SPEED (km/hr)

                                      HEAT  COOL        AVG
    MEAN                              DEG   DEG         WIND                 DOM
DAY TEMP  HIGH   TIME   LOW    TIME   DAYS  DAYS  RAIN  SPEED HIGH   TIME    DIR
------------------------------------------------------------------------------------
 1  20.6  28.5   18:45  12.1    6:00   1.8   4.0   0.0   0.6  16.1   10:30   WNW
 2  23.7  31.3   16:30  15.2    5:15   0.5   5.9   4.4   1.4  27.4   12:45    SE
 3  18.3  20.3   18:00  15.4    6:15   0.6   0.6   0.2   0.6  17.7   12:15     W
 4  19.3  26.5   18:15  12.3    5:15   1.6   2.5   3.2   1.4  48.3   21:30     E
 5  16.2  18.9   19:15  12.1   00:00   2.2   0.0   5.2   0.3  45.1   23:00     N
 6  13.9  19.3   17:45  10.5    6:00   4.4   0.0  20.4   1.8  29.0   10:30     W
 7  14.9  23.0   13:45  10.0    5:45   3.9   0.5   2.0   3.4  40.2   23:30   ESE
 8  15.1  17.8   18:00  12.6    8:15   3.2   0.0   1.0   7.1  45.1    1:45    SW
 9  15.4  20.5   14:45   8.7    6:00   3.2   0.3   0.0   0.0  12.9   13:30    SE
10  16.9  23.1   14:00  12.7    5:00   2.2   0.9  10.0   0.5  16.1   19:00   ENE
11  15.6  20.3   16:30  10.1    6:30   3.0   0.3   0.2   0.5  17.7    2:45     S
12  14.8  18.7   17:30  12.9   00:00   3.5   0.0   9.8   0.8  24.1   16:00     W
13  14.4  18.2   17:00  11.6    4:45   3.9   0.0  16.8   1.9  29.0   11:45   SSE
14  17.7  25.2   18:45  11.3    4:30   2.7   2.1   0.8   0.8  27.4   15:30     S
15  16.7  21.6   17:45  13.5    7:45   1.9   0.4  18.0   0.5  17.7   14:15   WNW
16  17.4  22.3   16:00  12.3    6:00   2.0   1.0   0.0   1.0  19.3   11:30     W
17  20.3  26.8   19:15  12.2    5:45   1.6   3.6   0.0   0.3  17.7   11:30    SE
18  22.6  29.1   19:00  15.4    6:00   0.5   4.8   0.0   0.2  12.9   18:15   ENE
19  20.8  28.2   16:00  17.8   23:45   0.0   2.6   2.8   0.5  27.4   18:30    NW
20
21
22
23
24
25
26
27
28
29
30
-------------------------------------------------------------------------------------
    17.6  31.3     2     8.7     9    42.7  29.5  94.8   1.2  48.3     4       W

Max >=  32.0:  0
Max <=   0.0:  0
Min <=   0.0:  0
Min <= -18.0:  0
Max Rain: 20.40 ON 06/06/19
Days of Rain: 14 (> .2 mm) 10 (> 2 mm) 1 (> 20 mm)
Heat Base:  18.3  Cool Base:  18.3  Method: Integration