NOAA-Style Climate Reports

Select a Year or Month report
2019: Jan | Feb | Mar | Apr | May | Jun | Jul | Aug | Sep | Oct | Nov | Dec |
2018: Jan | Feb | Mar | Apr | May | Jun | Jul | Aug | Sep | Oct | Nov | Dec |
2017: Jan | Feb | Mar | Apr | May | Jun | Jul | Aug | Sep | Oct | Nov | Dec |
2016: Jan | Feb | Mar | Apr | May | Jun | Jul | Aug | Sep | Oct | Nov | Dec |
2015: Jan | Feb | Mar | Apr | May | Jun | Jul | Aug | Sep | Oct | Nov | Dec |
2014: Jan | Feb | Mar | Apr | May | Jun | Jul | Aug | Sep | Oct | Nov | Dec |
2013: Jan | Feb | Mar | Apr | May | Jun | Jul | Aug | Sep | Oct | Nov | Dec |
2012: Jan | Feb | Mar | Apr | May | Jun | Jul | Aug | Sep | Oct | Nov | Dec |
2011: Jan | Feb | Mar | Apr | May | Jun | Jul | Aug | Sep | Oct | Nov | Dec |
2010: Jan | Feb | Mar | Apr | May | Jun | Jul | Aug | Sep | Oct | Nov | Dec |
2009: Jan | Feb | Mar | Apr | May | Jun | Jul | Aug | Sep | Oct | Nov | Dec |
2008: Jan | Feb | Mar | Apr | May | Jun | Jul | Aug | Sep | Oct | Nov | Dec |
2007: Jan | Feb | Mar | Apr | May | Jun | Jul | Aug | Sep | Oct | Nov | Dec |
2006: Jan | Feb | Mar | Apr | May | Jun | Jul | Aug | Sep | Oct | Nov | Dec |
2005: Jan | Feb | Mar | Apr | May | Jun | Jul | Aug | Sep | Oct | Nov | Dec |
2004: Jan | Feb | Mar | Apr | May | Jun | Jul | Aug | Sep | Oct | Nov | Dec |
2003: Jan | Feb | Mar | Apr | May | Jun | Jul | Aug | Sep | Oct | Nov | Dec |

Report for 2019 February
                   MONTHLY CLIMATOLOGICAL SUMMARY for FEB. 2019

NAME: Patrick Nijs   CITY: Heist-op-den-Berg   STATE: Belgium 
ELEV:    15 m  LAT:  51° 04' 15" N  LONG:   4° 42' 13" E

                   TEMPERATURE (°C), RAIN  (mm), WIND SPEED (km/hr)

                                      HEAT  COOL        AVG
    MEAN                              DEG   DEG         WIND                 DOM
DAY TEMP  HIGH   TIME   LOW    TIME   DAYS  DAYS  RAIN  SPEED HIGH   TIME    DIR
------------------------------------------------------------------------------------
 1   2.2   5.1   15:45  -0.9    0:15  16.1   0.0   2.2   0.6  16.1    0:30     E
 2   2.6   3.1    0:15   1.6   10:00  15.7   0.0  11.0   0.0   8.0   19:15    NW
 3   2.8   7.6   15:15  -0.7   00:00  15.5   0.0   0.0   0.3  14.5   12:15   WNW
 4   1.8   4.3   14:45  -1.2    2:30  16.5   0.0   1.0   2.1  25.7   15:15     S
 5   4.1   6.8   16:15   2.2   00:00  14.2   0.0   0.6   0.5  16.1    0:15   SSW
 6   5.3   8.1   16:45   1.6    2:15  13.0   0.0   3.6   1.4  19.3   14:00   SSE
 7   8.3  10.3   14:00   6.3   23:45  10.0   0.0   4.0   4.0  43.5    7:30     W
 8   8.2  10.0   18:15   6.1    1:00  10.1   0.0   4.4   5.1  37.0   15:45     S
 9   8.6  10.3   16:00   6.8    8:00   9.7   0.0   1.8   6.3  43.5   13:30     W
10   7.5   9.9    8:30   4.7   19:15  10.8   0.0  13.6   6.3  41.8   19:00   WNW
11   4.7   8.4   15:00   0.3   00:00  13.6   0.0   0.0   2.6  22.5    0:15   WNW
12   3.7   9.3   15:45  -0.1    4:30  14.6   0.0   0.2   0.3  16.1   15:15   SSW
13   4.3   9.2   15:45   1.1    8:15  14.0   0.0   0.0   0.3  16.1   13:00   SSW
14   5.1  14.4   16:15  -1.4    7:45  13.2   0.0   0.0   0.2  11.3   16:15    SE
15   7.4  16.8   16:00   0.4    3:30  10.9   0.0   0.0   0.2  12.9   13:45    SE
16   7.3  15.5   15:15   1.4    7:30  10.9   0.0   0.0   0.3  19.3   13:30    SW
17   8.2  17.3   15:15   1.4    3:00  10.1   0.0   0.0   0.2  16.1   15:00   SSE
18   8.6  16.2   16:45   2.0    7:00   9.7   0.0   0.0   0.2  11.3   11:30   SSE
19   8.5  11.7   15:45   5.8   23:45   9.8   0.0   0.0   1.9  30.6   11:15     W
20   6.8  12.2   15:30   3.2    6:30  10.2   0.0   0.0   0.6  19.3   12:15     W
21
22
23
24
25
26
27
28
-------------------------------------------------------------------------------------
     5.8  17.3    17    -1.4    14   248.8   0.0  42.4   1.7  43.5     7       W

Max >=  32.0:  0
Max <=   0.0:  0
Min <=   0.0:  5
Min <= -18.0:  0
Max Rain: 13.59 ON 10/02/19
Days of Rain: 10 (> .2 mm) 6 (> 2 mm) 0 (> 20 mm)
Heat Base:  18.3  Cool Base:  18.3  Method: Integration