NOAA-Style Climate Reports

Select a Year or Month report
2019: Jan | Feb | Mar | Apr | May | Jun | Jul | Aug | Sep | Oct | Nov | Dec |
2018: Jan | Feb | Mar | Apr | May | Jun | Jul | Aug | Sep | Oct | Nov | Dec |
2017: Jan | Feb | Mar | Apr | May | Jun | Jul | Aug | Sep | Oct | Nov | Dec |
2016: Jan | Feb | Mar | Apr | May | Jun | Jul | Aug | Sep | Oct | Nov | Dec |
2015: Jan | Feb | Mar | Apr | May | Jun | Jul | Aug | Sep | Oct | Nov | Dec |
2014: Jan | Feb | Mar | Apr | May | Jun | Jul | Aug | Sep | Oct | Nov | Dec |
2013: Jan | Feb | Mar | Apr | May | Jun | Jul | Aug | Sep | Oct | Nov | Dec |
2012: Jan | Feb | Mar | Apr | May | Jun | Jul | Aug | Sep | Oct | Nov | Dec |
2011: Jan | Feb | Mar | Apr | May | Jun | Jul | Aug | Sep | Oct | Nov | Dec |
2010: Jan | Feb | Mar | Apr | May | Jun | Jul | Aug | Sep | Oct | Nov | Dec |
2009: Jan | Feb | Mar | Apr | May | Jun | Jul | Aug | Sep | Oct | Nov | Dec |
2008: Jan | Feb | Mar | Apr | May | Jun | Jul | Aug | Sep | Oct | Nov | Dec |
2007: Jan | Feb | Mar | Apr | May | Jun | Jul | Aug | Sep | Oct | Nov | Dec |
2006: Jan | Feb | Mar | Apr | May | Jun | Jul | Aug | Sep | Oct | Nov | Dec |
2005: Jan | Feb | Mar | Apr | May | Jun | Jul | Aug | Sep | Oct | Nov | Dec |
2004: Jan | Feb | Mar | Apr | May | Jun | Jul | Aug | Sep | Oct | Nov | Dec |
2003: Jan | Feb | Mar | Apr | May | Jun | Jul | Aug | Sep | Oct | Nov | Dec |

Report for 2019 April
                   MONTHLY CLIMATOLOGICAL SUMMARY for APR. 2019

NAME: Patrick Nijs   CITY: Heist-op-den-Berg   STATE: Belgium 
ELEV:    15 m  LAT:  51° 04' 15" N  LONG:   4° 42' 13" E

                   TEMPERATURE (°C), RAIN  (mm), WIND SPEED (km/hr)

                                      HEAT  COOL        AVG
    MEAN                              DEG   DEG         WIND                 DOM
DAY TEMP  HIGH   TIME   LOW    TIME   DAYS  DAYS  RAIN  SPEED HIGH   TIME    DIR
------------------------------------------------------------------------------------
 1   9.8  17.0   16:30   2.4    7:45   8.5   0.0   0.0   2.3  17.7    3:30   ENE
 2  10.1  17.2   16:15   6.9    7:30   8.2   0.0   6.0   0.6  41.8   17:00   SSE
 3   6.9   9.7   17:30   4.7   00:00  11.3   0.0   1.6   0.5  25.7   12:00    SE
 4   6.6  11.7   17:45   2.2    5:30  11.7   0.0   0.0   0.2  14.5   16:30   ESE
 5   8.3  13.8   17:00   1.4    7:30  10.0   0.0   0.0   1.0  17.7   15:30     E
 6  11.3  16.1   17:45   7.8    6:15   7.0   0.0   0.0   0.0   9.7   15:45   ENE
 7  14.6  21.4   16:15   8.7    7:30   4.4   0.6   0.0   0.8  20.9   15:00     E
 8  11.1  14.4   16:45   9.1    6:15   7.2   0.0   0.8   0.0   9.7    1:30     W
 9  11.4  15.3   17:00   8.3    9:15   6.9   0.0   0.4   0.6  17.7   17:30   ENE
10   9.3  13.9   15:30   4.8    7:45   9.0   0.0   0.0   2.1  24.1   14:30   ENE
11   7.1  12.8   16:30   1.0    7:30  11.2   0.0   0.0   0.8  24.1   14:45   ENE
12   5.6   9.3   15:45   2.2    4:15  12.7   0.0   0.0   1.6  20.9   18:15   ENE
13   4.0   9.1   17:00  -0.4    7:00  14.3   0.0   0.0   0.8  22.5   12:00   ENE
14   4.8  11.5   18:30  -0.9    6:45  13.5   0.0   0.0   1.0  19.3   16:45   ENE
15   9.8  17.5   18:15   1.7    6:15   8.5   0.0   0.0   1.4  24.1   15:30     E
16  13.3  19.2   14:45   7.3    7:15   5.0   0.1   0.0   0.6  17.7   17:15     E
17  13.2  16.8   16:00  10.4    5:45   5.1   0.0   0.0   0.2  11.3   12:00    SE
18  16.4  22.8   17:30   9.1    4:30   3.3   1.3   0.0   2.1  24.1   16:45     E
19  18.4  25.7   16:15  10.9    7:00   2.1   2.3   0.0   0.8  22.5   13:45   ENE
20  18.2  26.3   17:30   7.5    7:15   2.7   2.6   0.0   0.5  19.3   16:45   ENE
21  18.3  26.1   17:15   8.3    7:15   2.4   2.5   0.0   0.3  12.9   14:30     E
22  19.3  26.2   16:15  10.8    6:15   1.9   2.9   0.0   1.1  20.9   12:30   ESE
23  17.2  22.5   17:30  11.7    8:00   2.1   1.0   0.0   1.4  22.5   14:15     E
24  16.5  23.8   14:45  10.8   00:00   3.0   1.2   6.6   1.8  32.2   18:30   SSE
25   9.5  10.8    0:15   8.7    3:45   2.4   0.0   0.0   0.5  11.3    4:00   ESE
26
27
28
29
30
-------------------------------------------------------------------------------------
    11.6  26.3    20    -0.9    14   174.7  14.5  15.4   0.9  41.8     2     ENE

Max >=  32.0:  0
Max <=   0.0:  0
Min <=   0.0:  2
Min <= -18.0:  0
Max Rain: 6.60 ON 24/04/19
Days of Rain: 5 (> .2 mm) 2 (> 2 mm) 0 (> 20 mm)
Heat Base:  18.3  Cool Base:  18.3  Method: Integration