Thunderstorms From: 14-05-2021 10:59 Until: 22:59 warning for: Thunderstorms Level: Yellow info button

NOAA-Style Climate Reports

Select a Year or Month report
2021: Jan | Feb | Mar | Apr | May | Jun | Jul | Aug | Sep | Oct | Nov | Dec |
2020: Jan | Feb | Mar | Apr | May | Jun | Jul | Aug | Sep | Oct | Nov | Dec |
2019: Jan | Feb | Mar | Apr | May | Jun | Jul | Aug | Sep | Oct | Nov | Dec |
2018: Jan | Feb | Mar | Apr | May | Jun | Jul | Aug | Sep | Oct | Nov | Dec |
2017: Jan | Feb | Mar | Apr | May | Jun | Jul | Aug | Sep | Oct | Nov | Dec |
2016: Jan | Feb | Mar | Apr | May | Jun | Jul | Aug | Sep | Oct | Nov | Dec |
2015: Jan | Feb | Mar | Apr | May | Jun | Jul | Aug | Sep | Oct | Nov | Dec |
2014: Jan | Feb | Mar | Apr | May | Jun | Jul | Aug | Sep | Oct | Nov | Dec |
2013: Jan | Feb | Mar | Apr | May | Jun | Jul | Aug | Sep | Oct | Nov | Dec |
2012: Jan | Feb | Mar | Apr | May | Jun | Jul | Aug | Sep | Oct | Nov | Dec |
2011: Jan | Feb | Mar | Apr | May | Jun | Jul | Aug | Sep | Oct | Nov | Dec |
2010: Jan | Feb | Mar | Apr | May | Jun | Jul | Aug | Sep | Oct | Nov | Dec |
2009: Jan | Feb | Mar | Apr | May | Jun | Jul | Aug | Sep | Oct | Nov | Dec |
2008: Jan | Feb | Mar | Apr | May | Jun | Jul | Aug | Sep | Oct | Nov | Dec |
2007: Jan | Feb | Mar | Apr | May | Jun | Jul | Aug | Sep | Oct | Nov | Dec |
2006: Jan | Feb | Mar | Apr | May | Jun | Jul | Aug | Sep | Oct | Nov | Dec |
2005: Jan | Feb | Mar | Apr | May | Jun | Jul | Aug | Sep | Oct | Nov | Dec |
2004: Jan | Feb | Mar | Apr | May | Jun | Jul | Aug | Sep | Oct | Nov | Dec |
2003: Jan | Feb | Mar | Apr | May | Jun | Jul | Aug | Sep | Oct | Nov | Dec |

Report for 2008
                            ANNUAL CLIMATOLOGICAL SUMMARY

NAME: Patrick Nijs  CITY: Heist-op-den-Berg   STATE: Belgium  
ELEV:    15 m  LAT: 51° 04' 15" N  LONG: 4° 42' 13" E

               TEMPERATURE (°C), HEAT BASE 18.3, COOL BASE 18.3
                          DEP.  HEAT  COOL                                          
        MEAN  MEAN        FROM  DEG   DEG                        MAX  MAX  MIN  MIN 
 YR MO  MAX   MIN   MEAN  NORM  DAYS  DAYS  HI  DATE  LOW  DATE  >=32 <=0  <=0  <=-18 
------------------------------------------------------------------------------------
 08  1   9.2   4.3   6.9   4.4   354     0  13.3  18  -2.4    2    0    0    2    0
 08  2  10.3   1.6   5.8   2.6   357     0  15.0   9  -5.9   17    0    0   10    0
 08  3  10.0   3.5   6.6   0.9   361     0  15.6  31  -3.2   23    0    0    5    0
 08  4  14.7   5.0   9.7   1.0   257     3  24.1  27  -1.4   16    0    0    4    0
 08  5  22.3  11.5  16.9   4.2    87    42  28.8  14   5.5    3    0    0    0    0
 08  6  21.9  12.6  16.8   1.3    79    35  29.8   2   5.5   16    0    0    0    0
 08  7  23.3  14.2  18.6   1.4    50    58  32.8  31   9.3   13    1    0    0    0
 08  8  22.8  14.4  18.2   1.2    44    40  30.1   6   9.7   16    0    0    0    0
 08  9  19.1   9.9  14.3  -0.1   117    10  27.8  11   2.8   19    0    0    0    0
 08 10  15.1   7.2  10.8   0.4   229     2  23.7  13  -1.1   29    0    0    1    0
 08 11  10.3   5.1   7.8   1.8   309     0  16.4  10  -1.8   24    0    0    4    0
 08 12   5.8   1.1   3.4   0.0   455     0  11.8  20  -7.9   30    0    0    8    0
------------------------------------------------------------------------------------
        15.4   7.6  11.3   1.6  2697   189  32.8 JUL  -7.9  DEC    1    0   34    0

                                PRECIPITATION (mm)

               DEP.   MAX        DAYS OF RAIN 
               FROM   OBS.          OVER
 YR MO  TOTAL  NORM   DAY  DATE  .2   2   20
---------------------------------------------
 08  1  51.3  -15.6  11.9    5   21   11    0
 08  2  29.2  -24.5   4.6   29   12    7    0
 08  3 111.0   37.7  19.0   16   27   18    0
 08  4  40.1  -17.1  13.7   23   10    6    0
 08  5  51.8  -18.5  13.7   17   16    9    0
 08  6 120.9   42.7  36.8    2   16    8    1
 08  7  69.6   -5.4  10.4   28   19   10    0
 08  8  36.8  -25.9   9.1    7   15    6    0
 08  9  31.5  -27.2  13.2   30    8    5    0
 08 10  72.6    1.8  16.3    5   20   10    0
 08 11  68.1  -10.2  13.0   24   26    8    0
 08 12  26.4  -49.7   7.1   20   15    5    0
---------------------------------------------
       709.4-111.8  36.8  JUN  205  103    1

                                WIND SPEED (km/hr)
                          DOM
 YR MO   AVG.  HI   DATE  DIR
---------------------------------
 08  1   5.9  57.9   15     W
 08  2   3.6  54.7   29     W
 08  3   5.8  67.6    1     W
 08  4   3.0  45.1   30   ENE
 08  5   1.1  38.6   28   ENE
 08  6   2.5  33.8    2     W
 08  7   2.6  41.8    8     W
 08  8   2.9  45.1    7     W
 08  9   2.0  43.5    6   ENE
 08 10   2.6  38.6    5   SSW
 08 11   3.1  61.2   21   SSW
 08 12   2.3  35.4    2   ENE
---------------------------------
         3.1  67.6  MAR    W
Benelux Weer Netwerk cwop awekas hwa wcloud pwsweather wow wow